This is the mail archive of the
gcc-testresults@gcc.gnu.org
mailing list for the GCC project.
Results for 4.2.0 20060120 (experimental) testsuite on i686-pc-linux-gnu
- From: Laurent GUERBY <laurent at guerby dot net>
- To: gcc-test <gcc-testresults at gcc dot gnu dot org>
- Date: Sat, 21 Jan 2006 10:28:07 +0100
- Subject: Results for 4.2.0 20060120 (experimental) testsuite on i686-pc-linux-gnu
LAST_UPDATED: Fri Jan 20 20:40:28 UTC 2006 (revision 110036)
=== acats tests ===
FAIL: c32001e
FAIL: c34006a
FAIL: c64105b
FAIL: c95086b
FAIL: cc1226b
FAIL: cdd2a02
FAIL: cxa4024
FAIL: cxac004
=== acats Summary ===
# of expected passes 2311
# of unexpected failures 8
Native configuration is i686-pc-linux-gnu
=== gcc tests ===
Running target unix
FAIL: gcc.dg/tree-ssa/gen-vect-11.c scan-tree-dump-times vectorized 1 loops 1
=== gcc Summary ===
# of expected passes 38793
# of unexpected failures 1
# of expected failures 115
# of untested testcases 28
# of unsupported tests 257
/home/guerby/work/gcc/build/build-head-20060120T221450/gcc/xgcc version 4.2.0 20060120 (experimental)
Compiler version: 4.2.0 20060120 (experimental)
Platform: i686-pc-linux-gnu
configure flags: --prefix=/home/guerby/work/gcc/install/install-head-20060120T221450 --enable-__cxa_atexit --disable-nls --enable-threads=posix --disable-multilib --enable-checking --enable-languages=c,ada