This is the mail archive of the
gcc-testresults@gcc.gnu.org
mailing list for the GCC project.
Results for 4.1.020060119(prerelease) testsuite on i686-pc-linux-gnu
- From: Georg Bauhaus <bauhaus at futureapps dot de>
- To: gcc-testresults at gcc dot gnu dot org
- Date: Sat, 21 Jan 2006 01:43:35 +0100
- Subject: Results for 4.1.020060119(prerelease) testsuite on i686-pc-linux-gnu
LAST_UPDATED:
=== acats tests ===
FAIL: c52103x
FAIL: c52104x
FAIL: c52104y
=== acats Summary ===
# of expected passes 2316
# of unexpected failures 3
Native configuration is i686-pc-linux-gnu
=== gcc tests ===
Running target unix
XPASS: gcc.dg/cpp/cmdlne-dI-M.c scan-file (^|\\\\n)cmdlne-dI-M.*:[^\\\\n]*cmdlne-dI-M.c
XPASS: gcc.dg/cpp/cmdlne-dM-M.c scan-file (^|\\\\n)cmdlne-dM-M[^\\\\n]*:[^\\\\n]*cmdlne-dM-M.c
FAIL: gcc.dg/tree-ssa/gen-vect-11.c scan-tree-dump-times vectorized 1 loops 1
=== gcc Summary ===
# of expected passes 38036
# of unexpected failures 1
# of unexpected successes 2
# of expected failures 99
# of untested testcases 28
# of unsupported tests 233
/werkstatt/build/gcc/xgcc version 4.1.0 20060119 (prerelease)
=== gfortran tests ===
Running target unix
=== gfortran Summary ===
# of expected passes 11343
# of expected failures 15
# of unsupported tests 16
/werkstatt/build/gcc/testsuite/../gfortran version 4.1.0 20060119 (prerelease)
=== g++ tests ===
Running target unix
XPASS: g++.dg/tree-ssa/pr14814.C scan-tree-dump-times &this 0
=== g++ Summary ===
# of expected passes 11974
# of unexpected successes 1
# of expected failures 66
# of unsupported tests 65
/werkstatt/build/gcc/testsuite/../g++ version 4.1.0 20060119 (prerelease)
=== libstdc++ tests ===
Running target unix
FAIL: abi_check
XPASS: 26_numerics/cmath/c99_classification_macros_c.cc (test for excess errors)
=== libstdc++ Summary ===
# of expected passes 3389
# of unexpected failures 1
# of unexpected successes 1
# of expected failures 12
# of unsupported tests 319
Compiler version: 4.1.020060119(prerelease)
Platform: i686-pc-linux-gnu
configure flags: --disable-nls --enable-threads --enable-languages=c,ada,c++,fortran