This is the mail archive of the
gcc-testresults@gcc.gnu.org
mailing list for the GCC project.
Results for 4.2.0 20060119 (experimental) testsuite on i386-apple-darwin8.4.1
- From: ssen at apple dot com (Shantonu Sen)
- To: gcc-testresults at gcc dot gnu dot org
- Date: Thu, 19 Jan 2006 06:48:34 -0800 (PST)
- Subject: Results for 4.2.0 20060119 (experimental) testsuite on i386-apple-darwin8.4.1
Local applied patches for PR22099 and PR25758
LAST_UPDATED: Thu Jan 19 05:18:44 UTC 2006 (revision 109941M)
Native configuration is i386-apple-darwin8.4.1
=== g++ tests ===
Running target unix
FAIL: tmpdir-g++.dg-struct-layout-1/t026 cp_compat_x_tst.o-cp_compat_y_tst.o execute
FAIL: g++.dg/abi/bitfield3.C execution test
FAIL: g++.dg/abi/thunk4.C scan-assembler .weak[ \\t]_?_ZThn._N7Derived3FooEv
FAIL: g++.dg/parse/pragma3.C execution test
FAIL: g++.dg/warn/huge-val1.C (test for excess errors)
FAIL: g++.dg/warn/weak1.C (test for excess errors)
WARNING: g++.dg/warn/weak1.C compilation failed to produce executable
FAIL: g++.dg/special/conpr-3.C execution test
FAIL: g++.old-deja/g++.mike/unused.C (test for excess errors)
FAIL: g++.old-deja/g++.other/store-expr1.C (test for excess errors)
WARNING: g++.old-deja/g++.other/store-expr1.C compilation failed to produce executable
=== g++ Summary ===
# of expected passes 11892
# of unexpected failures 9
# of expected failures 66
# of unsupported tests 99
/Volumes/HD/ltmp/ssen/gcc-20060118-1-build/gcc/testsuite/g++/../../g++ version 4.2.0 20060119 (experimental)
=== gcc tests ===
Running target unix
FAIL: gcc.c-torture/compile/20000804-1.c -O0 (test for excess errors)
FAIL: gcc.c-torture/compile/981006-1.c -O0 (test for excess errors)
FAIL: gcc.c-torture/compile/981006-1.c -O1 (test for excess errors)
FAIL: gcc.c-torture/compile/981006-1.c -O2 (test for excess errors)
FAIL: gcc.c-torture/compile/981006-1.c -O3 -fomit-frame-pointer (test for excess errors)
FAIL: gcc.c-torture/compile/981006-1.c -O3 -g (test for excess errors)
FAIL: gcc.c-torture/compile/981006-1.c -Os (test for excess errors)
FAIL: gcc.c-torture/compile/sync-1.c -O0 (test for excess errors)
FAIL: gcc.c-torture/compile/sync-1.c -O1 (test for excess errors)
FAIL: gcc.c-torture/compile/sync-1.c -O2 (test for excess errors)
FAIL: gcc.c-torture/compile/sync-1.c -O3 -fomit-frame-pointer (test for excess errors)
FAIL: gcc.c-torture/compile/sync-1.c -O3 -g (test for excess errors)
FAIL: gcc.c-torture/compile/sync-1.c -Os (test for excess errors)
FAIL: gcc.c-torture/execute/20000822-1.c execution, -O0
FAIL: gcc.c-torture/execute/20000822-1.c execution, -O1
FAIL: gcc.c-torture/execute/20000822-1.c execution, -O2
FAIL: gcc.c-torture/execute/20000822-1.c execution, -O3 -fomit-frame-pointer
FAIL: gcc.c-torture/execute/20000822-1.c execution, -O3 -g
FAIL: gcc.c-torture/execute/20000822-1.c execution, -Os
FAIL: gcc.c-torture/execute/nestfunc-3.c execution, -O0
FAIL: gcc.c-torture/execute/nestfunc-3.c execution, -O1
FAIL: gcc.c-torture/execute/nestfunc-3.c execution, -O2
FAIL: gcc.c-torture/execute/nestfunc-3.c execution, -O3 -fomit-frame-pointer
FAIL: gcc.c-torture/execute/nestfunc-3.c execution, -O3 -fomit-frame-pointer -funroll-loops
FAIL: gcc.c-torture/execute/nestfunc-3.c execution, -O3 -fomit-frame-pointer -funroll-all-loops -finline-functions
FAIL: gcc.c-torture/execute/nestfunc-3.c execution, -O3 -g
FAIL: gcc.c-torture/execute/nestfunc-3.c execution, -Os
FAIL: gcc.c-torture/execute/nestfunc-5.c execution, -O0
FAIL: gcc.c-torture/execute/nestfunc-5.c execution, -O1
FAIL: gcc.c-torture/execute/nestfunc-5.c execution, -O2
FAIL: gcc.c-torture/execute/nestfunc-5.c execution, -O3 -fomit-frame-pointer
FAIL: gcc.c-torture/execute/nestfunc-5.c execution, -O3 -g
FAIL: gcc.c-torture/execute/nestfunc-5.c execution, -Os
FAIL: gcc.c-torture/execute/nestfunc-6.c execution, -O0
FAIL: gcc.c-torture/execute/nestfunc-6.c execution, -O1
FAIL: gcc.c-torture/execute/nestfunc-6.c execution, -O2
FAIL: gcc.c-torture/execute/nestfunc-6.c execution, -O3 -fomit-frame-pointer
FAIL: gcc.c-torture/execute/nestfunc-6.c execution, -O3 -g
FAIL: gcc.c-torture/execute/nestfunc-6.c execution, -Os
FAIL: tmpdir-gcc.dg-struct-layout-1/t025 c_compat_x_tst.o-c_compat_y_tst.o execute
FAIL: tmpdir-gcc.dg-struct-layout-1/t027 c_compat_x_tst.o-c_compat_y_tst.o execute
FAIL: tmpdir-gcc.dg-struct-layout-1/t028 c_compat_x_tst.o-c_compat_y_tst.o execute
FAIL: gcc.dg/20010912-1.c (test for excess errors)
WARNING: gcc.dg/20010912-1.c compilation failed to produce executable
FAIL: gcc.dg/20020103-1.c (test for excess errors)
ERROR: gcc.dg/20020103-1.c: error executing dg-final: couldn't open "20020103-1.s": no such file or directory
UNRESOLVED: gcc.dg/20020103-1.c: error executing dg-final: couldn't open "20020103-1.s": no such file or directory
FAIL: gcc.dg/20020430-1.c (test for excess errors)
FAIL: gcc.dg/20021029-1.c (test for excess errors)
ERROR: gcc.dg/20021029-1.c: error executing dg-final: couldn't open "20021029-1.s": no such file or directory
UNRESOLVED: gcc.dg/20021029-1.c: error executing dg-final: couldn't open "20021029-1.s": no such file or directory
FAIL: gcc.dg/20021116-1.c (test for excess errors)
FAIL: gcc.dg/20030702-1.c (test for excess errors)
FAIL: gcc.dg/20030708-1.c (test for excess errors)
FAIL: gcc.dg/20040311-2.c (test for excess errors)
FAIL: gcc.dg/20050321-2.c (test for excess errors)
FAIL: gcc.dg/builtin-apply4.c execution test
FAIL: gcc.dg/pragma-pack-3.c execution test
FAIL: gcc.dg/sibcall-6.c execution test
FAIL: gcc.dg/trampoline-1.c execution test
FAIL: gcc.dg/gomp/atomic-8.c (test for excess errors)
FAIL: gcc.dg/tree-ssa/gen-vect-11.c scan-tree-dump-times vectorized 1 loops 1
FAIL: gcc.dg/tree-ssa/gen-vect-11b.c scan-tree-dump-times vectorized 0 loops 1
FAIL: gcc.dg/tree-ssa/gen-vect-11c.c scan-tree-dump-times vectorized 0 loops 1
FAIL: gcc.dg/tree-ssa/loop-3.c scan-tree-dump-times step: 1
FAIL: gcc.target/i386/20011119-1.c (test for excess errors)
WARNING: gcc.target/i386/20011119-1.c compilation failed to produce executable
FAIL: gcc.target/i386/20020523-1.c (test for excess errors)
WARNING: gcc.target/i386/20020523-1.c compilation failed to produce executable
FAIL: gcc.target/i386/387-1.c scan-assembler call\\t_?sin
FAIL: gcc.target/i386/387-1.c scan-assembler call\\t_?cos
FAIL: gcc.target/i386/387-1.c scan-assembler call\\t_?sqrt
FAIL: gcc.target/i386/387-1.c scan-assembler call\\t_?atan2
FAIL: gcc.target/i386/387-1.c scan-assembler call\\t_?log
FAIL: gcc.target/i386/387-1.c scan-assembler call\\t_?exp
FAIL: gcc.target/i386/387-1.c scan-assembler call\\t_?tan
FAIL: gcc.target/i386/387-1.c scan-assembler call\\t_?fmod
FAIL: gcc.target/i386/387-3.c scan-assembler fldpi
FAIL: gcc.target/i386/387-4.c scan-assembler fldpi
FAIL: gcc.target/i386/387-5.c scan-assembler call\\t_?atan
FAIL: gcc.target/i386/387-5.c scan-assembler call\\t_?log1p
FAIL: gcc.target/i386/387-5.c scan-assembler call\\t_?drem
FAIL: gcc.target/i386/980211-1.c (test for excess errors)
FAIL: gcc.target/i386/asm-3.c (test for excess errors)
WARNING: gcc.target/i386/asm-3.c compilation failed to produce executable
FAIL: gcc.target/i386/bitfield1.c execution test
FAIL: gcc.target/i386/bitfield2.c execution test
FAIL: gcc.target/i386/clobbers.c (test for excess errors)
WARNING: gcc.target/i386/clobbers.c compilation failed to produce executable
FAIL: gcc.target/i386/local2.c scan-assembler-not sub[^\\\\n]*sp
FAIL: gcc.target/i386/pr21291.c (test for excess errors)
FAIL: gcc.target/i386/pr23098.c scan-assembler-not .LC[0-9]
FAIL: gcc.target/i386/ssefn-1.c scan-assembler-not movsd
FAIL: gcc.target/i386/ssefn-1.c scan-assembler-not mulsd
=== gcc Summary ===
# of expected passes 38381
# of unexpected failures 85
# of expected failures 104
# of unresolved testcases 2
# of untested testcases 28
# of unsupported tests 356
/Volumes/HD/ltmp/ssen/gcc-20060118-1-build/gcc/xgcc version 4.2.0 20060119 (experimental)
=== libgomp tests ===
Running target unix
WARNING: program timed out.
FAIL: libgomp.c/appendix-a/a.18.1.c execution test
WARNING: program timed out.
FAIL: libgomp.c/appendix-a/a.19.1.c execution test
WARNING: program timed out.
FAIL: libgomp.c/appendix-a/a.2.1.c execution test
WARNING: program timed out.
FAIL: libgomp.c/appendix-a/a.36.1.c execution test
FAIL: libgomp.c/atomic-2.c (test for excess errors)
WARNING: libgomp.c/atomic-2.c compilation failed to produce executable
WARNING: program timed out.
FAIL: libgomp.c/barrier-1.c execution test
WARNING: program timed out.
FAIL: libgomp.c/critical-1.c execution test
WARNING: program timed out.
FAIL: libgomp.c/lib-1.c execution test
WARNING: program timed out.
FAIL: libgomp.c/loop-1.c execution test
WARNING: program timed out.
FAIL: libgomp.c/loop-2.c execution test
WARNING: program timed out.
FAIL: libgomp.c/nested-1.c execution test
WARNING: program timed out.
FAIL: libgomp.c/nested-2.c execution test
WARNING: program timed out.
FAIL: libgomp.c/nestedfn-1.c execution test
WARNING: program timed out.
FAIL: libgomp.c/nestedfn-3.c execution test
WARNING: program timed out.
FAIL: libgomp.c/omp-loop03.c execution test
WARNING: program timed out.
FAIL: libgomp.c/omp-nested-1.c execution test
WARNING: program timed out.
FAIL: libgomp.c/omp-parallel-for.c execution test
WARNING: program timed out.
FAIL: libgomp.c/omp-parallel-if.c execution test
WARNING: program timed out.
FAIL: libgomp.c/ordered-1.c execution test
WARNING: program timed out.
FAIL: libgomp.c/ordered-2.c execution test
WARNING: program timed out.
FAIL: libgomp.c/ordered-3.c execution test
WARNING: program timed out.
FAIL: libgomp.c/parallel-1.c execution test
WARNING: program timed out.
FAIL: libgomp.c/reduction-1.c execution test
WARNING: program timed out.
FAIL: libgomp.c/reduction-2.c execution test
WARNING: program timed out.
FAIL: libgomp.c/reduction-3.c execution test
WARNING: program timed out.
FAIL: libgomp.c/reduction-4.c execution test
WARNING: program timed out.
FAIL: libgomp.c/sections-1.c execution test
WARNING: program timed out.
FAIL: libgomp.c/shared-1.c execution test
WARNING: program timed out.
FAIL: libgomp.c/shared-2.c execution test
WARNING: program timed out.
FAIL: libgomp.c/single-1.c execution test
WARNING: program timed out.
FAIL: libgomp.c/vla-1.c execution test
=== libgomp Summary ===
# of expected passes 90
# of unexpected failures 31
# of unsupported tests 5
=== libstdc++ tests ===
Running target unix
XPASS: 23_containers/vector/resize/1.cc execution test
FAIL: 26_numerics/complex/13450.cc execution test
FAIL: 26_numerics/complex/complex_value.cc execution test
XPASS: 27_io/ios_base/storage/2.cc execution test
FAIL: 27_io/objects/char/6.cc execution test
FAIL: 27_io/objects/wchar_t/6.cc execution test
=== libstdc++ Summary ===
# of expected passes 3450
# of unexpected failures 4
# of unexpected successes 2
# of expected failures 11
# of unsupported tests 323
Compiler version: 4.2.0 20060119 (experimental)
Platform: i386-apple-darwin8.4.1
configure flags: --disable--multilib --disable-checking --with-arch=pentium-m --with-tune=prescott --enable-languages=c,c++