This is the mail archive of the gcc-testresults@gcc.gnu.org mailing list for the GCC project.


Index Nav: [Date Index] [Subject Index] [Author Index] [Thread Index]
Message Nav: [Date Prev] [Date Next] [Thread Prev] [Thread Next]
Other format: [Raw text]

Results for gcc testsuite on s390-redhat-linux-gnu


LAST_UPDATED: Fri Dec  9 20:01:01 UTC 2005 (revision 108317)

Native configuration is s390-redhat-linux-gnu

		=== g++ tests ===


Running target unix

		=== g++ Summary ===

		=== gcc tests ===


Running target unix

		=== gcc Summary ===

		=== gfortran tests ===


Running target unix

		=== gfortran Summary ===

		=== obj-c++ tests ===


Running target unix

		=== obj-c++ Summary ===

		=== objc tests ===


Running target unix

		=== objc Summary ===

		=== libffi tests ===


Running target unix

		=== libffi Summary ===

# of expected passes		228
# of unsupported tests		2
		=== libjava tests ===


Running target unix

		=== libjava Summary ===

# of expected passes		4029
# of expected failures		10
# of untested testcases		8
		=== libmudflap tests ===


Running target unix
FAIL: libmudflap.cth/pass39-frag.c (rerun 13) execution test
FAIL: libmudflap.cth/pass39-frag.c (rerun 13) output pattern test

		=== libmudflap Summary ===

# of expected passes		1787
# of unexpected failures	2
		=== libstdc++ tests ===


Running target unix
XPASS: 26_numerics/cmath/c99_classification_macros_c.cc (test for excess errors)

		=== libstdc++ Summary ===

# of expected passes		1478
# of unexpected successes	1
# of expected failures		6

Compiler version: gcc 
Platform: s390-redhat-linux-gnu
configure flags: --prefix=/usr --mandir=/usr/share/man --infodir=/usr/share/info --enable-shared --enable-threads=posix --enable-checking=release --with-system-zlib --enable-__cxa_atexit --disable-libunwind-exceptions --host=s390-redhat-linux --enable-languages=c,c++,fortran,java,objc,obj-c++


Index Nav: [Date Index] [Subject Index] [Author Index] [Thread Index]
Message Nav: [Date Prev] [Date Next] [Thread Prev] [Thread Next]