This is the mail archive of the
gcc-testresults@gcc.gnu.org
mailing list for the GCC project.
Results for 4.1.0 20060116 (prerelease) testsuite on i686-pc-linux-gnu
- From: Laurent GUERBY <laurent at guerby dot net>
- To: gcc-test <gcc-testresults at gcc dot gnu dot org>
- Date: Mon, 16 Jan 2006 21:56:05 +0100
- Subject: Results for 4.1.0 20060116 (prerelease) testsuite on i686-pc-linux-gnu
LAST_UPDATED: Mon Jan 16 12:18:05 UTC 2006 (revision 109745M)
=== acats tests ===
=== acats Summary ===
# of expected passes 2319
# of unexpected failures 0
Native configuration is i686-pc-linux-gnu
=== gcc tests ===
Running target unix
FAIL: gcc.dg/tree-ssa/gen-vect-11.c scan-tree-dump-times vectorized 1 loops 1
=== gcc Summary ===
# of expected passes 38033
# of unexpected failures 1
# of expected failures 101
# of untested testcases 28
# of unsupported tests 233
/home/guerby/work/gcc/build/build-4.1-20060116T164052/gcc/xgcc version 4.1.0 20060116 (prerelease)
Compiler version: 4.1.0 20060116 (prerelease)
Platform: i686-pc-linux-gnu
configure flags: --prefix=/home/guerby/work/gcc/install/install-4.1-20060116T164052 --enable-__cxa_atexit --disable-nls --enable-threads=posix --disable-multilib --enable-checking --enable-languages=c,ada