This is the mail archive of the
gcc-testresults@gcc.gnu.org
mailing list for the GCC project.
Results for 4.2.0 20060115 (experimental) testsuite on i386-unknown-netbsdelf2.1
- From: Krister Walfridsson <cato at df dot lth dot se>
- To: gcc-testresults at gcc dot gnu dot org
- Date: Sun, 15 Jan 2006 17:19:59 +0100 (CET)
- Subject: Results for 4.2.0 20060115 (experimental) testsuite on i386-unknown-netbsdelf2.1
LAST_UPDATED: Sun Jan 15 10:13:15 UTC 2006 (revision 109721)
Native configuration is i386-unknown-netbsdelf2.1
=== g++ tests ===
Running target unix
FAIL: g++.dg/abi/mangle25.C (test for excess errors)
ERROR: g++.dg/abi/mangle25.C: error executing dg-final: couldn't open "mangle25.s": no such file or directory
UNRESOLVED: g++.dg/abi/mangle25.C: error executing dg-final: couldn't open "mangle25.s": no such file or directory
FAIL: g++.dg/init/array15.C execution test
FAIL: g++.dg/opt/inline4.C (test for excess errors)
XPASS: g++.old-deja/g++.other/init5.C execution test
=== g++ Summary ===
# of expected passes 11940
# of unexpected failures 3
# of unexpected successes 1
# of expected failures 65
# of unresolved testcases 1
# of unsupported tests 84
/gcctmp/gcc060115/build/gcc/testsuite/../g++ version 4.2.0 20060115 (experimental)
=== gcc tests ===
Running target unix
FAIL: gcc.c-torture/compile/20001226-1.c -O2 (test for excess errors)
FAIL: gcc.c-torture/compile/20001226-1.c -O3 -fomit-frame-pointer (test for excess errors)
FAIL: gcc.c-torture/compile/20001226-1.c -O3 -g (test for excess errors)
FAIL: gcc.c-torture/compile/20001226-1.c -Os (test for excess errors)
FAIL: gcc.c-torture/execute/conversion.c execution, -O0
FAIL: gcc.c-torture/execute/conversion.c execution, -O1
FAIL: gcc.c-torture/execute/conversion.c execution, -O2
FAIL: gcc.c-torture/execute/ieee/rbug.c execution, -O0
FAIL: gcc.c-torture/execute/ieee/rbug.c execution, -O1
FAIL: gcc.c-torture/execute/ieee/rbug.c execution, -O2
FAIL: gcc.dg/20020425-1.c (test for excess errors)
FAIL: gcc.dg/builtins-20.c (test for excess errors)
FAIL: largefile.c -O0 -g (test for excess errors)
FAIL: largefile.c -O0 (test for excess errors)
FAIL: largefile.c -O1 (test for excess errors)
FAIL: largefile.c -O2 (test for excess errors)
FAIL: largefile.c -O3 -fomit-frame-pointer (test for excess errors)
FAIL: largefile.c -O3 -g (test for excess errors)
FAIL: largefile.c -Os (test for excess errors)
FAIL: gcc.dg/special/gcsec-1.c execution test
FAIL: gcc.dg/torture/builtin-convert-1.c -O1 (test for excess errors)
FAIL: gcc.dg/torture/builtin-convert-1.c -O2 (test for excess errors)
FAIL: gcc.dg/torture/builtin-convert-1.c -O3 -fomit-frame-pointer (test for excess errors)
FAIL: gcc.dg/torture/builtin-convert-1.c -O3 -g (test for excess errors)
FAIL: gcc.dg/torture/builtin-convert-1.c -Os (test for excess errors)
FAIL: gcc.dg/torture/builtin-convert-2.c -O1 (test for excess errors)
FAIL: gcc.dg/torture/builtin-convert-2.c -O2 (test for excess errors)
FAIL: gcc.dg/torture/builtin-convert-2.c -O3 -fomit-frame-pointer (test for excess errors)
FAIL: gcc.dg/torture/builtin-convert-2.c -O3 -g (test for excess errors)
FAIL: gcc.dg/torture/builtin-convert-2.c -Os (test for excess errors)
FAIL: gcc.dg/torture/builtin-convert-3.c -O1 (test for excess errors)
FAIL: gcc.dg/torture/builtin-convert-3.c -O2 (test for excess errors)
FAIL: gcc.dg/torture/builtin-convert-3.c -O3 -fomit-frame-pointer (test for excess errors)
FAIL: gcc.dg/torture/builtin-convert-3.c -O3 -g (test for excess errors)
FAIL: gcc.dg/torture/builtin-convert-3.c -Os (test for excess errors)
FAIL: gcc.dg/torture/builtin-power-1.c -O0 (test for excess errors)
FAIL: gcc.dg/torture/builtin-power-1.c -O1 (test for excess errors)
FAIL: gcc.dg/torture/builtin-power-1.c -O2 (test for excess errors)
FAIL: gcc.dg/torture/builtin-power-1.c -O3 -fomit-frame-pointer (test for excess errors)
FAIL: gcc.dg/torture/builtin-power-1.c -O3 -g (test for excess errors)
FAIL: gcc.dg/torture/builtin-power-1.c -Os (test for excess errors)
FAIL: gcc.dg/torture/fp-int-convert-float.c -O0 execution test
FAIL: gcc.dg/torture/fp-int-convert-float.c -O1 execution test
FAIL: gcc.dg/torture/fp-int-convert-float.c -O2 execution test
FAIL: gcc.dg/torture/fp-int-convert-float.c -O3 -fomit-frame-pointer execution test
FAIL: gcc.dg/torture/fp-int-convert-float.c -O3 -g execution test
FAIL: gcc.dg/torture/fp-int-convert-float.c -Os execution test
WARNING: gcc.dg/torture/fp-int-convert-float128-timode.c -O0 compilation failed to produce executable
WARNING: gcc.dg/torture/fp-int-convert-float128-timode.c -O1 compilation failed to produce executable
WARNING: gcc.dg/torture/fp-int-convert-float128-timode.c -O2 compilation failed to produce executable
WARNING: gcc.dg/torture/fp-int-convert-float128-timode.c -O3 -fomit-frame-pointer compilation failed to produce executable
WARNING: gcc.dg/torture/fp-int-convert-float128-timode.c -O3 -g compilation failed to produce executable
WARNING: gcc.dg/torture/fp-int-convert-float128-timode.c -Os compilation failed to produce executable
WARNING: gcc.dg/torture/fp-int-convert-float128.c -O0 compilation failed to produce executable
WARNING: gcc.dg/torture/fp-int-convert-float128.c -O1 compilation failed to produce executable
WARNING: gcc.dg/torture/fp-int-convert-float128.c -O2 compilation failed to produce executable
WARNING: gcc.dg/torture/fp-int-convert-float128.c -O3 -fomit-frame-pointer compilation failed to produce executable
WARNING: gcc.dg/torture/fp-int-convert-float128.c -O3 -g compilation failed to produce executable
WARNING: gcc.dg/torture/fp-int-convert-float128.c -Os compilation failed to produce executable
FAIL: gcc.dg/torture/fp-int-convert-float80.c -O0 execution test
FAIL: gcc.dg/torture/fp-int-convert-float80.c -O1 execution test
FAIL: gcc.dg/torture/fp-int-convert-float80.c -O2 execution test
FAIL: gcc.dg/torture/fp-int-convert-float80.c -O3 -fomit-frame-pointer execution test
FAIL: gcc.dg/torture/fp-int-convert-float80.c -O3 -g execution test
FAIL: gcc.dg/torture/fp-int-convert-float80.c -Os execution test
FAIL: gcc.dg/torture/fp-int-convert-long-double.c -O0 execution test
FAIL: gcc.dg/torture/fp-int-convert-long-double.c -O1 execution test
FAIL: gcc.dg/torture/fp-int-convert-long-double.c -O2 execution test
FAIL: gcc.dg/torture/fp-int-convert-long-double.c -O3 -fomit-frame-pointer execution test
FAIL: gcc.dg/torture/fp-int-convert-long-double.c -O3 -g execution test
FAIL: gcc.dg/torture/fp-int-convert-long-double.c -Os execution test
XPASS: gcc.dg/tree-ssa/20040204-1.c scan-tree-dump-times link_error 0
FAIL: gcc.dg/tree-ssa/gen-vect-11.c scan-tree-dump-times vectorized 1 loops 1
=== gcc Summary ===
# of expected passes 38243
# of unexpected failures 60
# of unexpected successes 1
# of expected failures 111
# of untested testcases 35
# of unsupported tests 275
/gcctmp/gcc060115/build/gcc/xgcc version 4.2.0 20060115 (experimental)
=== objc tests ===
Running target unix
FAIL: objc.dg-struct-layout-encoding-1/t025_main.m execution test
FAIL: objc.dg-struct-layout-encoding-1/t026_main.m execution test
FAIL: objc.dg-struct-layout-encoding-1/t027_main.m execution test
FAIL: objc.dg-struct-layout-encoding-1/t028_main.m execution test
FAIL: objc.dg-struct-layout-encoding-1/t029_main.m execution test
FAIL: objc.dg-struct-layout-encoding-1/t030_main.m execution test
FAIL: objc.dg-struct-layout-encoding-1/t031_main.m execution test
=== objc Summary ===
# of expected passes 1745
# of unexpected failures 7
# of unsupported tests 23
/gcctmp/gcc060115/build/gcc/xgcc version 4.2.0 20060115 (experimental)
=== libffi tests ===
Running target unix
=== libffi Summary ===
# of expected passes 228
# of unsupported tests 2
=== libjava tests ===
Running target unix
FAIL: PR16923.c compilation
FAIL: PR18699 execution - source compiled test
FAIL: PR18699 execution - gij test
FAIL: PR18699 execution - bytecode->native test
FAIL: PR18699 -O3 execution - source compiled test
FAIL: PR18699 execution - gij test
FAIL: PR18699 -O3 execution - bytecode->native test
FAIL: Process_3 execution - source compiled test
FAIL: Process_3 execution - bytecode->native test
FAIL: Process_3 -O3 execution - source compiled test
FAIL: Process_3 -O3 execution - bytecode->native test
FAIL: TLtest -O3 execution - source compiled test
FAIL: Thread_Wait_2 execution - source compiled test
FAIL: Thread_Wait_2 execution - bytecode->native test
FAIL: Thread_Wait_2 -O3 execution - source compiled test
FAIL: Thread_Wait_2 -O3 execution - bytecode->native test
FAIL: Throw_2 execution - source compiled test
FAIL: Throw_2 execution - gij test
FAIL: Throw_2 execution - bytecode->native test
FAIL: Throw_2 -O3 execution - source compiled test
FAIL: Throw_2 execution - gij test
FAIL: Throw_2 -O3 execution - bytecode->native test
FAIL: /gcctmp/gcc060115/build/i386-unknown-netbsdelf2.1/libjava/testsuite/TestEarlyGC.exe execution - /gcctmp/gcc060115/build/i386-unknown-netbsdelf2.1/libjava/testsuite/TestEarlyGC.exe
FAIL: /gcctmp/gcc060115/build/i386-unknown-netbsdelf2.1/libjava/testsuite/TestLeak.exe execution - /gcctmp/gcc060115/build/i386-unknown-netbsdelf2.1/libjava/testsuite/TestLeak.exe
=== libjava Summary ===
# of expected passes 3981
# of unexpected failures 24
# of expected failures 10
# of untested testcases 31
=== libstdc++ tests ===
Running target unix
FAIL: 26_numerics/cmath/c99_classification_macros_c++.cc (test for excess errors)
FAIL: 26_numerics/cmath/c99_classification_macros_c.cc (test for excess errors)
FAIL: tr1/8_c_compatibility/complex/overloads_int.cc execution test
=== libstdc++ Summary ===
# of expected passes 2712
# of unexpected failures 3
# of expected failures 10
# of unsupported tests 147
Compiler version: 4.2.0 20060115 (experimental)
Platform: i386-unknown-netbsdelf2.1
configure flags: --disable-libada --enable-languages=c,c++,java,objc