This is the mail archive of the
gcc-testresults@gcc.gnu.org
mailing list for the GCC project.
Results for 4.2.0 20060113 (experimental) testsuite on ia64-hp-hpux11.23
- From: CodeSourcery Automatic Testing System <gcc at codesourcery dot com>
- To: gcc-testresults at gcc dot gnu dot org
- Date: Fri, 13 Jan 2006 07:16:03 -0800 (PST)
- Subject: Results for 4.2.0 20060113 (experimental) testsuite on ia64-hp-hpux11.23
LAST_UPDATED: Fri Jan 13 08:11:57 UTC 2006 (revision 109662)
Native configuration is ia64-hp-hpux11.23
=== g++ tests ===
Running target unix/-milp32
FAIL: g++.dg/ext/instantiate1.C (test for excess errors)
ERROR: g++.dg/ext/instantiate1.C: error executing dg-final: couldn't open "instantiate1.s": no such file or directory
UNRESOLVED: g++.dg/ext/instantiate1.C: error executing dg-final: couldn't open "instantiate1.s": no such file or directory
FAIL: g++.dg/opt/switch1.C (test for excess errors)
XPASS: g++.dg/other/packed1.C execution test
FAIL: g++.dg/other/pr22003.C (test for excess errors)
FAIL: g++.dg/template/crash39.C (test for excess errors)
FAIL: g++.dg/template/enum3.C (test for errors, line 8)
FAIL: g++.dg/template/enum3.C (test for excess errors)
FAIL: g++.dg/template/explicit-instantiation2.C (test for excess errors)
ERROR: g++.dg/template/explicit-instantiation2.C: error executing dg-final: couldn't open "explicit-instantiation2.s": no such file or directory
UNRESOLVED: g++.dg/template/explicit-instantiation2.C: error executing dg-final: couldn't open "explicit-instantiation2.s": no such file or directory
FAIL: g++.dg/template/explicit-instantiation3.C (test for excess errors)
FAIL: g++.dg/template/ptrmem6.C (test for errors, line 7)
FAIL: g++.dg/template/ptrmem6.C (test for errors, line 10)
FAIL: g++.dg/template/ptrmem6.C (test for excess errors)
FAIL: g++.dg/template/spec3.C (test for excess errors)
FAIL: g++.dg/template/unify2.C (test for errors, line 9)
FAIL: g++.dg/template/unify2.C (test for errors, line 10)
FAIL: g++.dg/template/unify2.C (test for errors, line 12)
FAIL: g++.dg/template/unify2.C (test for errors, line 13)
FAIL: g++.dg/template/unify2.C (test for excess errors)
FAIL: g++.dg/template/unify3.C (test for excess errors)
FAIL: g++.dg/warn/weak1.C (test for excess errors)
WARNING: g++.dg/warn/weak1.C compilation failed to produce executable
FAIL: g++.dg/tls/static-1.C execution test
FAIL: g++.old-deja/g++.jason/bool.C (test for excess errors)
FAIL: g++.old-deja/g++.jason/explicit.C (test for excess errors)
FAIL: g++.old-deja/g++.oliva/ns1.C (test for bogus messages, line 11)
FAIL: g++.old-deja/g++.oliva/typeof1.C (test for excess errors)
FAIL: g++.old-deja/g++.other/cond1.C (test for excess errors)
FAIL: g++.old-deja/g++.other/defarg1.C (test for excess errors)
FAIL: g++.old-deja/g++.other/friend7.C (test for excess errors)
FAIL: g++.old-deja/g++.other/null1.C (test for warnings, line 25)
FAIL: g++.old-deja/g++.other/null1.C (test for warnings, line 26)
FAIL: g++.old-deja/g++.other/null1.C (test for warnings, line 29)
FAIL: g++.old-deja/g++.other/null1.C (test for warnings, line 30)
FAIL: g++.old-deja/g++.other/null1.C (test for warnings, line 33)
FAIL: g++.old-deja/g++.other/null1.C (test for warnings, line 34)
FAIL: g++.old-deja/g++.other/null1.C (test for warnings, line 35)
FAIL: g++.old-deja/g++.other/null1.C (test for warnings, line 36)
FAIL: g++.old-deja/g++.other/null1.C (test for warnings, line 37)
FAIL: g++.old-deja/g++.other/null1.C (test for warnings, line 38)
FAIL: g++.old-deja/g++.other/null1.C (test for warnings, line 39)
FAIL: g++.old-deja/g++.other/null1.C (test for warnings, line 40)
FAIL: g++.old-deja/g++.other/null1.C (test for warnings, line 42)
FAIL: g++.old-deja/g++.other/null1.C (test for excess errors)
FAIL: g++.old-deja/g++.pt/derived2.C (test for excess errors)
FAIL: g++.old-deja/g++.pt/enum6.C (test for errors, line 11)
FAIL: g++.old-deja/g++.pt/enum6.C (test for excess errors)
FAIL: g++.old-deja/g++.pt/explicit26.C (test for excess errors)
FAIL: g++.old-deja/g++.pt/explicit27.C (test for excess errors)
FAIL: g++.old-deja/g++.pt/explicit28.C (test for excess errors)
FAIL: g++.old-deja/g++.pt/explicit33.C (test for excess errors)
FAIL: g++.old-deja/g++.pt/explicit34.C (test for errors, line 10)
FAIL: g++.old-deja/g++.pt/explicit36.C (test for excess errors)
FAIL: g++.old-deja/g++.pt/explicit6.C (test for excess errors)
FAIL: g++.old-deja/g++.pt/explicit70.C (test for errors, line 15)
FAIL: g++.old-deja/g++.pt/explicit70.C (test for errors, line 17)
FAIL: g++.old-deja/g++.pt/explicit70.C (test for errors, line 19)
FAIL: g++.old-deja/g++.pt/explicit70.C (test for warnings, line 21)
FAIL: g++.old-deja/g++.pt/explicit70.C (test for warnings, line 22)
FAIL: g++.old-deja/g++.pt/explicit70.C (test for errors, line 43)
FAIL: g++.old-deja/g++.pt/explicit70.C (test for excess errors)
FAIL: g++.old-deja/g++.pt/friend30.C (test for excess errors)
FAIL: g++.old-deja/g++.pt/friend32.C (test for excess errors)
FAIL: g++.old-deja/g++.pt/spec13.C (test for excess errors)
WARNING: g++.old-deja/g++.pt/spec13.C compilation failed to produce executable
FAIL: g++.old-deja/g++.pt/spec18.C (test for excess errors)
FAIL: g++.old-deja/g++.pt/spec19.C (test for excess errors)
FAIL: g++.old-deja/g++.pt/spec5.C (test for errors, line 16)
FAIL: g++.old-deja/g++.pt/spec5.C (test for errors, line 17)
FAIL: g++.old-deja/g++.pt/spec5.C (test for excess errors)
FAIL: g++.old-deja/g++.pt/spec7.C (test for excess errors)
WARNING: g++.old-deja/g++.pt/spec7.C compilation failed to produce executable
FAIL: g++.old-deja/g++.pt/spec9.C (test for errors, line 17)
FAIL: g++.old-deja/g++.pt/spec9.C (test for excess errors)
FAIL: g++.old-deja/g++.pt/typename16.C (test for errors, line 30)
FAIL: g++.old-deja/g++.pt/typename16.C (test for excess errors)
FAIL: g++.old-deja/g++.pt/unify1.C (test for excess errors)
FAIL: g++.old-deja/g++.robertl/eb44.C (test for excess errors)
=== g++ Summary for unix/-milp32 ===
# of expected passes 11296
# of unexpected failures 73
# of unexpected successes 1
# of expected failures 70
# of unresolved testcases 2
# of unsupported tests 112
Running target unix/-mlp64
FAIL: g++.dg/ext/instantiate1.C (test for excess errors)
ERROR: g++.dg/ext/instantiate1.C: error executing dg-final: couldn't open "instantiate1.s": no such file or directory
UNRESOLVED: g++.dg/ext/instantiate1.C: error executing dg-final: couldn't open "instantiate1.s": no such file or directory
FAIL: g++.dg/opt/switch1.C (test for excess errors)
XPASS: g++.dg/other/packed1.C execution test
FAIL: g++.dg/other/pr22003.C (test for excess errors)
FAIL: g++.dg/template/crash39.C (test for excess errors)
FAIL: g++.dg/template/enum3.C (test for errors, line 8)
FAIL: g++.dg/template/enum3.C (test for excess errors)
FAIL: g++.dg/template/explicit-instantiation2.C (test for excess errors)
ERROR: g++.dg/template/explicit-instantiation2.C: error executing dg-final: couldn't open "explicit-instantiation2.s": no such file or directory
UNRESOLVED: g++.dg/template/explicit-instantiation2.C: error executing dg-final: couldn't open "explicit-instantiation2.s": no such file or directory
FAIL: g++.dg/template/explicit-instantiation3.C (test for excess errors)
FAIL: g++.dg/template/ptrmem6.C (test for errors, line 7)
FAIL: g++.dg/template/ptrmem6.C (test for errors, line 10)
FAIL: g++.dg/template/ptrmem6.C (test for excess errors)
FAIL: g++.dg/template/spec3.C (test for excess errors)
FAIL: g++.dg/template/unify2.C (test for errors, line 9)
FAIL: g++.dg/template/unify2.C (test for errors, line 10)
FAIL: g++.dg/template/unify2.C (test for errors, line 12)
FAIL: g++.dg/template/unify2.C (test for errors, line 13)
FAIL: g++.dg/template/unify2.C (test for excess errors)
FAIL: g++.dg/template/unify3.C (test for excess errors)
FAIL: g++.dg/warn/weak1.C (test for excess errors)
WARNING: g++.dg/warn/weak1.C compilation failed to produce executable
FAIL: g++.dg/tls/static-1.C execution test
FAIL: g++.old-deja/g++.jason/bool.C (test for excess errors)
FAIL: g++.old-deja/g++.jason/explicit.C (test for excess errors)
FAIL: g++.old-deja/g++.oliva/ns1.C (test for bogus messages, line 11)
FAIL: g++.old-deja/g++.oliva/typeof1.C (test for excess errors)
FAIL: g++.old-deja/g++.other/cond1.C (test for excess errors)
FAIL: g++.old-deja/g++.other/defarg1.C (test for excess errors)
FAIL: g++.old-deja/g++.other/friend7.C (test for excess errors)
FAIL: g++.old-deja/g++.other/null1.C (test for warnings, line 25)
FAIL: g++.old-deja/g++.other/null1.C (test for warnings, line 26)
FAIL: g++.old-deja/g++.other/null1.C (test for warnings, line 29)
FAIL: g++.old-deja/g++.other/null1.C (test for warnings, line 30)
FAIL: g++.old-deja/g++.other/null1.C (test for warnings, line 33)
FAIL: g++.old-deja/g++.other/null1.C (test for warnings, line 34)
FAIL: g++.old-deja/g++.other/null1.C (test for warnings, line 35)
FAIL: g++.old-deja/g++.other/null1.C (test for warnings, line 36)
FAIL: g++.old-deja/g++.other/null1.C (test for warnings, line 37)
FAIL: g++.old-deja/g++.other/null1.C (test for warnings, line 38)
FAIL: g++.old-deja/g++.other/null1.C (test for warnings, line 39)
FAIL: g++.old-deja/g++.other/null1.C (test for warnings, line 40)
FAIL: g++.old-deja/g++.other/null1.C (test for warnings, line 42)
FAIL: g++.old-deja/g++.other/null1.C (test for excess errors)
FAIL: g++.old-deja/g++.pt/derived2.C (test for excess errors)
FAIL: g++.old-deja/g++.pt/enum6.C (test for errors, line 11)
FAIL: g++.old-deja/g++.pt/enum6.C (test for excess errors)
FAIL: g++.old-deja/g++.pt/explicit26.C (test for excess errors)
FAIL: g++.old-deja/g++.pt/explicit27.C (test for excess errors)
FAIL: g++.old-deja/g++.pt/explicit28.C (test for excess errors)
FAIL: g++.old-deja/g++.pt/explicit33.C (test for excess errors)
FAIL: g++.old-deja/g++.pt/explicit34.C (test for errors, line 10)
FAIL: g++.old-deja/g++.pt/explicit36.C (test for excess errors)
FAIL: g++.old-deja/g++.pt/explicit6.C (test for excess errors)
FAIL: g++.old-deja/g++.pt/explicit70.C (test for errors, line 15)
FAIL: g++.old-deja/g++.pt/explicit70.C (test for errors, line 17)
FAIL: g++.old-deja/g++.pt/explicit70.C (test for errors, line 19)
FAIL: g++.old-deja/g++.pt/explicit70.C (test for warnings, line 21)
FAIL: g++.old-deja/g++.pt/explicit70.C (test for warnings, line 22)
FAIL: g++.old-deja/g++.pt/explicit70.C (test for errors, line 43)
FAIL: g++.old-deja/g++.pt/explicit70.C (test for excess errors)
FAIL: g++.old-deja/g++.pt/friend30.C (test for excess errors)
FAIL: g++.old-deja/g++.pt/friend32.C (test for excess errors)
FAIL: g++.old-deja/g++.pt/spec13.C (test for excess errors)
WARNING: g++.old-deja/g++.pt/spec13.C compilation failed to produce executable
FAIL: g++.old-deja/g++.pt/spec18.C (test for excess errors)
FAIL: g++.old-deja/g++.pt/spec19.C (test for excess errors)
FAIL: g++.old-deja/g++.pt/spec5.C (test for errors, line 16)
FAIL: g++.old-deja/g++.pt/spec5.C (test for errors, line 17)
FAIL: g++.old-deja/g++.pt/spec5.C (test for excess errors)
FAIL: g++.old-deja/g++.pt/spec7.C (test for excess errors)
WARNING: g++.old-deja/g++.pt/spec7.C compilation failed to produce executable
FAIL: g++.old-deja/g++.pt/spec9.C (test for errors, line 17)
FAIL: g++.old-deja/g++.pt/spec9.C (test for excess errors)
FAIL: g++.old-deja/g++.pt/typename16.C (test for errors, line 30)
FAIL: g++.old-deja/g++.pt/typename16.C (test for excess errors)
FAIL: g++.old-deja/g++.pt/unify1.C (test for excess errors)
FAIL: g++.old-deja/g++.robertl/eb44.C (test for excess errors)
=== g++ Summary for unix/-mlp64 ===
# of expected passes 11264
# of unexpected failures 73
# of unexpected successes 1
# of expected failures 70
# of unresolved testcases 2
# of unsupported tests 114
=== g++ Summary ===
# of expected passes 22560
# of unexpected failures 146
# of unexpected successes 2
# of expected failures 140
# of unresolved testcases 4
# of unsupported tests 226
/scratch/gcc/nightly-2006-01-13-mainline/ia64-hp-hpux11.23/build_gcc/install/bin/c++ version 4.2.0 20060113 (experimental)
=== gcc tests ===
Running target unix/-milp32
FAIL: gcc.dg/attr-weakref-1.c (test for excess errors)
WARNING: gcc.dg/attr-weakref-1.c compilation failed to produce executable
FAIL: gcc.dg/builtin-apply4.c execution test
FAIL: gcc.dg/tls/pr24428-2.c execution test
FAIL: gcc.dg/tls/pr24428.c execution test
XPASS: gcc.dg/vect/pr16105.c scan-tree-dump-times vectorized 1 loops 1
XPASS: gcc.dg/vect/pr20122.c scan-tree-dump-times vectorized 1 loops 2
XPASS: gcc.dg/vect/vect-105.c scan-tree-dump-times vectorized 1 loops 1
XPASS: gcc.dg/vect/vect-30.c scan-tree-dump-times vectorized 1 loops 2
XPASS: gcc.dg/vect/vect-42.c scan-tree-dump-times vectorized 1 loops 1
XPASS: gcc.dg/vect/vect-43.c scan-tree-dump-times vectorized 1 loops 1
XPASS: gcc.dg/vect/vect-74.c scan-tree-dump-times vectorized 1 loops 1
XPASS: gcc.dg/vect/vect-75.c scan-tree-dump-times vectorized 1 loops 1
XPASS: gcc.dg/vect/vect-8.c scan-tree-dump-times vectorized 1 loops 1
FAIL: gcc.target/ia64/20030811-1.c (test for excess errors)
=== gcc Summary for unix/-milp32 ===
# of expected passes 37163
# of unexpected failures 5
# of unexpected successes 9
# of expected failures 132
# of untested testcases 28
# of unsupported tests 341
Running target unix/-mlp64
FAIL: gcc.dg/attr-weakref-1.c (test for excess errors)
WARNING: gcc.dg/attr-weakref-1.c compilation failed to produce executable
FAIL: gcc.dg/builtin-apply4.c execution test
XPASS: gcc.dg/torture/fp-int-convert-float128-timode.c -O0 (test for excess errors)
FAIL: gcc.dg/torture/fp-int-convert-float128-timode.c -O0 execution test
XPASS: gcc.dg/torture/fp-int-convert-float128-timode.c -O1 (test for excess errors)
FAIL: gcc.dg/torture/fp-int-convert-float128-timode.c -O1 execution test
XPASS: gcc.dg/torture/fp-int-convert-float128-timode.c -O2 (test for excess errors)
FAIL: gcc.dg/torture/fp-int-convert-float128-timode.c -O2 execution test
XPASS: gcc.dg/torture/fp-int-convert-float128-timode.c -O3 -fomit-frame-pointer (test for excess errors)
FAIL: gcc.dg/torture/fp-int-convert-float128-timode.c -O3 -fomit-frame-pointer execution test
XPASS: gcc.dg/torture/fp-int-convert-float128-timode.c -O3 -g (test for excess errors)
FAIL: gcc.dg/torture/fp-int-convert-float128-timode.c -O3 -g execution test
XPASS: gcc.dg/torture/fp-int-convert-float128-timode.c -Os (test for excess errors)
FAIL: gcc.dg/torture/fp-int-convert-float128-timode.c -Os execution test
XPASS: gcc.dg/vect/pr16105.c scan-tree-dump-times vectorized 1 loops 1
XPASS: gcc.dg/vect/pr20122.c scan-tree-dump-times vectorized 1 loops 2
XPASS: gcc.dg/vect/vect-105.c scan-tree-dump-times vectorized 1 loops 1
XPASS: gcc.dg/vect/vect-30.c scan-tree-dump-times vectorized 1 loops 2
XPASS: gcc.dg/vect/vect-42.c scan-tree-dump-times vectorized 1 loops 1
XPASS: gcc.dg/vect/vect-43.c scan-tree-dump-times vectorized 1 loops 1
XPASS: gcc.dg/vect/vect-74.c scan-tree-dump-times vectorized 1 loops 1
XPASS: gcc.dg/vect/vect-75.c scan-tree-dump-times vectorized 1 loops 1
XPASS: gcc.dg/vect/vect-8.c scan-tree-dump-times vectorized 1 loops 1
=== gcc Summary for unix/-mlp64 ===
# of expected passes 37148
# of unexpected failures 8
# of unexpected successes 15
# of expected failures 138
# of untested testcases 28
# of unsupported tests 342
=== gcc Summary ===
# of expected passes 74311
# of unexpected failures 13
# of unexpected successes 24
# of expected failures 270
# of untested testcases 56
# of unsupported tests 683
/scratch/gcc/nightly-2006-01-13-mainline/ia64-hp-hpux11.23/build_gcc/install/bin/gcc version 4.2.0 20060113 (experimental)
=== libstdc++ tests ===
Running target unix/-milp32
FAIL: 27_io/basic_ostream/inserters_character/char/9555-oc.cc execution test
FAIL: ext/pb_assoc/example/ds_traits.cc (test for excess errors)
WARNING: ext/pb_assoc/example/ds_traits.cc compilation failed to produce executable
=== libstdc++ Summary for unix/-milp32 ===
# of expected passes 2684
# of unexpected failures 2
# of expected failures 10
# of unsupported tests 159
Running target unix/-mlp64
FAIL: 27_io/basic_ostream/inserters_character/char/9555-oc.cc execution test
FAIL: ext/array_allocator/2.cc execution test
FAIL: ext/pb_assoc/example/ds_traits.cc (test for excess errors)
WARNING: ext/pb_assoc/example/ds_traits.cc compilation failed to produce executable
=== libstdc++ Summary for unix/-mlp64 ===
# of expected passes 2683
# of unexpected failures 3
# of expected failures 10
# of unsupported tests 159
=== libstdc++ Summary ===
# of expected passes 5367
# of unexpected failures 5
# of expected failures 20
# of unsupported tests 318
Compiler version: 4.2.0 20060113 (experimental)
Platform: ia64-hp-hpux11.23
configure flags: --disable-nls --build=ia64-hp-hpux11.23 --host=ia64-hp-hpux11.23 --target=ia64-hp-hpux11.23 --enable-shared --enable-threads --disable-libmudflap --disable-libssp --disable-libstdcxx-pch --with-gnu-as --with-as=/scratch/gcc/nightly-2006-01-13-mainline/ia64-hp-hpux11.23/build_gcc/install/bin/as --without-gnu-ld --with-ld=/usr/ccs/bin/ld --prefix=/scratch/gcc/nightly-2006-01-13-mainline/ia64-hp-hpux11.23/build_gcc/install --enable-languages=c,c++