This is the mail archive of the
gcc-testresults@gcc.gnu.org
mailing list for the GCC project.
Results for 4.1.0 20060112 (prerelease) testsuite on s390-ibm-linux-gnu
- From: Ulrich Weigand <uweigand at de dot ibm dot com>
- To: gcc-testresults at gcc dot gnu dot org
- Date: Fri, 13 Jan 2006 13:38:03 +0100
- Subject: Results for 4.1.0 20060112 (prerelease) testsuite on s390-ibm-linux-gnu
LAST_UPDATED:
=== acats tests ===
FAIL: c52103x
FAIL: c52104x
FAIL: c52104y
FAIL: ce3810b
=== acats Summary ===
# of expected passes 2315
# of unexpected failures 4
Native configuration is s390-ibm-linux-gnu
=== g++ tests ===
Running target unix
XPASS: g++.dg/tree-ssa/pr14814.C scan-tree-dump-times &this 0
XPASS: g++.old-deja/g++.other/init5.C execution test
=== g++ Summary ===
# of expected passes 11849
# of unexpected successes 2
# of expected failures 65
# of unsupported tests 105
/mnt/dasdc1/fsf/gcc-4_1-build/gcc/testsuite/../g++ version 4.1.0 20060112 (prerelease)
=== gcc tests ===
Running target unix
XPASS: gcc.dg/tree-ssa/20040204-1.c scan-tree-dump-times link_error 0
FAIL: gcc.dg/tree-ssa/loop-14.c scan-tree-dump-times \\+ 100 1
=== gcc Summary ===
# of expected passes 36939
# of unexpected failures 1
# of unexpected successes 1
# of expected failures 76
# of untested testcases 28
# of unsupported tests 283
/mnt/dasdc1/fsf/gcc-4_1-build/gcc/xgcc version 4.1.0 20060112 (prerelease)
=== gfortran tests ===
Running target unix
=== gfortran Summary ===
# of expected passes 11150
# of expected failures 12
# of unsupported tests 66
/mnt/dasdc1/fsf/gcc-4_1-build/gcc/testsuite/../gfortran version 4.1.0 20060112 (prerelease)
=== obj-c++ tests ===
Running target unix
FAIL: obj-c++.dg/cxx-ivars-2.mm execution test
FAIL: obj-c++.dg/encode-8.mm execution test
FAIL: obj-c++.dg/isa-field-1.mm (test for excess errors)
FAIL: obj-c++.dg/lookup-2.mm (test for excess errors)
WARNING: obj-c++.dg/lookup-2.mm compilation failed to produce executable
FAIL: obj-c++.dg/try-catch-2.mm (test for excess errors)
WARNING: obj-c++.dg/try-catch-2.mm compilation failed to produce executable
FAIL: obj-c++.dg/try-catch-9.mm (test for excess errors)
WARNING: obj-c++.dg/try-catch-9.mm compilation failed to produce executable
=== obj-c++ Summary ===
# of expected passes 423
# of unexpected failures 6
# of unsupported tests 13
/mnt/dasdc1/fsf/gcc-4_1-build/gcc/testsuite/../g++ version 4.1.0 20060112 (prerelease)
=== objc tests ===
Running target unix
=== objc Summary ===
# of expected passes 1684
# of unsupported tests 22
/mnt/dasdc1/fsf/gcc-4_1-build/gcc/xgcc version 4.1.0 20060112 (prerelease)
=== libffi tests ===
Running target unix
=== libffi Summary ===
# of expected passes 228
# of unsupported tests 2
=== libjava tests ===
Running target unix
=== libjava Summary ===
# of expected passes 4011
# of expected failures 10
# of untested testcases 8
=== libmudflap tests ===
Running target unix
WARNING: program timed out.
FAIL: libmudflap.cth/pass37-frag.c (-O3) (rerun 10) execution test
FAIL: libmudflap.cth/pass37-frag.c (-O3) (rerun 10) output pattern test
FAIL: libmudflap.cth/pass39-frag.c (-O3) (rerun 4) execution test
FAIL: libmudflap.cth/pass39-frag.c (-O3) (rerun 4) output pattern test
WARNING: program timed out.
FAIL: libmudflap.cth/pass39-frag.c (-O3) (rerun 14) execution test
FAIL: libmudflap.cth/pass39-frag.c (-O3) (rerun 14) output pattern test
WARNING: program timed out.
FAIL: libmudflap.cth/pass39-frag.c (-O3) (rerun 15) execution test
=== libmudflap Summary ===
# of expected passes 1782
# of unexpected failures 7
=== libstdc++ tests ===
Running target unix
XPASS: 26_numerics/cmath/c99_classification_macros_c.cc (test for excess errors)
=== libstdc++ Summary ===
# of expected passes 4028
# of unexpected successes 1
# of expected failures 12
Compiler version: 4.1.0 20060112 (prerelease)
Platform: s390-ibm-linux-gnu
configure flags: --prefix=/home/uweigand/fsf/gcc-4_1-install --enable-__cxa_atexit --enable-languages=c,ada,c++,fortran,java,objc,obj-c++