This is the mail archive of the gcc-testresults@gcc.gnu.org mailing list for the GCC project.
Index Nav: | [Date Index] [Subject Index] [Author Index] [Thread Index] | |
---|---|---|
Message Nav: | [Date Prev] [Date Next] | [Thread Prev] [Thread Next] |
Other format: | [Raw text] |
LAST_UPDATED: Thu Jan 12 08:11:51 UTC 2006 (revision 109639) Native configuration is i686-pc-linux-gnu === g++ tests === Running target unix FAIL: g++.dg/abi/mangle25.C (test for excess errors) ERROR: g++.dg/abi/mangle25.C: error executing dg-final: couldn't open "mangle25.s": no such file or directory UNRESOLVED: g++.dg/abi/mangle25.C: error executing dg-final: couldn't open "mangle25.s": no such file or directory XPASS: g++.dg/tree-ssa/pr14814.C scan-tree-dump-times &this 0 === g++ Summary === # of expected passes 11902 # of unexpected failures 1 # of unexpected successes 1 # of expected failures 66 # of unresolved testcases 1 # of unsupported tests 64 /scratch/gcc/nightly-2006-01-12-4.1/i686-pc-linux-gnu/build_gcc/install/bin/c++ version 4.1.0 20060112 (prerelease) === gcc tests === Running target unix FAIL: gcc.dg/tree-ssa/gen-vect-11.c scan-tree-dump-times vectorized 1 loops 1 === gcc Summary === # of expected passes 38024 # of unexpected failures 1 # of expected failures 101 # of untested testcases 28 # of unsupported tests 234 /scratch/gcc/nightly-2006-01-12-4.1/i686-pc-linux-gnu/build_gcc/install/bin/gcc version 4.1.0 20060112 (prerelease) === libstdc++ tests === Running target unix FAIL: 22_locale/messages/members/char/1.cc execution test FAIL: 22_locale/messages/members/char/2.cc execution test FAIL: 22_locale/messages/members/char/wrapped_env.cc execution test FAIL: 22_locale/messages/members/char/wrapped_locale.cc execution test FAIL: 22_locale/messages_byname/named_equivalence.cc execution test === libstdc++ Summary === # of expected passes 4010 # of unexpected failures 5 # of expected failures 13 # of unsupported tests 6 Compiler version: 4.1.0 20060112 (prerelease) Platform: i686-pc-linux-gnu configure flags: --disable-nls --build=i686-pc-linux-gnu --host=i686-pc-linux-gnu --target=i686-pc-linux-gnu --enable-shared --enable-threads --disable-libmudflap --disable-libssp --disable-libstdcxx-pch --with-gnu-as --with-as=/scratch/gcc/nightly-2006-01-12-4.1/i686-pc-linux-gnu/build_gcc/install/bin/as --with-gnu-ld --with-ld=/scratch/gcc/nightly-2006-01-12-4.1/i686-pc-linux-gnu/build_gcc/install/bin/ld --prefix=/scratch/gcc/nightly-2006-01-12-4.1/i686-pc-linux-gnu/build_gcc/install --enable-languages=c,c++
Index Nav: | [Date Index] [Subject Index] [Author Index] [Thread Index] | |
---|---|---|
Message Nav: | [Date Prev] [Date Next] | [Thread Prev] [Thread Next] |