This is the mail archive of the
gcc-testresults@gcc.gnu.org
mailing list for the GCC project.
Results for 4.2.0 20060109 (experimental) testsuite on hppa2.0w-hp-hpux11.11
- From: CodeSourcery Automatic Testing System <gcc at codesourcery dot com>
- To: gcc-testresults at gcc dot gnu dot org
- Date: Mon, 9 Jan 2006 10:03:49 -0800 (PST)
- Subject: Results for 4.2.0 20060109 (experimental) testsuite on hppa2.0w-hp-hpux11.11
LAST_UPDATED: Mon Jan 9 08:12:29 UTC 2006 (revision 109498)
Native configuration is hppa2.0w-hp-hpux11.11
=== g++ tests ===
Running target unix
FAIL: g++.old-deja/g++.abi/cxa_vec.C execution test
=== g++ Summary ===
# of expected passes 11496
# of unexpected failures 1
# of expected failures 66
# of unsupported tests 152
/scratch/gcc/nightly-2006-01-09-mainline/hppa2.0w-hp-hpux11.11/build_gcc/install/bin/c++ version 4.2.0 20060109 (experimental)
=== gcc tests ===
Running target unix
FAIL: gcc.dg/tree-ssa/gen-vect-11.c scan-tree-dump-times vectorized 1 loops 1
=== gcc Summary ===
# of expected passes 36493
# of unexpected failures 1
# of expected failures 76
# of untested testcases 28
# of unsupported tests 442
/scratch/gcc/nightly-2006-01-09-mainline/hppa2.0w-hp-hpux11.11/build_gcc/install/bin/gcc version 4.2.0 20060109 (experimental)
=== libstdc++ tests ===
Running target unix
FAIL: 26_numerics/cmath/c99_classification_macros_c.cc (test for excess errors)
FAIL: ext/pool_allocator/allocate_chunk.cc execution test
=== libstdc++ Summary ===
# of expected passes 2683
# of unexpected failures 2
# of expected failures 10
# of unsupported tests 159
Compiler version: 4.2.0 20060109 (experimental)
Platform: hppa2.0w-hp-hpux11.11
configure flags: --disable-nls --build=hppa2.0w-hp-hpux11.11 --host=hppa2.0w-hp-hpux11.11 --target=hppa2.0w-hp-hpux11.11 --enable-shared --enable-threads --disable-libmudflap --disable-libssp --disable-libstdcxx-pch --with-gnu-as --with-as=/scratch/gcc/nightly-2006-01-09-mainline/hppa2.0w-hp-hpux11.11/build_gcc/install/bin/as --without-gnu-ld --with-ld=/usr/ccs/bin/ld --prefix=/scratch/gcc/nightly-2006-01-09-mainline/hppa2.0w-hp-hpux11.11/build_gcc/install --enable-languages=c,c++