This is the mail archive of the
gcc-testresults@gcc.gnu.org
mailing list for the GCC project.
Results for 4.1.0 20060103 (prerelease) testsuite on i686-pc-linux-gnu
- From: CodeSourcery Automatic Testing System <gcc at codesourcery dot com>
- To: gcc-testresults at gcc dot gnu dot org
- Date: Tue, 3 Jan 2006 15:28:16 -0800
- Subject: Results for 4.1.0 20060103 (prerelease) testsuite on i686-pc-linux-gnu
LAST_UPDATED: Tue Jan 3 08:11:12 UTC 2006 (revision 109267)
Native configuration is i686-pc-linux-gnu
=== g++ tests ===
Running target unix
XPASS: g++.dg/tree-ssa/pr14814.C scan-tree-dump-times &this 0
=== g++ Summary ===
# of expected passes 11882
# of unexpected successes 1
# of expected failures 66
# of unsupported tests 64
/scratch/gcc/nightly-2006-01-03-4.1/i686-pc-linux-gnu/build_gcc/install/bin/c++ version 4.1.0 20060103 (prerelease)
=== gcc tests ===
Running target unix
=== gcc Summary ===
# of expected passes 37951
# of expected failures 97
# of untested testcases 28
# of unsupported tests 234
/scratch/gcc/nightly-2006-01-03-4.1/i686-pc-linux-gnu/build_gcc/install/bin/gcc version 4.1.0 20060103 (prerelease)
=== libstdc++ tests ===
Running target unix
FAIL: 22_locale/messages/members/char/1.cc execution test
FAIL: 22_locale/messages/members/char/2.cc execution test
FAIL: 22_locale/messages/members/char/wrapped_env.cc execution test
FAIL: 22_locale/messages/members/char/wrapped_locale.cc execution test
FAIL: 22_locale/messages_byname/named_equivalence.cc execution test
=== libstdc++ Summary ===
# of expected passes 4010
# of unexpected failures 5
# of expected failures 13
# of unsupported tests 5
Compiler version: 4.1.0 20060103 (prerelease)
Platform: i686-pc-linux-gnu
configure flags: --disable-nls --build=i686-pc-linux-gnu --host=i686-pc-linux-gnu --target=i686-pc-linux-gnu --enable-shared --enable-threads --disable-libmudflap --disable-libssp --disable-libstdcxx-pch --with-gnu-as --with-as=/scratch/gcc/nightly-2006-01-03-4.1/i686-pc-linux-gnu/build_gcc/install/bin/as --with-gnu-ld --with-ld=/scratch/gcc/nightly-2006-01-03-4.1/i686-pc-linux-gnu/build_gcc/install/bin/ld --prefix=/scratch/gcc/nightly-2006-01-03-4.1/i686-pc-linux-gnu/build_gcc/install --enable-languages=c,c++