This is the mail archive of the
gcc-testresults@gcc.gnu.org
mailing list for the GCC project.
Results for 3.4.6 20051231(prerelease) testsuite on hppa-unknown-linux-gnu
- From: dave at external dot hp dot com (John David Anglin)
- To: dave at external dot hp dot com, gcc-testresults at gcc dot gnu dot org
- Date: Sat, 31 Dec 2005 08:33:14 -0800 (PST)
- Subject: Results for 3.4.6 20051231(prerelease) testsuite on hppa-unknown-linux-gnu
LAST_UPDATED: Sat Dec 31 01:21:48 UTC 2005 (revision 109196)
=== acats tests ===
=== acats Summary ===
# of expected passes 1965
# of unexpected failures 0
# of unsupported tests 357
Native configuration is hppa-unknown-linux-gnu
=== g++ tests ===
Running target unix
XPASS: g++.dg/other/packed1.C execution test
XPASS: g++.old-deja/g++.other/init5.C execution test
=== g++ Summary ===
# of expected passes 9870
# of unexpected successes 2
# of expected failures 66
# of unsupported tests 83
/home/dave/gcc-3.4/objdir/gcc/testsuite/../g++ version 3.4.6 20051231 (prerelease)
=== g77 tests ===
Running target unix
=== g77 Summary ===
# of expected passes 1812
# of unsupported tests 6
/home/dave/gcc-3.4/objdir/gcc/testsuite/../g77 version 3.4.6 20051231 (prerelease)
=== gcc tests ===
Running target unix
ERROR: tcl error sourcing /home/dave/gcc-3.4/gcc/gcc/testsuite/gcc.c-torture/execute/execute.exp.
ERROR: child killed: hangup
=== gcc Summary ===
# of expected passes 15743
# of expected failures 62
# of untested testcases 7
# of unsupported tests 375
/home/dave/gcc-3.4/objdir/gcc/xgcc version 3.4.6 20051231 (prerelease)
=== objc tests ===
Running target unix
=== objc Summary ===
# of expected passes 1352
# of unsupported tests 8
/home/dave/gcc-3.4/objdir/gcc/xgcc version 3.4.6 20051231 (prerelease)
=== libstdc++ tests ===
Running target unix
FAIL: abi_check
XPASS: 22_locale/locale/cons/12658_thread.cc execution test
FAIL: 22_locale/money_get/get/char/5.cc execution test
FAIL: 22_locale/money_get/get/wchar_t/5.cc execution test
FAIL: 22_locale/num_get/get/char/10.cc execution test
FAIL: 22_locale/num_get/get/char/4.cc execution test
FAIL: 22_locale/num_get/get/wchar_t/10.cc execution test
FAIL: 22_locale/num_get/get/wchar_t/4.cc execution test
XPASS: 26_numerics/c99_classification_macros_c.cc (test for excess errors)
FAIL: 26_numerics/complex_inserters_extractors.cc execution test
FAIL: 27_io/basic_istream/extractors_arithmetic/char/01.cc execution test
=== libstdc++ Summary ===
# of expected passes 2728
# of unexpected failures 9
# of unexpected successes 2
# of expected failures 5
Compiler version: 3.4.6 20051231(prerelease)
Platform: hppa-unknown-linux-gnu
configure flags: --with-gnu-as --with-as=/home/dave/opt/gnu/bin/as --with-gnu-ld --with-ld=/home/dave/opt/gnu/bin/ld --enable-shared --enable-nls --prefix=/home/dave/opt/gnu/gcc/gcc-3.4.5 --with-local-prefix=/home/dave/opt/gnu --enable-threads=posix --enable-__cxa_atexit --host=hppa-linux --disable-checking