This is the mail archive of the
gcc-testresults@gcc.gnu.org
mailing list for the GCC project.
Results for 4.2.0-gomp-20050608-branch 20051223 (experimental) (merged 20051219) testsuite on x86_64-unknown-linux-gnu
- From: Diego Novillo <dnovillo at redhat dot com>
- To: gcc-testresults at gcc dot gnu dot org
- Date: Sat, 31 Dec 2005 04:52:32 -0500
- Subject: Results for 4.2.0-gomp-20050608-branch 20051223 (experimental) (merged 20051219) testsuite on x86_64-unknown-linux-gnu
LAST_UPDATED:
Native configuration is x86_64-unknown-linux-gnu
=== g++ tests ===
Running target unix
=== g++ Summary ===
# of expected passes 12084
# of expected failures 67
# of unsupported tests 94
/notnfs/dnovillo/sbox/gomp/bld.torquemada/stage3-gcc/testsuite/../g++ version 4.2.0-gomp-20050608-branch 20051223 (experimental) (merged 20051219)
=== gcc tests ===
Running target unix
FAIL: gcc.dg/ipa/ipa-1.c (test for excess errors)
FAIL: gcc.dg/ipa/ipa-2.c (test for excess errors)
FAIL: gcc.dg/ipa/ipa-3.c (test for excess errors)
FAIL: gcc.dg/ipa/ipa-4.c (test for excess errors)
FAIL: gcc.dg/ipa/ipa-5.c (test for excess errors)
WARNING: gcc.dg/torture/fp-int-convert-float128-timode.c -O0 compilation failed to produce executable
WARNING: gcc.dg/torture/fp-int-convert-float128-timode.c -O1 compilation failed to produce executable
WARNING: gcc.dg/torture/fp-int-convert-float128-timode.c -O2 compilation failed to produce executable
WARNING: gcc.dg/torture/fp-int-convert-float128-timode.c -O3 -fomit-frame-pointer compilation failed to produce executable
WARNING: gcc.dg/torture/fp-int-convert-float128-timode.c -O3 -g compilation failed to produce executable
WARNING: gcc.dg/torture/fp-int-convert-float128-timode.c -Os compilation failed to produce executable
WARNING: gcc.dg/torture/fp-int-convert-float128.c -O0 compilation failed to produce executable
WARNING: gcc.dg/torture/fp-int-convert-float128.c -O1 compilation failed to produce executable
WARNING: gcc.dg/torture/fp-int-convert-float128.c -O2 compilation failed to produce executable
WARNING: gcc.dg/torture/fp-int-convert-float128.c -O3 -fomit-frame-pointer compilation failed to produce executable
WARNING: gcc.dg/torture/fp-int-convert-float128.c -O3 -g compilation failed to produce executable
WARNING: gcc.dg/torture/fp-int-convert-float128.c -Os compilation failed to produce executable
=== gcc Summary ===
# of expected passes 38339
# of unexpected failures 5
# of expected failures 111
# of untested testcases 28
# of unsupported tests 351
/notnfs/dnovillo/sbox/gomp/bld.torquemada/gcc/xgcc version 4.2.0-gomp-20050608-branch 20051223 (experimental) (merged 20051219)
=== gfortran tests ===
Running target unix
=== gfortran Summary ===
# of expected passes 11224
# of expected failures 20
# of unsupported tests 16
/notnfs/dnovillo/sbox/gomp/bld.torquemada/stage3-gcc/testsuite/../gfortran version 4.2.0-gomp-20050608-branch 20051223 (experimental) (merged 20051219)
=== libgomp tests ===
Running target unix
FAIL: libgomp.c/atomic-2.c (test for excess errors)
WARNING: libgomp.c/atomic-2.c compilation failed to produce executable
FAIL: libgomp.fortran/omp_parse3.f90 -O0 execution test
=== libgomp Summary ===
# of expected passes 1353
# of unexpected failures 2
=== libmudflap tests ===
Running target unix
=== libmudflap Summary ===
# of expected passes 1789
=== libstdc++ tests ===
Running target unix
XPASS: 26_numerics/cmath/c99_classification_macros_c.cc (test for excess errors)
XPASS: 27_io/fpos/14320-1.cc execution test
=== libstdc++ Summary ===
# of expected passes 4031
# of unexpected successes 2
# of expected failures 11
# of unsupported tests 4
Compiler version: 4.2.0-gomp-20050608-branch 20051223 (experimental) (merged 20051219)
Platform: x86_64-unknown-linux-gnu
configure flags: --prefix=/home/cygnus/dnovillo/perf/sbox/gomp/local.x86_64/inst.torquemada --srcdir=/home/cygnus/dnovillo/perf/sbox/gomp/local.x86_64/src --enable-mpfr --disable-multilib --enable-languages=c,c++,fortran