This is the mail archive of the
gcc-testresults@gcc.gnu.org
mailing list for the GCC project.
Results for 4.2.0 20051230 (experimental) [trunk revision 109173 clean] testsuite on x86_64-unknown-linux-gnu
- From: hjl at gnu-20 dot sc dot intel dot com (H.J. Lu)
- To: gcc-testresults at gcc dot gnu dot org
- Date: Fri, 30 Dec 2005 16:14:58 -0800 (PST)
- Subject: Results for 4.2.0 20051230 (experimental) [trunk revision 109173 clean] testsuite on x86_64-unknown-linux-gnu
LAST_UPDATED: Fri Dec 30 17:21:39 UTC 2005 (revision 109173)
Native configuration is x86_64-unknown-linux-gnu
=== gcc tests ===
Running target unix/-m32
WARNING: gcc.dg/torture/fp-int-convert-float128-timode.c compilation failed to produce executable
WARNING: gcc.dg/torture/fp-int-convert-float128-timode.c compilation failed to produce executable
WARNING: gcc.dg/torture/fp-int-convert-float128-timode.c compilation failed to produce executable
WARNING: gcc.dg/torture/fp-int-convert-float128-timode.c compilation failed to produce executable
WARNING: gcc.dg/torture/fp-int-convert-float128-timode.c compilation failed to produce executable
WARNING: gcc.dg/torture/fp-int-convert-float128-timode.c compilation failed to produce executable
WARNING: gcc.dg/torture/fp-int-convert-float128.c compilation failed to produce executable
WARNING: gcc.dg/torture/fp-int-convert-float128.c compilation failed to produce executable
WARNING: gcc.dg/torture/fp-int-convert-float128.c compilation failed to produce executable
WARNING: gcc.dg/torture/fp-int-convert-float128.c compilation failed to produce executable
WARNING: gcc.dg/torture/fp-int-convert-float128.c compilation failed to produce executable
WARNING: gcc.dg/torture/fp-int-convert-float128.c compilation failed to produce executable
=== gcc Summary for unix/-m32 ===
# of expected passes 38166
# of expected failures 110
# of untested testcases 28
# of unsupported tests 250
Running target unix
WARNING: gcc.dg/torture/fp-int-convert-float128-timode.c compilation failed to produce executable
WARNING: gcc.dg/torture/fp-int-convert-float128-timode.c compilation failed to produce executable
WARNING: gcc.dg/torture/fp-int-convert-float128-timode.c compilation failed to produce executable
WARNING: gcc.dg/torture/fp-int-convert-float128-timode.c compilation failed to produce executable
WARNING: gcc.dg/torture/fp-int-convert-float128-timode.c compilation failed to produce executable
WARNING: gcc.dg/torture/fp-int-convert-float128-timode.c compilation failed to produce executable
WARNING: gcc.dg/torture/fp-int-convert-float128.c compilation failed to produce executable
WARNING: gcc.dg/torture/fp-int-convert-float128.c compilation failed to produce executable
WARNING: gcc.dg/torture/fp-int-convert-float128.c compilation failed to produce executable
WARNING: gcc.dg/torture/fp-int-convert-float128.c compilation failed to produce executable
WARNING: gcc.dg/torture/fp-int-convert-float128.c compilation failed to produce executable
WARNING: gcc.dg/torture/fp-int-convert-float128.c compilation failed to produce executable
=== gcc Summary for unix ===
# of expected passes 38065
# of expected failures 109
# of untested testcases 28
# of unsupported tests 351
=== gcc Summary ===
# of expected passes 76231
# of expected failures 219
# of untested testcases 56
# of unsupported tests 601
/export/build/gnu/gcc/build-x86_64-linux/gcc/xgcc version 4.2.0 20051230 (experimental) [trunk revision 109173 clean]
=== gfortran tests ===
Running target unix/-m32
=== gfortran Summary for unix/-m32 ===
# of expected passes 11120
# of expected failures 15
# of unsupported tests 16
Running target unix
=== gfortran Summary for unix ===
# of expected passes 11117
# of expected failures 18
# of unsupported tests 16
=== gfortran Summary ===
# of expected passes 22237
# of expected failures 33
# of unsupported tests 32
/export/build/gnu/gcc/build-x86_64-linux/stage3-gcc/testsuite/../gfortran version 4.2.0 20051230 (experimental) [trunk revision 109173 clean]
=== g++ tests ===
Running target unix/-m32
=== g++ Summary for unix/-m32 ===
# of expected passes 11902
# of expected failures 66
# of unsupported tests 64
Running target unix
FAIL: g++.dg/abi/thunk4.C scan-assembler .weak\\t_ZThn4_N7Derived3FooEv
=== g++ Summary for unix ===
# of expected passes 11814
# of unexpected failures 1
# of expected failures 66
# of unsupported tests 94
=== g++ Summary ===
# of expected passes 23716
# of unexpected failures 1
# of expected failures 132
# of unsupported tests 158
/export/build/gnu/gcc/build-x86_64-linux/stage3-gcc/testsuite/../g++ version 4.2.0 20051230 (experimental) [trunk revision 109173 clean]
=== objc tests ===
Running target unix/-m32
FAIL: objc.dg-struct-layout-encoding-1/t025_main.m execution test
FAIL: objc.dg-struct-layout-encoding-1/t026_main.m execution test
FAIL: objc.dg-struct-layout-encoding-1/t027_main.m execution test
FAIL: objc.dg-struct-layout-encoding-1/t028_main.m execution test
FAIL: objc.dg-struct-layout-encoding-1/t029_main.m execution test
FAIL: objc.dg-struct-layout-encoding-1/t030_main.m execution test
FAIL: objc.dg-struct-layout-encoding-1/t031_main.m execution test
=== objc Summary for unix/-m32 ===
# of expected passes 1746
# of unexpected failures 7
# of unsupported tests 22
Running target unix
FAIL: objc.dg-struct-layout-encoding-1/t025_main.m execution test
FAIL: objc.dg-struct-layout-encoding-1/t026_main.m execution test
FAIL: objc.dg-struct-layout-encoding-1/t027_main.m execution test
FAIL: objc.dg-struct-layout-encoding-1/t028_main.m execution test
FAIL: objc.dg-struct-layout-encoding-1/t029_main.m execution test
FAIL: objc.dg-struct-layout-encoding-1/t030_main.m execution test
FAIL: objc.dg-struct-layout-encoding-1/t031_main.m execution test
=== objc Summary for unix ===
# of expected passes 1746
# of unexpected failures 7
# of unsupported tests 22
=== objc Summary ===
# of expected passes 3492
# of unexpected failures 14
# of unsupported tests 44
/export/build/gnu/gcc/build-x86_64-linux/gcc/xgcc version 4.2.0 20051230 (experimental) [trunk revision 109173 clean]
=== libffi tests ===
Running target unix/-m32
=== libffi Summary for unix/-m32 ===
# of expected passes 228
# of unsupported tests 2
Running target unix
=== libffi Summary for unix ===
# of expected passes 228
# of unsupported tests 2
=== libffi Summary ===
# of expected passes 456
# of unsupported tests 4
=== libjava tests ===
Running target unix/-m32
=== libjava Summary for unix/-m32 ===
# of expected passes 4029
# of expected failures 10
# of untested testcases 8
Running target unix
=== libjava Summary for unix ===
# of expected passes 4029
# of expected failures 10
# of untested testcases 8
=== libjava Summary ===
# of expected passes 8058
# of expected failures 20
# of untested testcases 16
=== libmudflap tests ===
Running target unix/-m32
=== libmudflap Summary for unix/-m32 ===
# of expected passes 1789
Running target unix
=== libmudflap Summary for unix ===
# of expected passes 1789
=== libmudflap Summary ===
# of expected passes 3578
=== libstdc++ tests ===
Running target unix/-m32
FAIL: 22_locale/locale/cons/12658_thread-1.cc execution test
FAIL: 22_locale/locale/cons/12658_thread-2.cc execution test
FAIL: 22_locale/messages/members/char/1.cc execution test
FAIL: 22_locale/messages/members/char/2.cc execution test
FAIL: 22_locale/messages/members/char/wrapped_env.cc execution test
FAIL: 22_locale/messages/members/char/wrapped_locale.cc execution test
FAIL: 22_locale/messages_byname/named_equivalence.cc execution test
FAIL: ext/mt_allocator/22309_thread.cc execution test
FAIL: thread/pthread3.cc execution test
=== libstdc++ Summary for unix/-m32 ===
# of expected passes 4024
# of unexpected failures 9
# of expected failures 13
# of unsupported tests 4
Running target unix
XPASS: 27_io/fpos/14320-1.cc execution test
=== libstdc++ Summary for unix ===
# of expected passes 4033
# of unexpected successes 1
# of expected failures 12
# of unsupported tests 4
=== libstdc++ Summary ===
# of expected passes 8057
# of unexpected failures 9
# of unexpected successes 1
# of expected failures 25
# of unsupported tests 8
Compiler version: 4.2.0 20051230 (experimental) [trunk revision 109173 clean]
Platform: x86_64-unknown-linux-gnu
configure flags: --enable-clocale=gnu --with-system-zlib --with-demangler-in-ld --enable-shared --enable-threads=posix --enable-haifa --disable-checking --prefix=/usr/gcc-4.2 --with-local-prefix=/usr/local --enable-languages=c,c++,fortran,java,objc