This is the mail archive of the
gcc-testresults@gcc.gnu.org
mailing list for the GCC project.
Results for 4.2.0 20051226 (experimental) testsuite on x86_64-unknown-linux-gnu
- From: Diego Novillo <dnovillo at redhat dot com>
- To: gcc-testresults at gcc dot gnu dot org
- Date: Mon, 26 Dec 2005 02:50:21 -0500
- Subject: Results for 4.2.0 20051226 (experimental) testsuite on x86_64-unknown-linux-gnu
LAST_UPDATED:
Native configuration is x86_64-unknown-linux-gnu
=== g++ tests ===
Running target unix
=== g++ Summary ===
# of expected passes 11806
# of expected failures 66
# of unsupported tests 94
/notnfs/dnovillo/sbox/gcc/bld.ton/stage3-gcc/testsuite/../g++ version 4.2.0 20051226 (experimental)
=== gcc tests ===
Running target unix
WARNING: gcc.dg/torture/fp-int-convert-float128-timode.c -O0 compilation failed to produce executable
WARNING: gcc.dg/torture/fp-int-convert-float128-timode.c -O1 compilation failed to produce executable
WARNING: gcc.dg/torture/fp-int-convert-float128-timode.c -O2 compilation failed to produce executable
WARNING: gcc.dg/torture/fp-int-convert-float128-timode.c -O3 -fomit-frame-pointer compilation failed to produce executable
WARNING: gcc.dg/torture/fp-int-convert-float128-timode.c -O3 -g compilation failed to produce executable
WARNING: gcc.dg/torture/fp-int-convert-float128-timode.c -Os compilation failed to produce executable
WARNING: gcc.dg/torture/fp-int-convert-float128.c -O0 compilation failed to produce executable
WARNING: gcc.dg/torture/fp-int-convert-float128.c -O1 compilation failed to produce executable
WARNING: gcc.dg/torture/fp-int-convert-float128.c -O2 compilation failed to produce executable
WARNING: gcc.dg/torture/fp-int-convert-float128.c -O3 -fomit-frame-pointer compilation failed to produce executable
WARNING: gcc.dg/torture/fp-int-convert-float128.c -O3 -g compilation failed to produce executable
WARNING: gcc.dg/torture/fp-int-convert-float128.c -Os compilation failed to produce executable
=== gcc Summary ===
# of expected passes 38050
# of expected failures 106
# of untested testcases 28
# of unsupported tests 351
/notnfs/dnovillo/sbox/gcc/bld.ton/gcc/xgcc version 4.2.0 20051226 (experimental)
=== gfortran tests ===
Running target unix
=== gfortran Summary ===
# of expected passes 11051
# of expected failures 18
# of unsupported tests 16
/notnfs/dnovillo/sbox/gcc/bld.ton/stage3-gcc/testsuite/../gfortran version 4.2.0 20051226 (experimental)
=== objc tests ===
Running target unix
FAIL: objc.dg-struct-layout-encoding-1/t025_main.m execution test
FAIL: objc.dg-struct-layout-encoding-1/t026_main.m execution test
FAIL: objc.dg-struct-layout-encoding-1/t027_main.m execution test
FAIL: objc.dg-struct-layout-encoding-1/t028_main.m execution test
FAIL: objc.dg-struct-layout-encoding-1/t029_main.m execution test
FAIL: objc.dg-struct-layout-encoding-1/t030_main.m execution test
FAIL: objc.dg-struct-layout-encoding-1/t031_main.m execution test
=== objc Summary ===
# of expected passes 1746
# of unexpected failures 7
# of unsupported tests 22
/notnfs/dnovillo/sbox/gcc/bld.ton/gcc/xgcc version 4.2.0 20051226 (experimental)
=== libffi tests ===
Running target unix
=== libffi Summary ===
# of expected passes 228
# of unsupported tests 2
=== libjava tests ===
Running target unix
FAIL: PR9577 run
FAIL: longfield run
FAIL: bytebuffer run
FAIL: directbuffer run
FAIL: field execution - gij test
FAIL: iface execution - gij test
FAIL: invoke run
FAIL: jniutf execution - gij test
FAIL: martin run
FAIL: noclass run
FAIL: overload run
FAIL: pr23739 run
FAIL: throwit run
FAIL: ArrayStore execution - gij test
FAIL: ArrayStore execution - bytecode->native test
FAIL: Array_1 execution - source compiled test
FAIL: Array_1 execution - bytecode->native test
FAIL: Array_2 execution - source compiled test
FAIL: CompareNaN execution - gij test
FAIL: Divide_1 execution - bytecode->native test
FAIL: Divide_1 -O3 execution - bytecode->native test
FAIL: ExtraClassLoader execution - source compiled test
FAIL: ExtraClassLoader execution - bytecode->native test
FAIL: ExtraClassLoader execution - gij test
FAIL: ExtraClassLoader -O3 execution - bytecode->native test
FAIL: FileHandleGcTest execution - source compiled test
FAIL: FileHandleGcTest execution - bytecode->native test
FAIL: FileHandleGcTest -O3 execution - source compiled test
FAIL: FileHandleGcTest -O3 execution - bytecode->native test
FAIL: Final -O3 execution - source compiled test
FAIL: Final -O3 execution - bytecode->native test
FAIL: Float_1 execution - gij test
FAIL: Float_1 -O3 execution - source compiled test
FAIL: Float_1 execution - gij test
FAIL: G19990301_01 execution - source compiled test
FAIL: G19990301_01 -O3 execution - source compiled test
FAIL: G19990302_02 execution - gij test
FAIL: G19990303_01 execution - source compiled test
FAIL: G19990303_01 execution - gij test
FAIL: G19990304_01 execution - source compiled test
FAIL: G19990304_01 -O3 execution - source compiled test
FAIL: G19990304_01 execution - gij test
FAIL: II execution - bytecode->native test
FAIL: II execution - gij test
FAIL: II -O3 execution - bytecode->native test
FAIL: InterfaceDispatch -O3 execution - source compiled test
FAIL: InvokeInterface -O3 execution - bytecode->native test
FAIL: InvokeReturn execution - gij test
FAIL: InvokeReturn execution - bytecode->native test
FAIL: InvokeReturn execution - gij test
FAIL: Invoke_1 execution - source compiled test
FAIL: Invoke_1 execution - bytecode->native test
FAIL: Invoke_2 -O3 execution - source compiled test
FAIL: Invoke_2 -O3 execution - bytecode->native test
FAIL: LargeFile execution - source compiled test
FAIL: LargeFile execution - gij test
FAIL: LargeFile execution - bytecode->native test
FAIL: LargeFile -O3 execution - source compiled test
FAIL: LargeFile execution - gij test
FAIL: LargeFile -O3 execution - bytecode->native test
FAIL: MathBuiltin execution - gij test
FAIL: Matrix4f execution - gij test
FAIL: N19990310_02 execution - gij test
FAIL: N19990310_02 -O3 execution - bytecode->native test
FAIL: N19990310_3 -O3 execution - bytecode->native test
FAIL: N19990310_4 execution - bytecode->native test
FAIL: N19990310_5 -O3 execution - source compiled test
FAIL: Overflow execution - bytecode->native test
FAIL: Overflow execution - gij test
FAIL: PR12656 execution - gij test
FAIL: PR12656 execution - bytecode->native test
FAIL: PR12656 -O3 execution - source compiled test
FAIL: PR12656 execution - gij test
FAIL: PR12915 -O3 execution - source compiled test
FAIL: PR12915 -O3 execution - bytecode->native test
FAIL: PR141 execution - source compiled test
FAIL: PR160 execution - gij test
FAIL: PR160 execution - bytecode->native test
FAIL: PR162 execution - bytecode->native test
FAIL: PR162 -O3 execution - source compiled test
FAIL: PR16867 -O3 execution - source compiled test
FAIL: PR16867 execution - gij test
FAIL: PR19870 execution - source compiled test
FAIL: PR19921 -O3 execution - source compiled test
FAIL: PR20056 execution - gij test
FAIL: PR242 execution - source compiled test
FAIL: PR260 -O3 execution - source compiled test
FAIL: PR3731 execution - source compiled test
FAIL: PR5057_2 -O3 execution - bytecode->native test
FAIL: PR55 execution - source compiled test
FAIL: PR6085 execution - gij test
FAIL: PR6085 -O3 execution - bytecode->native test
FAIL: PR6204 execution - gij test
FAIL: PR6204 -O3 execution - bytecode->native test
FAIL: PR6729 execution - source compiled test
FAIL: PR6729 execution - gij test
FAIL: PR7482 -O3 execution - bytecode->native test
FAIL: Process_1 execution - source compiled test
FAIL: Process_1 -O3 execution - bytecode->native test
FAIL: Process_3 -O3 execution - bytecode->native test
FAIL: Process_4 execution - source compiled test
FAIL: Process_4 execution - gij test
FAIL: Process_4 -O3 execution - source compiled test
FAIL: Process_6 execution - source compiled test
FAIL: Process_6 -O3 execution - source compiled test
FAIL: Process_6 -O3 execution - bytecode->native test
FAIL: Serialization execution - bytecode->native test
FAIL: Serialization -O3 execution - bytecode->native test
FAIL: Shazam execution - source compiled test
FAIL: StaticConstructor execution - gij test
FAIL: StringBuffer_1 execution - bytecode->native test
FAIL: StringBuffer_overflow execution - bytecode->native test
FAIL: StringBuffer_overflow -O3 execution - bytecode->native test
FAIL: String_overflow execution - bytecode->native test
FAIL: SyncGlobal execution - bytecode->native test
FAIL: TestProxy execution - source compiled test
FAIL: Thread_Alive -O3 execution - bytecode->native test
FAIL: Thread_HoldsLock execution - gij test
FAIL: Thread_HoldsLock execution - gij test
FAIL: Thread_Monitor execution - bytecode->native test
FAIL: Thread_Monitor -O3 execution - bytecode->native test
FAIL: Thread_Sleep execution - source compiled test
FAIL: Thread_Sleep execution - bytecode->native test
FAIL: Throw_1 execution - gij test
FAIL: Throw_2 execution - bytecode->native test
FAIL: anfi execution - source compiled test
FAIL: anfi -O3 execution - bytecode->native test
FAIL: anon execution - source compiled test
FAIL: anon execution - gij test
FAIL: anon2 execution - source compiled test
FAIL: anonarray execution - source compiled test
FAIL: anonarray3 execution - bytecode->native test
FAIL: assign execution - source compiled test
FAIL: bclink execution - bytecode->native test
FAIL: bclink -O3 execution - bytecode->native test
FAIL: bytearray execution - bytecode->native test
FAIL: bytearray -O3 execution - source compiled test
FAIL: bytearray execution - gij test
FAIL: emptystring execution - bytecode->native test
FAIL: err10 execution - gij test
FAIL: err10 execution - bytecode->native test
FAIL: err12 execution - gij test
FAIL: err12 execution - gij test
FAIL: err13 -O3 execution - source compiled test
FAIL: err4 -O3 execution - source compiled test
FAIL: err4 execution - gij test
FAIL: err7 execution - source compiled test
FAIL: err9 execution - gij test
FAIL: err9 execution - bytecode->native test
FAIL: err9 -O3 execution - bytecode->native test
FAIL: final_inner execution - bytecode->native test
FAIL: final_int execution - source compiled test
FAIL: final_int -O3 execution - source compiled test
FAIL: final_int -O3 execution - bytecode->native test
FAIL: indirect execution - gij test
FAIL: indirect -O3 execution - source compiled test
FAIL: indirect_write execution - gij test
FAIL: initexc -O3 execution - bytecode->native test
FAIL: initfield -O3 execution - source compiled test
FAIL: inner3 execution - gij test
FAIL: inner3 execution - bytecode->native test
FAIL: inner4 execution - gij test
FAIL: inner4 execution - gij test
FAIL: inner_array execution - source compiled test
FAIL: inner_array execution - gij test
FAIL: instinit execution - source compiled test
FAIL: instinit2 -O3 execution - bytecode->native test
FAIL: invoke_from_inner -O3 execution - source compiled test
FAIL: invokethrow execution - source compiled test
FAIL: klass -O3 execution - source compiled test
FAIL: md5test -O3 execution - bytecode->native test
FAIL: multiple_finit execution - source compiled test
FAIL: multiple_finit execution - bytecode->native test
FAIL: multiple_finit -O3 execution - bytecode->native test
FAIL: negzero execution - source compiled test
FAIL: negzero -O3 execution - bytecode->native test
FAIL: nested_with_ctor execution - source compiled test
FAIL: nested_with_ctor -O3 execution - source compiled test
FAIL: override execution - source compiled test
FAIL: override execution - gij test
FAIL: override -O3 execution - bytecode->native test
FAIL: pr13107_3 -O3 execution - bytecode->native test
FAIL: pr133 execution - source compiled test
FAIL: pr133 execution - bytecode->native test
FAIL: pr133 -O3 execution - source compiled test
FAIL: pr16789 execution - bytecode->native test
FAIL: pr17536 execution - source compiled test
FAIL: pr17536 execution - gij test
FAIL: pr184 execution - bytecode->native test
FAIL: pr184 execution - gij test
FAIL: pr21785 execution - source compiled test
FAIL: pr21785 execution - gij test
FAIL: pr21844 execution - gij test
FAIL: pr6388 execution - source compiled test
FAIL: pr6388 execution - gij test
FAIL: pr83 execution - gij test
FAIL: pr8676 execution - gij test
FAIL: pr8676 execution - bytecode->native test
FAIL: pr8823 -O3 execution - source compiled test
FAIL: pr8823 execution - gij test
FAIL: search_outer execution - bytecode->native test
FAIL: search_outer execution - gij test
FAIL: search_outer -O3 execution - bytecode->native test
FAIL: shatest execution - gij test
FAIL: stringconst execution - bytecode->native test
FAIL: stringconst -O3 execution - source compiled test
FAIL: stringconst2 -O3 execution - source compiled test
FAIL: stub execution - bytecode->native test
FAIL: utf8concat execution - source compiled test
FAIL: utilTest execution - source compiled test
FAIL: utilTest -O3 execution - source compiled test
FAIL: verify -O3 execution - source compiled test
FAIL: /home/cygnus/dnovillo/perf/sbox/gcc/local.x86_64/bld.ton/x86_64-unknown-linux-gnu/libjava/testsuite/TestEarlyGC.exe execution - /home/cygnus/dnovillo/perf/sbox/gcc/local.x86_64/bld.ton/x86_64-unknown-linux-gnu/libjava/testsuite/TestEarlyGC.exe
=== libjava Summary ===
# of expected passes 3599
# of unexpected failures 213
# of expected failures 8
# of untested testcases 221
=== libmudflap tests ===
Running target unix
=== libmudflap Summary ===
# of expected passes 1789
=== libstdc++ tests ===
Running target unix
XPASS: 26_numerics/cmath/c99_classification_macros_c.cc (test for excess errors)
XPASS: 27_io/fpos/14320-1.cc execution test
=== libstdc++ Summary ===
# of expected passes 4033
# of unexpected successes 2
# of expected failures 11
# of unsupported tests 4
Compiler version: 4.2.0 20051226 (experimental)
Platform: x86_64-unknown-linux-gnu
configure flags: --prefix=/home/cygnus/dnovillo/perf/sbox/gcc/local.x86_64/inst.ton --srcdir=/home/cygnus/dnovillo/perf/sbox/gcc/local.x86_64/src --enable-mpfr --disable-multilib --with-gmp=/home/cygnus/dnovillo/x86_64 --enable-languages=c,c++,fortran,java,objc