This is the mail archive of the
gcc-testresults@gcc.gnu.org
mailing list for the GCC project.
Results for 4.1.0 20051224 (prerelease) [gcc-4_1-branch revision 109040 clean] testsuite on x86_64-unknown-linux-gnu
- From: hjl at gnu-20 dot sc dot intel dot com (H.J. Lu)
- To: gcc-testresults at gcc dot gnu dot org
- Date: Sun, 25 Dec 2005 08:22:31 -0800 (PST)
- Subject: Results for 4.1.0 20051224 (prerelease) [gcc-4_1-branch revision 109040 clean] testsuite on x86_64-unknown-linux-gnu
LAST_UPDATED: Sat Dec 24 17:10:01 UTC 2005 (revision 109040)
Native configuration is x86_64-unknown-linux-gnu
=== gcc tests ===
Running target unix/-m32
=== gcc Summary for unix/-m32 ===
# of expected passes 37916
# of expected failures 97
# of untested testcases 28
# of unsupported tests 245
Running target unix
=== gcc Summary for unix ===
# of expected passes 37815
# of expected failures 96
# of untested testcases 28
# of unsupported tests 346
=== gcc Summary ===
# of expected passes 75731
# of expected failures 193
# of untested testcases 56
# of unsupported tests 591
/export/build/gnu/gcc-4.1/build-x86_64-linux/gcc/xgcc version 4.1.0 20051224 (prerelease) [gcc-4_1-branch revision 109040 clean]
=== gfortran tests ===
Running target unix/-m32
=== gfortran Summary for unix/-m32 ===
# of expected passes 10980
# of expected failures 15
# of unsupported tests 16
Running target unix
=== gfortran Summary for unix ===
# of expected passes 10977
# of expected failures 18
# of unsupported tests 16
=== gfortran Summary ===
# of expected passes 21957
# of expected failures 33
# of unsupported tests 32
/export/build/gnu/gcc-4.1/build-x86_64-linux/gcc/testsuite/../gfortran version 4.1.0 20051224 (prerelease) [gcc-4_1-branch revision 109040 clean]
=== g++ tests ===
Running target unix/-m32
XPASS: g++.dg/tree-ssa/pr14814.C scan-tree-dump-times &this 0
=== g++ Summary for unix/-m32 ===
# of expected passes 11872
# of unexpected successes 1
# of expected failures 66
# of unsupported tests 64
Running target unix
XPASS: g++.dg/tree-ssa/pr14814.C scan-tree-dump-times &this 0
=== g++ Summary for unix ===
# of expected passes 11785
# of unexpected successes 1
# of expected failures 66
# of unsupported tests 94
=== g++ Summary ===
# of expected passes 23657
# of unexpected successes 2
# of expected failures 132
# of unsupported tests 158
/export/build/gnu/gcc-4.1/build-x86_64-linux/gcc/testsuite/../g++ version 4.1.0 20051224 (prerelease) [gcc-4_1-branch revision 109040 clean]
=== objc tests ===
Running target unix/-m32
=== objc Summary for unix/-m32 ===
# of expected passes 1684
# of unsupported tests 22
Running target unix
=== objc Summary for unix ===
# of expected passes 1684
# of unsupported tests 22
=== objc Summary ===
# of expected passes 3368
# of unsupported tests 44
/export/build/gnu/gcc-4.1/build-x86_64-linux/gcc/xgcc version 4.1.0 20051224 (prerelease) [gcc-4_1-branch revision 109040 clean]
=== libffi tests ===
Running target unix/-m32
=== libffi Summary for unix/-m32 ===
# of expected passes 228
# of unsupported tests 2
Running target unix
=== libffi Summary for unix ===
# of expected passes 228
# of unsupported tests 2
=== libffi Summary ===
# of expected passes 456
# of unsupported tests 4
=== libjava tests ===
Running target unix/-m32
=== libjava Summary for unix/-m32 ===
# of expected passes 4011
# of expected failures 10
# of untested testcases 8
Running target unix
=== libjava Summary for unix ===
# of expected passes 4011
# of expected failures 10
# of untested testcases 8
=== libjava Summary ===
# of expected passes 8022
# of expected failures 20
# of untested testcases 16
=== libmudflap tests ===
Running target unix/-m32
=== libmudflap Summary for unix/-m32 ===
# of expected passes 1789
Running target unix
=== libmudflap Summary for unix ===
# of expected passes 1789
=== libmudflap Summary ===
# of expected passes 3578
=== libstdc++ tests ===
Running target unix/-m32
FAIL: 22_locale/messages/members/char/1.cc execution test
FAIL: 22_locale/messages/members/char/2.cc execution test
FAIL: 22_locale/messages/members/char/wrapped_env.cc execution test
FAIL: 22_locale/messages/members/char/wrapped_locale.cc execution test
FAIL: 22_locale/messages_byname/named_equivalence.cc execution test
XPASS: 26_numerics/cmath/c99_classification_macros_c.cc (test for excess errors)
=== libstdc++ Summary for unix/-m32 ===
# of expected passes 4013
# of unexpected failures 5
# of unexpected successes 1
# of expected failures 12
# of unsupported tests 4
Running target unix
XPASS: 26_numerics/cmath/c99_classification_macros_c.cc (test for excess errors)
XPASS: 27_io/fpos/14320-1.cc execution test
=== libstdc++ Summary for unix ===
# of expected passes 4018
# of unexpected successes 2
# of expected failures 11
# of unsupported tests 4
=== libstdc++ Summary ===
# of expected passes 8031
# of unexpected failures 5
# of unexpected successes 3
# of expected failures 23
# of unsupported tests 8
Compiler version: 4.1.0 20051224 (prerelease) [gcc-4_1-branch revision 109040 clean]
Platform: x86_64-unknown-linux-gnu
configure flags: --enable-clocale=gnu --with-system-zlib --with-demangler-in-ld --enable-shared --enable-threads=posix --enable-haifa --disable-checking --prefix=/usr/gcc-4.1 --with-local-prefix=/usr/local --enable-languages=c,c++,fortran,java,objc