This is the mail archive of the
gcc-testresults@gcc.gnu.org
mailing list for the GCC project.
Results for 4.2.0 20051217 (experimental) [trunk revision 108715 clean] testsuite on x86_64-unknown-linux-gnu
- From: hjl at gnu-13 dot sc dot intel dot com (H.J. Lu)
- To: gcc-testresults at gcc dot gnu dot org
- Date: Mon, 19 Dec 2005 12:12:18 -0800 (PST)
- Subject: Results for 4.2.0 20051217 (experimental) [trunk revision 108715 clean] testsuite on x86_64-unknown-linux-gnu
LAST_UPDATED: Sat Dec 17 18:08:33 UTC 2005 (revision 108715)
Native configuration is x86_64-unknown-linux-gnu
=== f95 tests ===
Running target unix/-m32
=== f95 Summary for unix/-m32 ===
Running target unix
=== f95 Summary for unix ===
=== f95 Summary ===
=== gfortran tests ===
Running target unix/-m32
FAIL: gfortran.dg/enum_5.f90 -O (test for errors, line 9)
=== gfortran Summary for unix/-m32 ===
# of expected passes 10937
# of unexpected failures 1
# of expected failures 15
# of unsupported tests 16
Running target unix
FAIL: gfortran.dg/enum_5.f90 -O (test for errors, line 9)
=== gfortran Summary for unix ===
# of expected passes 10934
# of unexpected failures 1
# of expected failures 18
# of unsupported tests 16
=== gfortran Summary ===
# of expected passes 21871
# of unexpected failures 2
# of expected failures 33
# of unsupported tests 32
/export/build/gnu/gcc/build-x86_64-linux/stage3-gcc/testsuite/../gfortran version 4.2.0 20051217 (experimental) [trunk revision 108715 clean]
Compiler version: 4.2.0 20051217 (experimental) [trunk revision 108715 clean]
Platform: x86_64-unknown-linux-gnu
configure flags: --enable-clocale=gnu --with-system-zlib --with-demangler-in-ld --enable-shared --enable-threads=posix --enable-haifa --disable-checking --prefix=/usr/gcc-4.2 --with-local-prefix=/usr/local --enable-languages=c,c++,fortran,java,objc