This is the mail archive of the
gcc-testresults@gcc.gnu.org
mailing list for the GCC project.
Results for 4.2.0 20051212 (experimental) testsuite on ia64-hp-hpux11.23
- From: CodeSourcery Automatic Testing System <gcc at codesourcery dot com>
- To: gcc-testresults at gcc dot gnu dot org
- Date: Mon, 12 Dec 2005 07:07:19 -0800 (PST)
- Subject: Results for 4.2.0 20051212 (experimental) testsuite on ia64-hp-hpux11.23
LAST_UPDATED: Mon Dec 12 08:12:57 UTC 2005 (revision 108398)
Native configuration is ia64-hp-hpux11.23
=== g++ tests ===
Running target unix/-milp32
ERROR: tcl error sourcing /scratch/gcc/nightly-2005-12-12-mainline/src/gcc-mainline/gcc/testsuite/g++.dg/compat/struct-layout-1.exp.
ERROR: can't read "rootme": no such variable
XPASS: g++.dg/other/packed1.C execution test
FAIL: g++.dg/other/pr22003.C (test for excess errors)
FAIL: g++.dg/warn/weak1.C (test for excess errors)
WARNING: g++.dg/warn/weak1.C compilation failed to produce executable
FAIL: g++.dg/tls/static-1.C execution test
=== g++ Summary for unix/-milp32 ===
# of expected passes 11145
# of unexpected failures 3
# of unexpected successes 1
# of expected failures 70
# of unsupported tests 111
Running target unix/-mlp64
ERROR: tcl error sourcing /scratch/gcc/nightly-2005-12-12-mainline/src/gcc-mainline/gcc/testsuite/g++.dg/compat/struct-layout-1.exp.
ERROR: can't read "rootme": no such variable
XPASS: g++.dg/other/packed1.C execution test
FAIL: g++.dg/other/pr22003.C (test for excess errors)
FAIL: g++.dg/warn/weak1.C (test for excess errors)
WARNING: g++.dg/warn/weak1.C compilation failed to produce executable
FAIL: g++.dg/tls/static-1.C execution test
=== g++ Summary for unix/-mlp64 ===
# of expected passes 11113
# of unexpected failures 3
# of unexpected successes 1
# of expected failures 70
# of unsupported tests 113
=== g++ Summary ===
# of expected passes 22258
# of unexpected failures 6
# of unexpected successes 2
# of expected failures 140
# of unsupported tests 224
/scratch/gcc/nightly-2005-12-12-mainline/ia64-hp-hpux11.23/build_gcc/install/bin/c++ version 4.2.0 20051212 (experimental)
=== gcc tests ===
Running target unix/-milp32
FAIL: gcc.dg/attr-weakref-1.c execution test
FAIL: gcc.dg/builtin-apply4.c execution test
FAIL: gcc.dg/tls/pr24428-2.c execution test
FAIL: gcc.dg/tls/pr24428.c execution test
XPASS: gcc.dg/vect/pr16105.c scan-tree-dump-times vectorized 1 loops 1
XPASS: gcc.dg/vect/pr20122.c scan-tree-dump-times vectorized 1 loops 2
FAIL: gcc.dg/vect/pr24300.c (test for excess errors)
XPASS: gcc.dg/vect/vect-105.c scan-tree-dump-times vectorized 1 loops 1
XPASS: gcc.dg/vect/vect-30.c scan-tree-dump-times vectorized 1 loops 2
XPASS: gcc.dg/vect/vect-42.c scan-tree-dump-times vectorized 1 loops 1
XPASS: gcc.dg/vect/vect-43.c scan-tree-dump-times vectorized 1 loops 1
XPASS: gcc.dg/vect/vect-74.c scan-tree-dump-times vectorized 1 loops 1
XPASS: gcc.dg/vect/vect-75.c scan-tree-dump-times vectorized 1 loops 1
XPASS: gcc.dg/vect/vect-8.c scan-tree-dump-times vectorized 1 loops 1
FAIL: gcc.target/ia64/20030811-1.c (test for excess errors)
=== gcc Summary for unix/-milp32 ===
# of expected passes 36912
# of unexpected failures 6
# of unexpected successes 9
# of expected failures 127
# of untested testcases 28
# of unsupported tests 330
Running target unix/-mlp64
FAIL: gcc.dg/attr-weakref-1.c execution test
FAIL: gcc.dg/builtin-apply4.c execution test
XPASS: gcc.dg/torture/fp-int-convert-float128-timode.c -O0 (test for excess errors)
FAIL: gcc.dg/torture/fp-int-convert-float128-timode.c -O0 execution test
XPASS: gcc.dg/torture/fp-int-convert-float128-timode.c -O1 (test for excess errors)
FAIL: gcc.dg/torture/fp-int-convert-float128-timode.c -O1 execution test
XPASS: gcc.dg/torture/fp-int-convert-float128-timode.c -O2 (test for excess errors)
FAIL: gcc.dg/torture/fp-int-convert-float128-timode.c -O2 execution test
XPASS: gcc.dg/torture/fp-int-convert-float128-timode.c -O3 -fomit-frame-pointer (test for excess errors)
FAIL: gcc.dg/torture/fp-int-convert-float128-timode.c -O3 -fomit-frame-pointer execution test
XPASS: gcc.dg/torture/fp-int-convert-float128-timode.c -O3 -g (test for excess errors)
FAIL: gcc.dg/torture/fp-int-convert-float128-timode.c -O3 -g execution test
XPASS: gcc.dg/torture/fp-int-convert-float128-timode.c -Os (test for excess errors)
FAIL: gcc.dg/torture/fp-int-convert-float128-timode.c -Os execution test
XPASS: gcc.dg/vect/pr16105.c scan-tree-dump-times vectorized 1 loops 1
XPASS: gcc.dg/vect/pr20122.c scan-tree-dump-times vectorized 1 loops 2
FAIL: gcc.dg/vect/pr24300.c (test for excess errors)
XPASS: gcc.dg/vect/vect-105.c scan-tree-dump-times vectorized 1 loops 1
XPASS: gcc.dg/vect/vect-30.c scan-tree-dump-times vectorized 1 loops 2
XPASS: gcc.dg/vect/vect-42.c scan-tree-dump-times vectorized 1 loops 1
XPASS: gcc.dg/vect/vect-43.c scan-tree-dump-times vectorized 1 loops 1
XPASS: gcc.dg/vect/vect-74.c scan-tree-dump-times vectorized 1 loops 1
XPASS: gcc.dg/vect/vect-75.c scan-tree-dump-times vectorized 1 loops 1
XPASS: gcc.dg/vect/vect-8.c scan-tree-dump-times vectorized 1 loops 1
=== gcc Summary for unix/-mlp64 ===
# of expected passes 36897
# of unexpected failures 9
# of unexpected successes 15
# of expected failures 133
# of untested testcases 28
# of unsupported tests 331
=== gcc Summary ===
# of expected passes 73809
# of unexpected failures 15
# of unexpected successes 24
# of expected failures 260
# of untested testcases 56
# of unsupported tests 661
/scratch/gcc/nightly-2005-12-12-mainline/ia64-hp-hpux11.23/build_gcc/install/bin/gcc version 4.2.0 20051212 (experimental)
=== libstdc++ tests ===
Running target unix/-milp32
FAIL: 27_io/basic_ostream/inserters_character/char/9555-oc.cc execution test
=== libstdc++ Summary for unix/-milp32 ===
# of expected passes 2621
# of unexpected failures 1
# of expected failures 10
# of unsupported tests 159
Running target unix/-mlp64
FAIL: 27_io/basic_ostream/inserters_character/char/9555-oc.cc execution test
=== libstdc++ Summary for unix/-mlp64 ===
# of expected passes 2621
# of unexpected failures 1
# of expected failures 10
# of unsupported tests 159
=== libstdc++ Summary ===
# of expected passes 5242
# of unexpected failures 2
# of expected failures 20
# of unsupported tests 318
Compiler version: 4.2.0 20051212 (experimental)
Platform: ia64-hp-hpux11.23
configure flags: --disable-nls --build=ia64-hp-hpux11.23 --host=ia64-hp-hpux11.23 --target=ia64-hp-hpux11.23 --enable-shared --enable-threads --disable-libmudflap --disable-libssp --disable-libstdcxx-pch --with-gnu-as --with-as=/scratch/gcc/nightly-2005-12-12-mainline/ia64-hp-hpux11.23/build_gcc/install/bin/as --without-gnu-ld --with-ld=/usr/ccs/bin/ld --prefix=/scratch/gcc/nightly-2005-12-12-mainline/ia64-hp-hpux11.23/build_gcc/install --enable-languages=c,c++