This is the mail archive of the
gcc-testresults@gcc.gnu.org
mailing list for the GCC project.
Results for 4.1.0 20051210 (prerelease) testsuite on ia64-hp-hpux11.23
- From: CodeSourcery Automatic Testing System <gcc at codesourcery dot com>
- To: gcc-testresults at gcc dot gnu dot org
- Date: Sat, 10 Dec 2005 14:56:51 -0800 (PST)
- Subject: Results for 4.1.0 20051210 (prerelease) testsuite on ia64-hp-hpux11.23
LAST_UPDATED: Sat Dec 10 08:10:30 UTC 2005 (revision 108345)
Native configuration is ia64-hp-hpux11.23
=== g++ tests ===
Running target unix/-milp32
ERROR: tcl error sourcing /scratch/gcc/nightly-2005-12-10-4.1/src/gcc-4.1/gcc/testsuite/g++.dg/compat/struct-layout-1.exp.
ERROR: can't read "rootme": no such variable
XPASS: g++.dg/other/packed1.C execution test
FAIL: g++.dg/other/pr22003.C (test for excess errors)
XPASS: g++.dg/tree-ssa/pr14814.C scan-tree-dump-times &this 0
FAIL: g++.dg/warn/weak1.C (test for excess errors)
WARNING: g++.dg/warn/weak1.C compilation failed to produce executable
FAIL: g++.dg/tls/static-1.C execution test
=== g++ Summary for unix/-milp32 ===
# of expected passes 11128
# of unexpected failures 3
# of unexpected successes 2
# of expected failures 70
# of unsupported tests 111
Running target unix/-mlp64
ERROR: tcl error sourcing /scratch/gcc/nightly-2005-12-10-4.1/src/gcc-4.1/gcc/testsuite/g++.dg/compat/struct-layout-1.exp.
ERROR: can't read "rootme": no such variable
XPASS: g++.dg/other/packed1.C execution test
FAIL: g++.dg/other/pr22003.C (test for excess errors)
XPASS: g++.dg/tree-ssa/pr14814.C scan-tree-dump-times &this 0
FAIL: g++.dg/warn/weak1.C (test for excess errors)
WARNING: g++.dg/warn/weak1.C compilation failed to produce executable
FAIL: g++.dg/tls/static-1.C execution test
=== g++ Summary for unix/-mlp64 ===
# of expected passes 11096
# of unexpected failures 3
# of unexpected successes 2
# of expected failures 70
# of unsupported tests 113
=== g++ Summary ===
# of expected passes 22224
# of unexpected failures 6
# of unexpected successes 4
# of expected failures 140
# of unsupported tests 224
/scratch/gcc/nightly-2005-12-10-4.1/ia64-hp-hpux11.23/build_gcc/install/bin/c++ version 4.1.0 20051210 (prerelease)
=== gcc tests ===
Running target unix/-milp32
FAIL: gcc.dg/attr-weakref-1.c (test for excess errors)
WARNING: gcc.dg/attr-weakref-1.c compilation failed to produce executable
FAIL: gcc.dg/builtin-apply4.c execution test
FAIL: gcc.dg/tls/pr24428-2.c execution test
FAIL: gcc.dg/tls/pr24428.c execution test
XPASS: gcc.dg/vect/pr16105.c scan-tree-dump-times vectorized 1 loops 1
XPASS: gcc.dg/vect/pr20122.c scan-tree-dump-times vectorized 1 loops 2
FAIL: gcc.dg/vect/pr24300.c (test for excess errors)
XPASS: gcc.dg/vect/vect-105.c scan-tree-dump-times vectorized 1 loops 1
XPASS: gcc.dg/vect/vect-30.c scan-tree-dump-times vectorized 1 loops 2
XPASS: gcc.dg/vect/vect-42.c scan-tree-dump-times vectorized 1 loops 1
XPASS: gcc.dg/vect/vect-43.c scan-tree-dump-times vectorized 1 loops 1
XPASS: gcc.dg/vect/vect-74.c scan-tree-dump-times vectorized 1 loops 1
XPASS: gcc.dg/vect/vect-75.c scan-tree-dump-times vectorized 1 loops 1
XPASS: gcc.dg/vect/vect-8.c scan-tree-dump-times vectorized 1 loops 1
FAIL: gcc.target/ia64/20030811-1.c (test for excess errors)
=== gcc Summary for unix/-milp32 ===
# of expected passes 36705
# of unexpected failures 6
# of unexpected successes 9
# of expected failures 129
# of untested testcases 28
# of unsupported tests 328
Running target unix/-mlp64
FAIL: gcc.dg/attr-weakref-1.c (test for excess errors)
WARNING: gcc.dg/attr-weakref-1.c compilation failed to produce executable
FAIL: gcc.dg/builtin-apply4.c execution test
XPASS: gcc.dg/vect/pr16105.c scan-tree-dump-times vectorized 1 loops 1
XPASS: gcc.dg/vect/pr20122.c scan-tree-dump-times vectorized 1 loops 2
FAIL: gcc.dg/vect/pr24300.c (test for excess errors)
XPASS: gcc.dg/vect/vect-105.c scan-tree-dump-times vectorized 1 loops 1
XPASS: gcc.dg/vect/vect-30.c scan-tree-dump-times vectorized 1 loops 2
XPASS: gcc.dg/vect/vect-42.c scan-tree-dump-times vectorized 1 loops 1
XPASS: gcc.dg/vect/vect-43.c scan-tree-dump-times vectorized 1 loops 1
XPASS: gcc.dg/vect/vect-74.c scan-tree-dump-times vectorized 1 loops 1
XPASS: gcc.dg/vect/vect-75.c scan-tree-dump-times vectorized 1 loops 1
XPASS: gcc.dg/vect/vect-8.c scan-tree-dump-times vectorized 1 loops 1
=== gcc Summary for unix/-mlp64 ===
# of expected passes 36708
# of unexpected failures 3
# of unexpected successes 9
# of expected failures 129
# of untested testcases 28
# of unsupported tests 329
=== gcc Summary ===
# of expected passes 73413
# of unexpected failures 9
# of unexpected successes 18
# of expected failures 258
# of untested testcases 56
# of unsupported tests 657
/scratch/gcc/nightly-2005-12-10-4.1/ia64-hp-hpux11.23/build_gcc/install/bin/gcc version 4.1.0 20051210 (prerelease)
=== libstdc++ tests ===
Running target unix/-milp32
=== libstdc++ Summary for unix/-milp32 ===
# of expected passes 2616
# of expected failures 10
# of unsupported tests 158
Running target unix/-mlp64
=== libstdc++ Summary for unix/-mlp64 ===
# of expected passes 2616
# of expected failures 10
# of unsupported tests 158
=== libstdc++ Summary ===
# of expected passes 5232
# of expected failures 20
# of unsupported tests 316
Compiler version: 4.1.0 20051210 (prerelease)
Platform: ia64-hp-hpux11.23
configure flags: --disable-nls --build=ia64-hp-hpux11.23 --host=ia64-hp-hpux11.23 --target=ia64-hp-hpux11.23 --enable-shared --enable-threads --disable-libmudflap --disable-libssp --disable-libstdcxx-pch --with-gnu-as --with-as=/scratch/gcc/nightly-2005-12-10-4.1/ia64-hp-hpux11.23/build_gcc/install/bin/as --without-gnu-ld --with-ld=/usr/ccs/bin/ld --prefix=/scratch/gcc/nightly-2005-12-10-4.1/ia64-hp-hpux11.23/build_gcc/install --enable-languages=c,c++