This is the mail archive of the
gcc-testresults@gcc.gnu.org
mailing list for the GCC project.
Results for gcc gfortran testsuite on sparc-sun-solaris2.9
- From: Francois-Xavier Coudert <coudert at lcp dot u-psud dot fr>
- To: gcc-testresults at gcc dot gnu dot org
- Date: Fri, 9 Dec 2005 16:40:15 +0100
- Subject: Results for gcc gfortran testsuite on sparc-sun-solaris2.9
LAST_UPDATED:
Native configuration is sparc-sun-solaris2.9
=== gfortran tests ===
Running target unix
FAIL: gfortran.dg/cray_pointers_2.f90 -O3 -fomit-frame-pointer -funroll-loops execution test
FAIL: gfortran.dg/cray_pointers_2.f90 -O3 -fomit-frame-pointer -funroll-all-loops -finline-functions execution test
FAIL: gfortran.dg/modulo_1.f90 -O (test for warnings, line 6)
FAIL: gfortran.dg/modulo_1.f90 -O (test for warnings, line 7)
=== gfortran Summary for unix ===
# of expected passes10683
# of unexpected failures4
# of expected failures6
# of unsupported tests63
Running target unix/-m64
FAIL: gfortran.dg/d_lines_4.f -O (test for errors, line 3)
FAIL: gfortran.dg/d_lines_4.f -O (test for excess errors)
FAIL: gfortran.dg/enum_2.f90 -O (test for errors, line 12)
FAIL: gfortran.dg/return_1.f90 -O (test for errors, line 5)
FAIL: gfortran.dg/return_1.f90 -O (test for excess errors)
FAIL: gfortran.dg/secnds.f -O0 execution test
=== gfortran Summary for unix/-m64 ===
# of expected passes10695
# of unexpected failures6
# of expected failures7
# of unsupported tests55
=== gfortran Summary ===
# of expected passes21378
# of unexpected failures10
# of expected failures13
# of unsupported tests118
Compiler version: gcc gfortran
Platform: sparc-sun-solaris2.9
configure flags: --prefix=/tmp/gfortran-20051209/irun --enable-languages=c,fortran --with-gmp=/tmp/gfortran-20051209/gfortran_libs --with-mpfr=/tmp/gfortran-20051209/gfortran_libs --disable-libssp --disable-libmudflap --disable-nls,;t t