This is the mail archive of the
gcc-testresults@gcc.gnu.org
mailing list for the GCC project.
Results for 4.0.3 20051201 (prerelease) (Debian 4.0.2-5) testsuite on hppa-unknown-linux-gnu
- From: Matthias Klose <doko at debian dot org>
- To: gcc-testresults at gcc dot gnu dot org
- Cc: debian-gcc at lists dot debian dot org
- Date: Mon, 05 Dec 2005 17:54:29 -0700
- Subject: Results for 4.0.3 20051201 (prerelease) (Debian 4.0.2-5) testsuite on hppa-unknown-linux-gnu
- Reply-to: Matthias Klose <doko at debian dot org>
LAST_UPDATED: Thu Dec 1 18:58:03 UTC 2005 (revision 107827)
=== acats tests ===
FAIL: a85013b
FAIL: a87b59a
FAIL: a95074d
FAIL: ac3207a
FAIL: ad7201a
FAIL: c37402a
FAIL: c37403a
FAIL: c38102d
FAIL: c38202a
FAIL: c39008a
FAIL: c39008b
FAIL: c39008c
FAIL: c41306a
FAIL: c41306b
FAIL: c41306c
FAIL: c41307d
FAIL: c45282b
FAIL: c46051a
FAIL: c51004a
FAIL: c59002c
FAIL: c64201b
FAIL: c650001
FAIL: c761007
FAIL: c83023a
FAIL: c85005b
FAIL: c85005c
FAIL: c85005d
FAIL: c85005e
FAIL: c85006b
FAIL: c85006c
FAIL: c85006d
FAIL: c85006e
FAIL: c85018a
FAIL: c85018b
FAIL: c87b45c
FAIL: c87b54a
FAIL: c910001
FAIL: c910002
FAIL: c910003
FAIL: c91006a
FAIL: c91007a
FAIL: c92002a
FAIL: c92003a
FAIL: c92005a
FAIL: c92005b
FAIL: c930001
FAIL: c93001a
FAIL: c93002a
FAIL: c93003a
FAIL: c93004a
FAIL: c93004b
FAIL: c93004c
FAIL: c93004d
FAIL: c93004f
FAIL: c93005a
FAIL: c93005b
FAIL: c93005c
FAIL: c93005d
FAIL: c93005e
FAIL: c93005f
FAIL: c93005g
FAIL: c93005h
FAIL: c93007a
FAIL: c93008a
FAIL: c93008b
FAIL: c940001
FAIL: c940005
FAIL: c940007
FAIL: c940010
FAIL: c940013
FAIL: c940014
FAIL: c940016
FAIL: c94001a
FAIL: c94001b
FAIL: c94001c
FAIL: c94001e
FAIL: c94001f
FAIL: c94001g
FAIL: c94002a
FAIL: c94002b
FAIL: c94002e
FAIL: c94002f
FAIL: c94002g
FAIL: c94005b
FAIL: c94006a
FAIL: c94007a
FAIL: c94007b
FAIL: c94008a
FAIL: c94008b
FAIL: c94008c
FAIL: c94008d
FAIL: c94010a
FAIL: c94011a
FAIL: c94020a
FAIL: c95008a
FAIL: c95009a
FAIL: c95010a
FAIL: c95011a
FAIL: c95012a
FAIL: c95021a
FAIL: c95022a
FAIL: c95022b
FAIL: c95040a
FAIL: c95040c
FAIL: c95040d
FAIL: c95065a
FAIL: c95065b
FAIL: c95065c
FAIL: c95065d
FAIL: c95065e
FAIL: c95065f
FAIL: c95071a
FAIL: c95072a
FAIL: c95072b
FAIL: c95074c
FAIL: c95078a
FAIL: c95085b
FAIL: c95085c
FAIL: c95085d
FAIL: c95085e
FAIL: c95085f
FAIL: c95085g
FAIL: c95085h
FAIL: c95085i
FAIL: c95085j
FAIL: c95085k
FAIL: c95085l
FAIL: c95085m
FAIL: c95085n
FAIL: c95085o
FAIL: c95086b
FAIL: c95086c
FAIL: c95086d
FAIL: c95086e
FAIL: c95086f
FAIL: c95087a
FAIL: c95087b
FAIL: c95087c
FAIL: c95087d
FAIL: c95090a
FAIL: c95093a
FAIL: c95095a
FAIL: c95095b
FAIL: c95095c
FAIL: c95095d
FAIL: c95095e
FAIL: c951001
FAIL: c951002
FAIL: c953001
FAIL: c953002
FAIL: c953003
FAIL: c954001
FAIL: c954019
FAIL: c954022
FAIL: c954023
FAIL: c954024
FAIL: c954025
FAIL: c954026
FAIL: c960001
FAIL: c960002
FAIL: c960004
FAIL: c97112a
FAIL: c97113a
FAIL: c97114a
FAIL: c97115a
FAIL: c97116a
FAIL: c97117a
FAIL: c97117b
FAIL: c97117c
FAIL: c97118a
FAIL: c97120a
FAIL: c97120b
FAIL: c97201a
FAIL: c97201b
FAIL: c97201c
FAIL: c97201d
FAIL: c97201e
FAIL: c97201g
FAIL: c97201h
FAIL: c97201x
FAIL: c97202a
FAIL: c97203a
FAIL: c97203b
FAIL: c97203c
FAIL: c97204a
FAIL: c97204b
FAIL: c97205a
FAIL: c97205b
FAIL: c97301a
FAIL: c97301b
FAIL: c97301c
FAIL: c97301d
FAIL: c97301e
FAIL: c97302a
FAIL: c97303a
FAIL: c97303b
FAIL: c97303c
FAIL: c97304a
FAIL: c97304b
FAIL: c97305a
FAIL: c97305b
FAIL: c97305c
FAIL: c97305d
FAIL: c97307a
FAIL: c974001
FAIL: c974002
FAIL: c974003
FAIL: c974004
FAIL: c974005
FAIL: c974008
FAIL: c974009
FAIL: c974010
FAIL: c974011
FAIL: c974013
FAIL: c99004a
FAIL: c99005a
FAIL: c9a003a
FAIL: c9a004a
FAIL: c9a007a
FAIL: c9a009a
FAIL: c9a009c
FAIL: c9a009f
FAIL: c9a009g
FAIL: c9a009h
FAIL: c9a010a
FAIL: cb1010a
FAIL: cb41002
FAIL: cb5001a
FAIL: cb5001b
FAIL: cb5002a
FAIL: cc1207b
FAIL: cc1310a
FAIL: cc3106b
FAIL: cc3120b
FAIL: cc3225a
FAIL: cc3601c
FAIL: cc3602a
FAIL: cd10002
FAIL: cd2c11a
FAIL: cxg1005
=== acats Summary ===
# of expected passes 2080
# of unexpected failures 240
Native configuration is hppa-unknown-linux-gnu
=== g++ tests ===
Running target unix
XPASS: g++.old-deja/g++.other/init5.C execution test
=== g++ Summary ===
# of expected passes 11241
# of unexpected successes 1
# of expected failures 68
# of unsupported tests 94
/scratch/packages/gcc/4.0/gcc-4.0-4.0.2/build/gcc/testsuite/../g++ version 4.0.3 20051201 (prerelease) (Debian 4.0.2-5)
=== gcc tests ===
Running target unix
XPASS: gcc.dg/const-elim-1.c scan-assembler-not L\\\\\$?C[^A-Z]
XPASS: gcc.dg/tree-ssa/loop-1.c scan-assembler-times foo 5
=== gcc Summary ===
# of expected passes 34521
# of unexpected successes 2
# of expected failures 68
# of untested testcases 28
# of unsupported tests 507
/scratch/packages/gcc/4.0/gcc-4.0-4.0.2/build/gcc/xgcc version 4.0.3 20051201 (prerelease) (Debian 4.0.2-5)
=== gfortran tests ===
Running target unix
FAIL: gfortran.dg/g77/erfc.f -O0 execution test
FAIL: gfortran.dg/g77/erfc.f -O1 execution test
FAIL: gfortran.dg/g77/erfc.f -O2 execution test
FAIL: gfortran.dg/g77/erfc.f -O3 -fomit-frame-pointer execution test
FAIL: gfortran.dg/g77/erfc.f -O3 -fomit-frame-pointer -funroll-loops execution test
FAIL: gfortran.dg/g77/erfc.f -O3 -fomit-frame-pointer -funroll-all-loops -finline-functions execution test
FAIL: gfortran.dg/g77/erfc.f -O3 -g execution test
FAIL: gfortran.dg/g77/erfc.f -Os execution test
FAIL: gfortran.fortran-torture/execute/math.f90 execution, -O0
FAIL: gfortran.fortran-torture/execute/math.f90 execution, -O1
FAIL: gfortran.fortran-torture/execute/math.f90 execution, -O2
FAIL: gfortran.fortran-torture/execute/math.f90 execution, -O3 -fomit-frame-pointer
FAIL: gfortran.fortran-torture/execute/math.f90 execution, -O3 -fomit-frame-pointer -funroll-loops
FAIL: gfortran.fortran-torture/execute/math.f90 execution, -O3 -fomit-frame-pointer -funroll-all-loops -finline-functions
FAIL: gfortran.fortran-torture/execute/math.f90 execution, -O3 -g
FAIL: gfortran.fortran-torture/execute/math.f90 execution, -Os
FAIL: gfortran.fortran-torture/execute/specifics.f90 execution, -O0
FAIL: gfortran.fortran-torture/execute/specifics.f90 execution, -O1
FAIL: gfortran.fortran-torture/execute/specifics.f90 execution, -O2
FAIL: gfortran.fortran-torture/execute/specifics.f90 execution, -O3 -fomit-frame-pointer
FAIL: gfortran.fortran-torture/execute/specifics.f90 execution, -O3 -fomit-frame-pointer -funroll-loops
FAIL: gfortran.fortran-torture/execute/specifics.f90 execution, -O3 -fomit-frame-pointer -funroll-all-loops -finline-functions
FAIL: gfortran.fortran-torture/execute/specifics.f90 execution, -O3 -g
FAIL: gfortran.fortran-torture/execute/specifics.f90 execution, -Os
=== gfortran Summary ===
# of expected passes 8746
# of unexpected failures 24
# of expected failures 1
# of unsupported tests 17
/scratch/packages/gcc/4.0/gcc-4.0-4.0.2/build/gcc/testsuite/../gfortran version 4.0.3 20051201 (prerelease) (Debian 4.0.2-5)
=== objc tests ===
Running target unix
=== objc Summary ===
# of expected passes 1536
# of unsupported tests 10
/scratch/packages/gcc/4.0/gcc-4.0-4.0.2/build/gcc/xgcc version 4.0.3 20051201 (prerelease) (Debian 4.0.2-5)
=== libffi tests ===
Running target unix
=== libffi Summary ===
# of expected passes 219
# of unsupported tests 2
=== libmudflap tests ===
Running target unix
FAIL: libmudflap.c/pass49-frag.c execution test
FAIL: libmudflap.c/pass49-frag.c output pattern test
FAIL: libmudflap.c/pass49-frag.c (-static) execution test
FAIL: libmudflap.c/pass49-frag.c (-static) output pattern test
FAIL: libmudflap.c/pass49-frag.c (-O2) execution test
FAIL: libmudflap.c/pass49-frag.c (-O2) output pattern test
FAIL: libmudflap.c/pass49-frag.c (-O3) execution test
FAIL: libmudflap.c/pass49-frag.c (-O3) output pattern test
WARNING: program timed out.
FAIL: libmudflap.cth/pass40-frag.c execution test
FAIL: libmudflap.cth/pass40-frag.c output pattern test
WARNING: program timed out.
FAIL: libmudflap.cth/pass40-frag.c (-static -DSTATIC) execution test
FAIL: libmudflap.cth/pass40-frag.c (-static -DSTATIC) output pattern test
WARNING: program timed out.
FAIL: libmudflap.cth/pass40-frag.c (-O2) execution test
FAIL: libmudflap.cth/pass40-frag.c (-O2) output pattern test
WARNING: program timed out.
FAIL: libmudflap.cth/pass40-frag.c (-O3) execution test
FAIL: libmudflap.cth/pass40-frag.c (-O3) output pattern test
=== libmudflap Summary ===
# of expected passes 1272
# of unexpected failures 16
=== libstdc++ tests ===
Running target unix
XPASS: 22_locale/locale/cons/12658_thread-1.cc execution test
FAIL: 22_locale/money_get/get/char/12.cc execution test
FAIL: 22_locale/money_get/get/char/3.cc execution test
FAIL: 22_locale/money_get/get/char/4.cc execution test
FAIL: 22_locale/money_get/get/char/5.cc execution test
FAIL: 22_locale/money_get/get/char/wrapped_env.cc execution test
FAIL: 22_locale/money_get/get/char/wrapped_locale.cc execution test
FAIL: 22_locale/money_get/get/wchar_t/12.cc execution test
FAIL: 22_locale/money_get/get/wchar_t/3.cc execution test
FAIL: 22_locale/money_get/get/wchar_t/4.cc execution test
FAIL: 22_locale/money_get/get/wchar_t/5.cc execution test
FAIL: 22_locale/money_get/get/wchar_t/wrapped_env.cc execution test
FAIL: 22_locale/money_get/get/wchar_t/wrapped_locale.cc execution test
FAIL: 22_locale/num_get/get/char/1.cc execution test
FAIL: 22_locale/num_get/get/char/10.cc execution test
FAIL: 22_locale/num_get/get/char/4.cc execution test
FAIL: 22_locale/num_get/get/char/wrapped_env.cc execution test
FAIL: 22_locale/num_get/get/char/wrapped_locale.cc execution test
FAIL: 22_locale/num_get/get/wchar_t/1.cc execution test
FAIL: 22_locale/num_get/get/wchar_t/10.cc execution test
FAIL: 22_locale/num_get/get/wchar_t/4.cc execution test
FAIL: 22_locale/num_get/get/wchar_t/wrapped_env.cc execution test
FAIL: 22_locale/num_get/get/wchar_t/wrapped_locale.cc execution test
XPASS: 26_numerics/cmath/c99_classification_macros_c.cc (test for excess errors)
FAIL: 26_numerics/complex/complex_inserters_extractors.cc execution test
FAIL: 27_io/basic_istream/extractors_arithmetic/char/01.cc execution test
FAIL: 27_io/basic_istream/extractors_arithmetic/wchar_t/01.cc execution test
WARNING: program timed out.
FAIL: thread/pthread7-rope.cc execution test
=== libstdc++ Summary ===
# of expected passes 3685
# of unexpected failures 26
# of unexpected successes 2
# of expected failures 12
Compiler version: 4.0.3 20051201 (prerelease) (Debian 4.0.2-5)
Platform: hppa-unknown-linux-gnu
configure flags: -v --prefix=/usr --enable-shared --with-system-zlib --libexecdir=/usr/lib --without-included-gettext --enable-threads=posix --enable-nls --program-suffix=-4.0 --enable-__cxa_atexit --enable-clocale=gnu --enable-libstdcxx-debug --enable-java-awt=gtk --enable-gtk-cairo --with-java-home=/usr/lib/jvm/java-1.4.2-gcj-4.0-1.4.2.0/jre --enable-mpfr --disable-werror --enable-checking=release hppa-linux-gnu --enable-languages=c,ada,c++,f95,java,objc,treelang
BOOT_CFLAGS=-O2
Build Dependencies:
Desired=Unknown/Install/Remove/Purge/Hold
| Status=Not/Installed/Config-files/Unpacked/Failed-config/Half-installed
|/ Err?=(none)/Hold/Reinst-required/X=both-problems (Status,Err: uppercase=bad)
||/ Name Version Description
+++-==============-===================-==============================================
ii binutils 2.16.1cvs20051117-1 The GNU assembler, linker and binary utilities
Patches that Debian applied in this version:
svn-updates:
CVS updates from the 4.0 branch upto 20051201.
gcc-version:
Add package identification to the gcc version string
gcc-textdomain:
Set gettext's domain and textdomain to the versioned package name.
rename-info-files:
Allow transformations on info file names. Reference the
transformed info file names in the texinfo files.
libstdc++-pic:
Build and install libstdc++_pic.a library.
libstdc++-doclink:
adjust hrefs to point to the local documentation
amd64-specs:
On x86-64 use 64bits mode assembly except with -m32.
gccbug:
Use sensible-editor instead of vi as fallback editor
gccbug-posix:
Make gccbug POSIX compliant (patch by David Weinehall)
http://www.opengroup.org/onlinepubs/009695399/utilities/test.html
boehm-gc-nocheck:
Disable running the boehm-gc testsuite. Hangs the buildd at least on hppa.
acats-expect:
Run the ACATS testsuite using expect
fastjar-version:
Append GCC version to the fastjar version string.
libstdc++-doxygen:
libstdc++ doxygen docs: Set SHORT_NAMES to YES
arm-bigendian:
pr19877:
Proposed patch to fix PR19877 (libgcj configury)
323016:
Apply proposed patch for http://bugs.debian.org/323016
classpath-20050618:
- update classpath awt, swing and xml parser for HTML support in swing.
taken from classpath CVS HEAD 2005-06-18.
- updates for gnu.xml and javax.swing.text.html.
classmap-path:
Search classmap.db in /var/lib/gcj-4.0 (omitting the subminor version).
xml-update-20050930:
classpath xml-update from 20050930
gcc-m68k-update:
2005-07-24 Andreas Schwab <schwab@suse.de>
* config/m68k/m68k.md ("extendqidi2"): When source is an address
register use a word move. Correct operand of ext.w in 68000 code.
libjava-awt-name:
2005-05-12 Thomas Fitzsimmons <fitzsim@redhat.com>
* Makefile.am (cond_gtk_gcjawt_ltlibrary): Rename libjawt.la
libgcjawt.la.
libjava-awt-peer-gtk:
Fix a segfault on architectures where the size of a pointer is
greater than the size of an integer, such as ia64.
libjava-dlsearch-path:
Add /usr/lib/gcj-4.0 to the dlsearch path.
libjava-streamserializer:
Fix Ubuntu #12744, bug in StreamSerializer, seen with eclipse-3.1
libjava-saxdriver-fix:
Fix bug lin SAXDriver, needeed for eclipse's AntCompletionProcessor
libjava-xml-transform:
Fix bug in xml transformer, needed to fix eclipse's handling of its configuration files
disable-libgcj:
Do not build the java runtime (from this source package)
deb-protoize:
build protoize/unprotoize binaries
ada-link-lib:
- Install the shared Ada libraries as '.so.1', not '.so' to conform
to the Debian policy.
- Don't include a runtime link path (-rpath), when linking binaries.
- Build the shared libraries on hppa-linux.
ada-gcc-name:
use gcc-4.0 instead of gcc as the command name.
link-libs:
reporting:
Add Debian URL for bug reporting isntructions.
Counting all warnings,
there are 76 warnings in stage3 of this bootstrap.
Number of warnings per file:
22 ./auto-host.h
11 treelang/lex.c
11 gengtype-lex.c
11 gcc/tsystem.h
11 gcc/defaults.h
4 gcc/gcc.c
2 gcc/objc/lang-specs.h
1 gcc/treelang/parse.y
1 gcc/protoize.c
1 gcc/java/jvspec.c
1 gcc/java/jcf-write.c
Number of warning types:
22 this is the location of the previous definition
22 no previous prototype for `???'
11 `HAVE_DECL_GETOPT' redefined
11 `DEFAULT_USE_CXA_ATEXIT' redefined
5 string length `???' is greater than the length `???' ISO C89 compilers are required to support
2 comparison between signed and unsigned
1 unused variable `???'
1 control may reach end of non-void function `???' being inlined
1 argument `???' might be clobbered by `???' or `???'