This is the mail archive of the
gcc-testresults@gcc.gnu.org
mailing list for the GCC project.
Results for 4.2.0 20051203 (experimental) testsuite on ia64-suse-linux-gnu
- From: Andreas Schwab <schwab at suse dot de>
- To: gcc-testresults at gcc dot gnu dot org
- Date: Sat, 03 Dec 2005 11:49:23 +0100
- Subject: Results for 4.2.0 20051203 (experimental) testsuite on ia64-suse-linux-gnu
LAST_UPDATED: Sat Dec 3 09:02:19 UTC 2005 (revision 107994M)
=== acats tests ===
FAIL: c32001e
FAIL: c52103x
FAIL: c52104x
FAIL: c52104y
FAIL: c64105b
FAIL: c95086b
=== acats Summary ===
# of expected passes 2313
# of unexpected failures 6
Native configuration is ia64-suse-linux-gnu
=== g++ tests ===
Running target unix
XPASS: g++.old-deja/g++.other/init5.C execution test
=== g++ Summary ===
# of expected passes 11134
# of unexpected successes 1
# of expected failures 65
# of unsupported tests 101
/tmp/cvs/gcc-20051203/Build/gcc/testsuite/../g++ version 4.2.0 20051203 (experimental)
=== gcc tests ===
Running target unix
FAIL: gcc.dg/builtin-apply4.c execution test
ERROR: gcc.dg/torture/fp-int-convert-float128-timode.c -O0 : syntax error in target selector "target ia64-*-* && lp64" for " dg-xfail-if 5 "" { ia64-*-* && lp64 } { "*" } { "" } "
UNRESOLVED: gcc.dg/torture/fp-int-convert-float128-timode.c -O0 : syntax error in target selector "target ia64-*-* && lp64" for " dg-xfail-if 5 "" { ia64-*-* && lp64 } { "*" } { "" } "
ERROR: gcc.dg/torture/fp-int-convert-float128-timode.c -O1 : syntax error in target selector "target ia64-*-* && lp64" for " dg-xfail-if 5 "" { ia64-*-* && lp64 } { "*" } { "" } "
UNRESOLVED: gcc.dg/torture/fp-int-convert-float128-timode.c -O1 : syntax error in target selector "target ia64-*-* && lp64" for " dg-xfail-if 5 "" { ia64-*-* && lp64 } { "*" } { "" } "
ERROR: gcc.dg/torture/fp-int-convert-float128-timode.c -O2 : syntax error in target selector "target ia64-*-* && lp64" for " dg-xfail-if 5 "" { ia64-*-* && lp64 } { "*" } { "" } "
UNRESOLVED: gcc.dg/torture/fp-int-convert-float128-timode.c -O2 : syntax error in target selector "target ia64-*-* && lp64" for " dg-xfail-if 5 "" { ia64-*-* && lp64 } { "*" } { "" } "
ERROR: gcc.dg/torture/fp-int-convert-float128-timode.c -O3 -fomit-frame-pointer : syntax error in target selector "target ia64-*-* && lp64" for " dg-xfail-if 5 "" { ia64-*-* && lp64 } { "*" } { "" } "
UNRESOLVED: gcc.dg/torture/fp-int-convert-float128-timode.c -O3 -fomit-frame-pointer : syntax error in target selector "target ia64-*-* && lp64" for " dg-xfail-if 5 "" { ia64-*-* && lp64 } { "*" } { "" } "
ERROR: gcc.dg/torture/fp-int-convert-float128-timode.c -O3 -g : syntax error in target selector "target ia64-*-* && lp64" for " dg-xfail-if 5 "" { ia64-*-* && lp64 } { "*" } { "" } "
UNRESOLVED: gcc.dg/torture/fp-int-convert-float128-timode.c -O3 -g : syntax error in target selector "target ia64-*-* && lp64" for " dg-xfail-if 5 "" { ia64-*-* && lp64 } { "*" } { "" } "
ERROR: gcc.dg/torture/fp-int-convert-float128-timode.c -Os : syntax error in target selector "target ia64-*-* && lp64" for " dg-xfail-if 5 "" { ia64-*-* && lp64 } { "*" } { "" } "
UNRESOLVED: gcc.dg/torture/fp-int-convert-float128-timode.c -Os : syntax error in target selector "target ia64-*-* && lp64" for " dg-xfail-if 5 "" { ia64-*-* && lp64 } { "*" } { "" } "
FAIL: gcc.dg/torture/fp-int-convert-float128.c -O0 (test for excess errors)
WARNING: gcc.dg/torture/fp-int-convert-float128.c -O0 compilation failed to produce executable
FAIL: gcc.dg/torture/fp-int-convert-float128.c -O1 (test for excess errors)
WARNING: gcc.dg/torture/fp-int-convert-float128.c -O1 compilation failed to produce executable
FAIL: gcc.dg/torture/fp-int-convert-float128.c -O2 (test for excess errors)
WARNING: gcc.dg/torture/fp-int-convert-float128.c -O2 compilation failed to produce executable
FAIL: gcc.dg/torture/fp-int-convert-float128.c -O3 -fomit-frame-pointer (test for excess errors)
WARNING: gcc.dg/torture/fp-int-convert-float128.c -O3 -fomit-frame-pointer compilation failed to produce executable
FAIL: gcc.dg/torture/fp-int-convert-float128.c -O3 -g (test for excess errors)
WARNING: gcc.dg/torture/fp-int-convert-float128.c -O3 -g compilation failed to produce executable
FAIL: gcc.dg/torture/fp-int-convert-float128.c -Os (test for excess errors)
WARNING: gcc.dg/torture/fp-int-convert-float128.c -Os compilation failed to produce executable
XPASS: gcc.dg/tree-ssa/loop-1.c scan-assembler-times foo 5
XPASS: gcc.dg/vect/pr16105.c scan-tree-dump-times vectorized 1 loops 1
XPASS: gcc.dg/vect/pr20122.c scan-tree-dump-times vectorized 1 loops 2
FAIL: gcc.dg/vect/pr24300.c (test for excess errors)
XPASS: gcc.dg/vect/vect-105.c scan-tree-dump-times vectorized 1 loops 1
XPASS: gcc.dg/vect/vect-30.c scan-tree-dump-times vectorized 1 loops 2
XPASS: gcc.dg/vect/vect-42.c scan-tree-dump-times vectorized 1 loops 1
XPASS: gcc.dg/vect/vect-43.c scan-tree-dump-times vectorized 1 loops 1
FAIL: gcc.dg/vect/vect-62.c scan-tree-dump-times not vectorized: redundant loop. no profit to vectorize. 1
XPASS: gcc.dg/vect/vect-74.c scan-tree-dump-times vectorized 1 loops 1
XPASS: gcc.dg/vect/vect-75.c scan-tree-dump-times vectorized 1 loops 1
XPASS: gcc.dg/vect/vect-76.c scan-tree-dump-times vectorized 3 loops 1
FAIL: gcc.dg/vect/vect-76.c scan-tree-dump-times vectorized 1 loops 1
XPASS: gcc.dg/vect/vect-8.c scan-tree-dump-times vectorized 1 loops 1
=== gcc Summary ===
# of expected passes 36862
# of unexpected failures 10
# of unexpected successes 11
# of expected failures 132
# of unresolved testcases 6
# of untested testcases 28
# of unsupported tests 306
/tmp/cvs/gcc-20051203/Build/gcc/xgcc version 4.2.0 20051203 (experimental)
=== gfortran tests ===
Running target unix
FAIL: gfortran.dg/vect/vect-4.f90 -O scan-tree-dump-times Alignment of access forced using peeling 1
FAIL: gfortran.dg/vect/vect-4.f90 -O scan-tree-dump-times Vectorizing an unaligned access 1
FAIL: gfortran.dg/vect/vect-5.f90 -O scan-tree-dump-times Alignment of access forced using versioning. 3
=== gfortran Summary ===
# of expected passes 10738
# of unexpected failures 3
# of expected failures 20
# of unsupported tests 18
/tmp/cvs/gcc-20051203/Build/gcc/testsuite/../gfortran version 4.2.0 20051203 (experimental)
=== objc tests ===
Running target unix
=== objc Summary ===
# of expected passes 1672
# of unsupported tests 23
/tmp/cvs/gcc-20051203/Build/gcc/xgcc version 4.2.0 20051203 (experimental)
=== libffi tests ===
Running target unix
=== libffi Summary ===
# of expected passes 228
# of unsupported tests 2
=== libjava tests ===
Running target unix
XPASS: Array_3 execution - bytecode->native test
XPASS: Array_3 -O3 execution - bytecode->native test
=== libjava Summary ===
# of expected passes 3991
# of unexpected successes 2
# of expected failures 10
# of untested testcases 8
=== libmudflap tests ===
Running target unix
FAIL: libmudflap.c++/pass41-frag.cxx (test for excess errors)
WARNING: libmudflap.c++/pass41-frag.cxx compilation failed to produce executable
FAIL: libmudflap.c++/pass41-frag.cxx ( -O) (test for excess errors)
WARNING: libmudflap.c++/pass41-frag.cxx ( -O) compilation failed to produce executable
FAIL: libmudflap.c++/pass41-frag.cxx (-O2) (test for excess errors)
WARNING: libmudflap.c++/pass41-frag.cxx (-O2) compilation failed to produce executable
FAIL: libmudflap.c++/pass41-frag.cxx (-O3) (test for excess errors)
WARNING: libmudflap.c++/pass41-frag.cxx (-O3) compilation failed to produce executable
FAIL: ctors-12 linkage
FAIL: ctors-21 linkage
WARNING: program timed out.
FAIL: ctors-12 execution
WARNING: program timed out.
FAIL: ctors-21 execution
FAIL: ctors-12 linkage -static
FAIL: ctors-21 linkage -static
WARNING: program timed out.
FAIL: ctors-12 execution -static
WARNING: program timed out.
FAIL: ctors-21 execution -static
FAIL: ctors-12 linkage -O2
FAIL: ctors-21 linkage -O2
WARNING: program timed out.
FAIL: ctors-12 execution -O2
WARNING: program timed out.
FAIL: ctors-21 execution -O2
FAIL: ctors-12 linkage -O3
FAIL: ctors-21 linkage -O3
WARNING: program timed out.
FAIL: ctors-12 execution -O3
WARNING: program timed out.
FAIL: ctors-21 execution -O3
=== libmudflap Summary ===
# of expected passes 1765
# of unexpected failures 20
=== libstdc++ tests ===
Running target unix
XPASS: 26_numerics/cmath/c99_classification_macros_c.cc (test for excess errors)
XPASS: 27_io/fpos/14320-1.cc execution test
=== libstdc++ Summary ===
# of expected passes 4026
# of unexpected successes 2
# of expected failures 11
Compiler version: 4.2.0 20051203 (experimental)
Platform: ia64-suse-linux-gnu
configure flags: --prefix=/usr --host=ia64-suse-linux --enable-shared --enable-threads --enable-__cxa_atexit --with-system-zlib --with-system-libunwind --enable-languages=c,ada,c++,fortran,java,objc