This is the mail archive of the
gcc-testresults@gcc.gnu.org
mailing list for the GCC project.
Results for 3.4.5 (Debian 3.4.5-1) testsuite on ia64-linux-gnu
- From: Matthias Klose <doko at debian dot org>
- To: gcc-testresults at gcc dot gnu dot org
- Cc: debian-gcc at lists dot debian dot org
- Date: Fri, 02 Dec 2005 17:54:15 -0700
- Subject: Results for 3.4.5 (Debian 3.4.5-1) testsuite on ia64-linux-gnu
- Reply-to: Matthias Klose <doko at debian dot org>
LAST_UPDATED: Obtained from SVN: tags/gcc_3_4_5_release revision 107795
Native configuration is ia64-linux-gnu (caballero)
=== gpc tests ===
Running target any
FAIL: chief40.pas
FAIL: chuck6.pas
FAIL: fieldw.pas
FAIL: fjf219e.pas
FAIL: fjf219f.pas
FAIL: fjf23.pas
FAIL: fjf30b.pas
FAIL: fjf327.pas
FAIL: fjf512.pas
FAIL: fjf526a.pas
FAIL: fjf526b.pas
FAIL: fjf967b.pas
FAIL: fjf967c.pas
FAIL: fjf967d.pas
FAIL: fjf967e.pas
FAIL: fjf967h.pas
FAIL: fjf967i.pas
FAIL: fjf967j.pas
FAIL: fjf967k.pas
FAIL: fjf967l.pas
FAIL: fsc22.pas
FAIL: fsc24.pas
FAIL: math.pas
FAIL: mir047h.pas
FAIL: shl.pas
FAIL: writeb.pas
FAIL: writec.pas
FAIL: writee.pas
FAIL: writeg.pas
=== gpc Summary ===
# of tests 4969
# of expected passes 4938
# of unexpected failures 29
# of unsupported tests 2
/build/buildd/gcc-3.4-3.4.5/build/gcc/xgpc version 20051116, based on gcc-3.4.5 (Debian 3.4.5-1)
=== acats tests ===
FAIL: c380004
FAIL: c91004b
FAIL: c940010
FAIL: c94002g
FAIL: c94007a
FAIL: c95022b
FAIL: c95072a
FAIL: c95072b
FAIL: c954016
FAIL: c954017
FAIL: c974004
FAIL: c974009
FAIL: c9a009a
FAIL: c9a009c
FAIL: c9a009h
FAIL: c9a010a
FAIL: c9a011a
FAIL: cb1010a
FAIL: cb20001
FAIL: cb20004
FAIL: cb41002
FAIL: cb5001a
FAIL: cb5001b
FAIL: cb5002a
FAIL: cd5014e
FAIL: cxg2002
FAIL: cxg2003
FAIL: cxg2004
FAIL: cxg2006
FAIL: cxg2007
FAIL: cxg2010
FAIL: cxg2011
FAIL: cxg2012
FAIL: cxg2013
FAIL: cxg2014
FAIL: cxg2015
FAIL: cxg2016
FAIL: cxg2017
FAIL: cxg2018
FAIL: cxg2019
FAIL: cxg2020
FAIL: cxg2021
=== acats Summary ===
# of expected passes 2280
# of unexpected failures 42
=== g++ tests ===
Running target unix
FAIL: g++.dg/other/packed1.C execution test
XPASS: g++.dg/rtti/tinfo1.C scan-assembler _ZTIP9CTemplateIhE:
XPASS: g++.dg/rtti/tinfo1.C scan-assembler-not .globl[ \\t]+_ZTIP9CTemplateIhE
FAIL: g++.old-deja/g++.law/profile1.C (test for excess errors)
WARNING: g++.old-deja/g++.mike/p10769a.C compilation failed to produce executable
WARNING: g++.old-deja/g++.other/enum5.C compilation failed to produce executable
XPASS: g++.old-deja/g++.other/init5.C execution test
WARNING: g++.old-deja/g++.pt/friend44.C compilation failed to produce executable
=== g++ Summary ===
# of expected passes 9553
# of unexpected failures 2
# of unexpected successes 3
# of expected failures 69
# of unsupported tests 80
/build/buildd/gcc-3.4-3.4.5/build/gcc/testsuite/../g++ version 3.4.5 (Debian 3.4.5-1)
=== g77 tests ===
Running target unix
=== g77 Summary ===
# of expected passes 1812
# of unsupported tests 6
/build/buildd/gcc-3.4-3.4.5/build/gcc/testsuite/../g77 version 3.4.5 (Debian 3.4.5-1)
=== gcc tests ===
Running target unix
FAIL: gcc.dg/compat/scalar-by-value-3 c_compat_x_tst.o compile
UNRESOLVED: gcc.dg/compat/scalar-by-value-3 c_compat_x_tst.o-c_compat_y_tst.o link
UNRESOLVED: gcc.dg/compat/scalar-by-value-3 c_compat_x_tst.o-c_compat_y_tst.o execute
FAIL: gcc.dg/compat/scalar-return-3 c_compat_x_tst.o compile
UNRESOLVED: gcc.dg/compat/scalar-return-3 c_compat_x_tst.o-c_compat_y_tst.o link
UNRESOLVED: gcc.dg/compat/scalar-return-3 c_compat_x_tst.o-c_compat_y_tst.o execute
FAIL: gcc.dg/compat/struct-by-value-18 c_compat_x_tst.o compile
UNRESOLVED: gcc.dg/compat/struct-by-value-18 c_compat_x_tst.o-c_compat_y_tst.o link
UNRESOLVED: gcc.dg/compat/struct-by-value-18 c_compat_x_tst.o-c_compat_y_tst.o execute
FAIL: gcc.dg/compat/struct-by-value-7a c_compat_x_tst.o-c_compat_y_tst.o execute
FAIL: gcc.dg/compat/struct-by-value-7b c_compat_x_tst.o-c_compat_y_tst.o execute
FAIL: gcc.dg/20021014-1.c (test for excess errors)
FAIL: gcc.dg/nest.c (test for excess errors)
FAIL: gcc.dg/special/gcsec-1.c (test for excess errors)
=== gcc Summary ===
# of expected passes 24548
# of unexpected failures 8
# of expected failures 75
# of unresolved testcases 6
# of untested testcases 7
# of unsupported tests 355
/build/buildd/gcc-3.4-3.4.5/build/gcc/xgcc version 3.4.5 (Debian 3.4.5-1)
=== objc tests ===
Running target unix
=== objc Summary ===
# of expected passes 1352
# of unsupported tests 8
/build/buildd/gcc-3.4-3.4.5/build/gcc/xgcc version 3.4.5 (Debian 3.4.5-1)
=== libstdc++ tests ===
Running target unix
XPASS: 22_locale/locale/cons/12658_thread.cc execution test
XPASS: 26_numerics/c99_classification_macros_c.cc (test for excess errors)
XPASS: 27_io/fpos/14320-1.cc execution test
=== libstdc++ Summary ===
# of expected passes 2737
# of unexpected successes 3
# of expected failures 4
Compiler version: 3.4.5 (Debian 3.4.5-1)
Platform: ia64-linux-gnu
configure flags: -v --enable-languages=c,c++,f77,pascal,objc,ada --prefix=/usr --libexecdir=/usr/lib --with-gxx-include-dir=/usr/include/c++/3.4 --enable-shared --with-system-zlib --enable-nls --without-included-gettext --program-suffix=-3.4 --enable-__cxa_atexit --enable-clocale=gnu --enable-libstdcxx-debug --with-system-libunwind ia64-linux-gnu
BOOT_CFLAGS=-O2
Build Dependencies:
Desired=Unknown/Install/Remove/Purge/Hold
| Status=Not/Installed/Config-files/Unpacked/Failed-config/Half-installed
|/ Err?=(none)/Hold/Reinst-required/X=both-problems (Status,Err: uppercase=bad)
||/ Name Version Description
+++-==============-===================-==============================================
ii binutils 2.16.1cvs20051117-1 The GNU assembler, linker and binary utilities
Patches that Debian applied in this version:
gcc-textdomain:
Set gettext's domain and textdomain to the versioned package name.
rename-info-files:
Allow transformations on info file names. Reference the
transformed info file names in the texinfo files.
libstdc++-pic:
Build and install libstdc++_pic.a library.
libstdc++-doclink:
adjust hrefs to point to the local documentation
libstdc++-doxygen-syntax:
fix doxygen syntax error in header that causes segfaults with some
versions
amd64-specs:
On x86-64 use 64bits mode assembly except with -m32.
gccbug:
Use sensible-editor instead of vi as fallback editor
gccbug-posix:
Make gccbug POSIX compliant (patch by David Weinehall)
http://www.opengroup.org/onlinepubs/009695399/utilities/test.html
hppa-toplevel:
For hppa-linux enable libgcj and dependent libs in the toplevel directory
hppa-libffi:
libffi support for hppa
hppa-libjava:
Enable libjava support for hppa
hppa-libjava-update:
MD_FALLBACK_FRAME_STATE_FOR definition for pa32-linux
fastjar-update:
Implement fastjar -u (PR 7854).
fastjar-version:
Append GCC version to the fastjar version string.
boehm-gc-nocheck:
Disable the boehm-gc testsuite. Hangs forever on this architecture
libltdl:
* libltdl.dpatch: Search the versioned extension, when loading a shared
library (i.e. gij looks for .so.5 for loading additional libraries
like the GTK based AWT peers.
m68k-update:
Add two m68k specfic patches backported from 4.0 concerning wrong code
generation (Richard Zidlicky).
libf2c-mxunit:
libf2c/libI77/fio.c: Set MXUNIT to 1000.
arm-bigendian:
libffi-soversion:
Install libffi with soversion 3.
ada-link-lib:
- Install the shared Ada libraries as '.so.1', not '.so' to conform
to the Debian policy.
- Don't include a runtime link path (-rpath), when linking binaries.
- Build the shared libraries on hppa-linux.
ada-gcc-name:
use gcc-3.4 instead of gcc as the command name.
gpc-3.x:
The gpc patch from the gpc tarball.
gpc-doc:
gpc documentation: Fix hyperlinks to the example files.
gpc-updates:
gpc updates post 20051116 snapshot
gpc-names:
versioned gpc names
libffi-mips:
libffi mips update
libjava-mips:
libjava-mips patch from Thiemo Seufer <ica2_ts@csv.ica.uni-stuttgart.de>
libstdc++-mips-atomic:
Fix libstdc++ atomic ops for mips/mipsel
link-libs:
reporting:
Add Debian URL for bug reporting isntructions.
gcc-version:
Add package identification to the gcc version string
configure-deplibs_check_method:
In all configure scripts for libraries, generated with autoconf2.13, use
deplibs_check_method=pass_all unconditionally for all linux architectures.
Counting all warnings,
there are 142 warnings in stage3 of this bootstrap.
Number of warnings per file:
88 genattrtab
12 ./auto-host.h
4 gcc/tsystem.h
4 gcc/p/rts/constants.def
4 gcc/objc/lang-specs.h
4 gcc/defaults.h
4 gcc/config/ia64/ia64.h
4 <stdin>
3 insn-attrtab.c
3 gengtype-lex.c
2 gcc/p/gpc.c
2 gcc/p/declarations.c
2 gcc/gcc.c
2 gcc/ada/lang-specs.h
1 libiberty/libiberty.a(choose-temp.o)
1 gcc/p/predef.c
1 gcc/p/expressions.c
1 gcc/libgcc2.c
Number of warning types:
56 unit `???' excludes and requires presence of `???'
32 unit `???' is not used
12 this is the location of the previous definition
11 string length `???' is greater than the length `???' ISO C89 compilers are required to support
8 old-style parameter declaration
4 `HAVE_DECL_GETOPT' redefined
4 `HAVE_AS_LTOFFX_LDXMOV_RELOCS' redefined
4 `DEFAULT_USE_CXA_ATEXIT' redefined
2 C++ style comments are not allowed in ISO C90
2 (this will be reported only once per input file)
1 unused variable `???'
1 the use of `???' is dangerous, better use `???'
1 suggest parentheses around && within ||
1 suggest explicit braces to avoid ambiguous `else'
1 no previous prototype for 'yyxrealloc'
1 no previous prototype for '__enable_execute_stack'
1 't' might be used uninitialized in this function