This is the mail archive of the
gcc-testresults@gcc.gnu.org
mailing list for the GCC project.
Results for 4.2.0 20051202 (experimental) testsuite on hppa2.0w-hp-hpux11.11
- From: CodeSourcery Automatic Testing System <gcc at codesourcery dot com>
- To: gcc-testresults at gcc dot gnu dot org
- Date: Fri, 2 Dec 2005 09:20:55 -0800 (PST)
- Subject: Results for 4.2.0 20051202 (experimental) testsuite on hppa2.0w-hp-hpux11.11
LAST_UPDATED: Fri Dec 2 08:14:13 UTC 2005 (revision 107876)
Native configuration is hppa2.0w-hp-hpux11.11
=== g++ tests ===
Running target unix
FAIL: g++.old-deja/g++.abi/cxa_vec.C execution test
=== g++ Summary ===
# of expected passes 11247
# of unexpected failures 1
# of expected failures 66
# of unsupported tests 151
/scratch/gcc/nightly-2005-12-02-mainline/hppa2.0w-hp-hpux11.11/build_gcc/install/bin/c++ version 4.2.0 20051202 (experimental)
=== gcc tests ===
Running target unix
FAIL: gcc.c-torture/execute/conversion.c compilation, -O0
UNRESOLVED: gcc.c-torture/execute/conversion.c execution, -O0
FAIL: gcc.c-torture/execute/conversion.c compilation, -O1
UNRESOLVED: gcc.c-torture/execute/conversion.c execution, -O1
FAIL: gcc.c-torture/execute/conversion.c compilation, -O2
UNRESOLVED: gcc.c-torture/execute/conversion.c execution, -O2
FAIL: gcc.c-torture/execute/conversion.c compilation, -O3 -fomit-frame-pointer
UNRESOLVED: gcc.c-torture/execute/conversion.c execution, -O3 -fomit-frame-pointer
FAIL: gcc.c-torture/execute/conversion.c compilation, -O3 -g
UNRESOLVED: gcc.c-torture/execute/conversion.c execution, -O3 -g
FAIL: gcc.c-torture/execute/conversion.c compilation, -Os
UNRESOLVED: gcc.c-torture/execute/conversion.c execution, -Os
FAIL: gcc.dg/attr-weakref-1.c (test for excess errors)
WARNING: gcc.dg/attr-weakref-1.c compilation failed to produce executable
FAIL: gcc.dg/torture/fp-int-convert-long-double.c -O0 (test for excess errors)
WARNING: gcc.dg/torture/fp-int-convert-long-double.c -O0 compilation failed to produce executable
FAIL: gcc.dg/torture/fp-int-convert-long-double.c -O1 (test for excess errors)
WARNING: gcc.dg/torture/fp-int-convert-long-double.c -O1 compilation failed to produce executable
FAIL: gcc.dg/torture/fp-int-convert-long-double.c -O2 (test for excess errors)
WARNING: gcc.dg/torture/fp-int-convert-long-double.c -O2 compilation failed to produce executable
FAIL: gcc.dg/torture/fp-int-convert-long-double.c -O3 -fomit-frame-pointer (test for excess errors)
WARNING: gcc.dg/torture/fp-int-convert-long-double.c -O3 -fomit-frame-pointer compilation failed to produce executable
FAIL: gcc.dg/torture/fp-int-convert-long-double.c -O3 -g (test for excess errors)
WARNING: gcc.dg/torture/fp-int-convert-long-double.c -O3 -g compilation failed to produce executable
FAIL: gcc.dg/torture/fp-int-convert-long-double.c -Os (test for excess errors)
WARNING: gcc.dg/torture/fp-int-convert-long-double.c -Os compilation failed to produce executable
FAIL: gcc.dg/torture/fp-int-convert-timode.c -O0 (test for excess errors)
WARNING: gcc.dg/torture/fp-int-convert-timode.c -O0 compilation failed to produce executable
FAIL: gcc.dg/torture/fp-int-convert-timode.c -O1 (test for excess errors)
WARNING: gcc.dg/torture/fp-int-convert-timode.c -O1 compilation failed to produce executable
FAIL: gcc.dg/torture/fp-int-convert-timode.c -O2 (test for excess errors)
WARNING: gcc.dg/torture/fp-int-convert-timode.c -O2 compilation failed to produce executable
FAIL: gcc.dg/torture/fp-int-convert-timode.c -O3 -fomit-frame-pointer (test for excess errors)
WARNING: gcc.dg/torture/fp-int-convert-timode.c -O3 -fomit-frame-pointer compilation failed to produce executable
FAIL: gcc.dg/torture/fp-int-convert-timode.c -O3 -g (test for excess errors)
WARNING: gcc.dg/torture/fp-int-convert-timode.c -O3 -g compilation failed to produce executable
FAIL: gcc.dg/torture/fp-int-convert-timode.c -Os (test for excess errors)
WARNING: gcc.dg/torture/fp-int-convert-timode.c -Os compilation failed to produce executable
FAIL: gcc.dg/weak/weak-14.c (test for excess errors)
WARNING: gcc.dg/weak/weak-14.c compilation failed to produce executable
=== gcc Summary ===
# of expected passes 36181
# of unexpected failures 20
# of expected failures 76
# of unresolved testcases 6
# of untested testcases 28
# of unsupported tests 432
/scratch/gcc/nightly-2005-12-02-mainline/hppa2.0w-hp-hpux11.11/build_gcc/install/bin/gcc version 4.2.0 20051202 (experimental)
=== libstdc++ tests ===
Running target unix
FAIL: 26_numerics/cmath/c99_classification_macros_c.cc (test for excess errors)
FAIL: ext/pool_allocator/allocate_chunk.cc execution test
=== libstdc++ Summary ===
# of expected passes 2614
# of unexpected failures 2
# of expected failures 10
# of unsupported tests 159
Compiler version: 4.2.0 20051202 (experimental)
Platform: hppa2.0w-hp-hpux11.11
configure flags: --disable-nls --build=hppa2.0w-hp-hpux11.11 --host=hppa2.0w-hp-hpux11.11 --target=hppa2.0w-hp-hpux11.11 --enable-shared --enable-threads --disable-libmudflap --disable-libssp --disable-libstdcxx-pch --with-gnu-as --with-as=/scratch/gcc/nightly-2005-12-02-mainline/hppa2.0w-hp-hpux11.11/build_gcc/install/bin/as --without-gnu-ld --with-ld=/usr/ccs/bin/ld --prefix=/scratch/gcc/nightly-2005-12-02-mainline/hppa2.0w-hp-hpux11.11/build_gcc/install --enable-languages=c,c++