This is the mail archive of the
gcc-testresults@gcc.gnu.org
mailing list for the GCC project.
Results for 4.1.0 20051130 (prerelease) testsuite on sparc-unknown-linux-gnu
- From: Christian Joensson <chj at j-son dot org>
- To: gcc-testresults at gcc dot gnu dot org
- Date: Wed, 30 Nov 2005 21:46:41 +0100
- Subject: Results for 4.1.0 20051130 (prerelease) testsuite on sparc-unknown-linux-gnu
Aurora SPARC Linux release 2.0b2 (Kashmir FC3) UltraSparc IIi (Sabre) sun4u:
(still missing are glibc-2.3.5-0.fc3.1.sparc64,
glibc-devel-2.3.5-0.fc3.1.sparc64, gmp-4.1.4-3sparc.sparc64,
gmp-devel-4.1.4-3sparc.sparc64, libgcc-3.4.3-22.sparc.sparc64,
libstdc++-3.4.3-22.sparc.sparc64, libstdc++-devel-3.4.3-22.sparc.sparc64)
binutils-2.15.92.0.2-5.sparc
bison-1.875c-2.sparc
dejagnu-1.4.4-2.noarch
expect-5.42.1-1.sparc
gcc-3.4.2-6.fc3.sparc
gcc4-4.0.0-0.8sparc.sparc
glibc-2.3.3-99.sparcv9
glibc-devel-2.3.3-99.sparc
glibc-headers-2.3.3-99.sparc
glibc-kernheaders-2.6-20sparc.sparc
gmp-4.1.4-3sparc.sparc
gmp-devel-4.1.4-3sparc.sparc
kernel-2.6.13-1.1603sp8.sparc64
package kernel-devel is not installed
package kernel-smp is not installed
libgcc-3.4.2-6.fc3.sparc
libstdc++-3.4.2-6.fc3.sparc
libstdc++-devel-3.4.2-6.fc3.sparc
make-3.80-5.sparc
nptl-devel-2.3.3-99.sparcv9
tcl-8.4.7-2.sparc
LAST_UPDATED: Wed Nov 30 07:27:51 UTC 2005 (revision 107701)
=== acats tests ===
FAIL: c32001e
FAIL: c52103x
FAIL: c52104x
FAIL: c52104y
FAIL: c64105b
FAIL: c95086b
FAIL: ce3810b
=== acats Summary ===
# of expected passes 2312
# of unexpected failures 7
Native configuration is sparc-unknown-linux-gnu
=== gcc tests ===
Running target unix
XPASS: gcc.dg/vect/pr20122.c scan-tree-dump-times vectorized 1 loops 2
FAIL: gcc.dg/vect/pr24300.c (test for excess errors)
XPASS: gcc.dg/vect/vect-105.c scan-tree-dump-times vectorized 1 loops 1
FAIL: gcc.dg/vect/vect-62.c scan-tree-dump-times not vectorized: redundant loop. no profit to vectorize. 1
XPASS: gcc.dg/vect/vect-75.c scan-tree-dump-times vectorized 1 loops 1
XPASS: gcc.dg/vect/vect-76.c scan-tree-dump-times vectorized 3 loops 1
FAIL: gcc.dg/vect/vect-76.c scan-tree-dump-times vectorized 1 loops 1
FAIL: gcc.dg/vect/vect-reduc-1char.c scan-tree-dump-times vectorized 3 loops 1
FAIL: gcc.dg/vect/vect-reduc-1short.c scan-tree-dump-times vectorized 3 loops 1
FAIL: gcc.dg/vect/vect-reduc-2char.c scan-tree-dump-times vectorized 3 loops 1
FAIL: gcc.dg/vect/vect-reduc-2short.c scan-tree-dump-times vectorized 3 loops 1
=== gcc Summary ===
# of expected passes 37125
# of unexpected failures 7
# of unexpected successes 4
# of expected failures 102
# of untested testcases 28
# of unsupported tests 344
/usr/local/src/branch/objdir32/gcc/xgcc version 4.1.0 20051130 (prerelease)
=== libmudflap tests ===
Running target unix
FAIL: libmudflap.c/pass54-frag.c execution test
FAIL: libmudflap.c/pass54-frag.c execution test
FAIL: libmudflap.c/pass54-frag.c (-static) execution test
FAIL: libmudflap.c/pass54-frag.c (-static) execution test
=== libmudflap Summary ===
# of expected passes 1676
# of unexpected failures 4
# of unsupported tests 2
Compiler version: 4.1.0 20051130 (prerelease)
Platform: sparc-unknown-linux-gnu
configure flags: sparc-linux --enable-__cxa_atexit --enable-shared --disable-multilib --enable-languages=c,ada
Counting all warnings,
there are 27 warnings in stage0 of this bootstrap.
Number of warnings per file:
14 gcc/fixincludes/fixincl.x
6 libmudflap/mf-runtime.c
4 adaint.h
2 raise-gcc.c
1 gcc/ada/mlib-prj.adb
Number of warning types:
14 string length \`???' is greater than the length \`???' ISO C89 compilers are required to support
2 pointer targets in assignment differ in signedness
2 its scope is only this definition or declaration, which is probably not what you want
2 format \`???' expects type \`???', but argument 6 has type \`???'
2 format \`???' expects type \`???', but argument 4 has type \`???'
2 format \`???' expects type \`???', but argument 15 has type \`???'
2 \`???' declared inside parameter list
1 \`???' may be used uninitialized in this function
Counting all warnings,
there are 7 warnings in stage3 of this bootstrap.
Number of warnings per file:
4 gcc/gcc.c
3 gengtype-lex.c
Number of warning types:
4 string length \`???' is greater than the length \`???' ISO C89 compilers are required to support
3 old-style function definition