This is the mail archive of the
gcc-testresults@gcc.gnu.org
mailing list for the GCC project.
Results for 3.4.5 20051128 (prerelease) testsuite on i686-pc-linux-gnu
- From: Chris Douty <Chris_Douty at ampex dot com>
- To: gcc-testresults at gcc dot gnu dot org
- Date: Wed, 30 Nov 2005 10:56:38 -0800
- Subject: Results for 3.4.5 20051128 (prerelease) testsuite on i686-pc-linux-gnu
This is for a SuSE Pro 9.3 Linux install on a P4 w/ hyperthreading.
The standard SuSE compiler was used for bootstrap since my previously
build gcc 4.0.2 compiler choked on ada. Is there some rule that a
gcc X can't bootstrap a gcc Y where X > Y? Maybe only for gnat which
is more particular?
LAST_UPDATED: Obtained from SVN: branches/gcc-3_4-branch revision 107600
=== acats tests ===
=== acats Summary ===
# of expected passes 2322
# of unexpected failures 0
Native configuration is i686-pc-linux-gnu
=== g77 tests ===
Running target unix
=== g77 Summary ===
# of expected passes 1824
/localhome/cdouty/src/gcc-stuff/i686-pc-linux-gnu-3.4.5/gcc/
testsuite/../g77 version 3.4.5 20051128 (prerelease)
=== gcc tests ===
Running target unix
FAIL: gcc.c-torture/execute/va-arg-25.c execution, -Os
=== gcc Summary ===
# of expected passes 25372
# of unexpected failures 1
# of expected failures 70
# of untested testcases 7
# of unsupported tests 213
/localhome/cdouty/src/gcc-stuff/i686-pc-linux-gnu-3.4.5/gcc/xgcc
version 3.4.5 20051128 (prerelease)
=== g++ tests ===
Running target unix
XPASS: g++.dg/rtti/tinfo1.C scan-assembler _ZTIP9CTemplateIhE:
XPASS: g++.dg/rtti/tinfo1.C scan-assembler-not .globl[ \\t]
+_ZTIP9CTemplateIhE
WARNING: g++.old-deja/g++.mike/p10769a.C compilation failed to
produce executable
WARNING: g++.old-deja/g++.other/enum5.C compilation failed to produce
executable
XPASS: g++.old-deja/g++.other/init5.C execution test
WARNING: g++.old-deja/g++.pt/friend44.C compilation failed to produce
executable
=== g++ Summary ===
# of expected passes 9950
# of unexpected successes 3
# of expected failures 69
# of unsupported tests 43
/localhome/cdouty/src/gcc-stuff/i686-pc-linux-gnu-3.4.5/gcc/
testsuite/../g++ version 3.4.5 20051128 (prerelease)
=== objc tests ===
Running target unix
=== objc Summary ===
# of expected passes 1352
# of unsupported tests 8
/localhome/cdouty/src/gcc-stuff/i686-pc-linux-gnu-3.4.5/gcc/xgcc
version 3.4.5 20051128 (prerelease)
=== libffi tests ===
Running target unix
=== libffi Summary ===
# of expected passes 212
# of unsupported tests 2
=== libjava tests ===
Running target unix
=== libjava Summary ===
# of expected passes 3271
# of expected failures 10
# of untested testcases 8
=== libstdc++ tests ===
Running target unix
XPASS: 22_locale/locale/cons/12658_thread.cc execution test
XPASS: 26_numerics/c99_classification_macros_c.cc (test for excess
errors)
=== libstdc++ Summary ===
# of expected passes 2737
# of unexpected successes 2
# of expected failures 5
Compiler version: 3.4.5 20051128 (prerelease)
Platform: i686-pc-linux-gnu
configure flags: --prefix=/opt/gcc345 --enable-threads=posix --enable-
__cxa_atexit --enable-languages=c,ada,c++,f77,java,objc
--
Christopher Douty <Chris_Douty@ampexdata.com> +1-650-367-3129
Senior Engineer, Software & Systems - AMPEX Data Systems Corp.