This is the mail archive of the
gcc-testresults@gcc.gnu.org
mailing list for the GCC project.
Results for 4.2.0 20051124 (experimental) testsuite on arm-unknown-netbsdelf2.0.
- From: Richard Earnshaw <rearnsha at arm dot com>
- To: gcc-testresults at gcc dot gnu dot org
- Date: Mon, 28 Nov 2005 09:55:56 GMT
- Subject: Results for 4.2.0 20051124 (experimental) testsuite on arm-unknown-netbsdelf2.0.
LAST_UPDATED:
Native configuration is arm-unknown-netbsdelf2.0.
=== libstdc++ tests ===
Running target unix
FAIL: 26_numerics/cmath/c99_classification_macros_c++.cc (test for excess errors)
FAIL: 26_numerics/cmath/c99_classification_macros_c.cc (test for excess errors)
=== libstdc++ Summary ===
# of expected passes 2638
# of unexpected failures 2
# of expected failures 10
# of unsupported tests 147
=== g++ tests ===
Running target unix
FAIL: g++.dg/compat/break/bitfield7 cp_compat_x_tst.o-cp_compat_y_alt.o execute
FAIL: g++.dg/compat/break/bitfield7 cp_compat_x_alt.o-cp_compat_y_tst.o execute
WARNING: program timed out.
FAIL: g++.dg/eh/cleanup1.C (test for excess errors)
FAIL: g++.dg/init/array15.C execution test
FAIL: g++.dg/opt/inline4.C (test for excess errors)
XPASS: g++.dg/other/packed1.C execution test
XPASS: g++.dg/tree-ssa/pr14814.C scan-tree-dump-times &this 0
FAIL: g++.dg/tls/static-1.C (test for excess errors)
WARNING: g++.dg/tls/static-1.C compilation failed to produce executable
XPASS: g++.old-deja/g++.other/init5.C execution test
=== g++ Summary ===
# of expected passes 11778
# of unexpected failures 6
# of unexpected successes 3
# of expected failures 65
# of unsupported tests 115
/work/rearnsha/gnu/gcc/trunk/gcc/testsuite/../g++ version 4.2.0 20051124 (experimental)
=== gcc tests ===
Running target unix
WARNING: program timed out.
FAIL: gcc.c-torture/compile/20001226-1.c -O1 (test for excess errors)
WARNING: program timed out.
FAIL: gcc.c-torture/compile/20001226-1.c -O2 (test for excess errors)
WARNING: program timed out.
FAIL: gcc.c-torture/compile/20001226-1.c -O3 -fomit-frame-pointer (test for excess errors)
WARNING: program timed out.
FAIL: gcc.c-torture/compile/20001226-1.c -O3 -g (test for excess errors)
WARNING: program timed out.
FAIL: gcc.c-torture/compile/20001226-1.c -Os (test for excess errors)
FAIL: gcc.c-torture/compile/930210-1.c -O1 (test for excess errors)
FAIL: gcc.c-torture/compile/930210-1.c -O2 (test for excess errors)
FAIL: gcc.c-torture/compile/930210-1.c -O3 -fomit-frame-pointer (test for excess errors)
FAIL: gcc.c-torture/compile/930210-1.c -O3 -g (test for excess errors)
FAIL: gcc.c-torture/compile/930210-1.c -Os (test for excess errors)
FAIL: gcc.c-torture/execute/20050121-1.c compilation, -O0
UNRESOLVED: gcc.c-torture/execute/20050121-1.c execution, -O0
FAIL: gcc.dg/compat/scalar-return-4 c_compat_y_tst.o compile
UNRESOLVED: gcc.dg/compat/scalar-return-4 c_compat_x_tst.o-c_compat_y_tst.o link
UNRESOLVED: gcc.dg/compat/scalar-return-4 c_compat_x_tst.o-c_compat_y_tst.o execute
UNRESOLVED: gcc.dg/compat/scalar-return-4 c_compat_x_alt.o-c_compat_y_tst.o link
UNRESOLVED: gcc.dg/compat/scalar-return-4 c_compat_x_alt.o-c_compat_y_tst.o execute
FAIL: gcc.dg/compat/vector-1 c_compat_x_tst.o-c_compat_y_alt.o execute
FAIL: gcc.dg/compat/vector-1 c_compat_x_alt.o-c_compat_y_tst.o execute
FAIL: gcc.dg/compat/vector-2 c_compat_x_alt.o compile
FAIL: gcc.dg/compat/vector-2 c_compat_y_alt.o compile
UNRESOLVED: gcc.dg/compat/vector-2 c_compat_x_tst.o-c_compat_y_alt.o link
UNRESOLVED: gcc.dg/compat/vector-2 c_compat_x_tst.o-c_compat_y_alt.o execute
UNRESOLVED: gcc.dg/compat/vector-2 c_compat_x_alt.o-c_compat_y_tst.o link
UNRESOLVED: gcc.dg/compat/vector-2 c_compat_x_alt.o-c_compat_y_tst.o execute
UNRESOLVED: gcc.dg/compat/vector-2 c_compat_x_alt.o-c_compat_y_alt.o link
UNRESOLVED: gcc.dg/compat/vector-2 c_compat_x_alt.o-c_compat_y_alt.o execute
FAIL: tmpdir-gcc.dg-struct-layout-1/t001 c_compat_x_tst.o-c_compat_y_alt.o execute
FAIL: tmpdir-gcc.dg-struct-layout-1/t001 c_compat_x_alt.o-c_compat_y_tst.o execute
FAIL: tmpdir-gcc.dg-struct-layout-1/t002 c_compat_x_tst.o-c_compat_y_alt.o execute
FAIL: tmpdir-gcc.dg-struct-layout-1/t002 c_compat_x_alt.o-c_compat_y_tst.o execute
FAIL: tmpdir-gcc.dg-struct-layout-1/t003 c_compat_x_tst.o-c_compat_y_alt.o execute
FAIL: tmpdir-gcc.dg-struct-layout-1/t003 c_compat_x_alt.o-c_compat_y_tst.o execute
FAIL: tmpdir-gcc.dg-struct-layout-1/t005 c_compat_x_tst.o-c_compat_y_alt.o execute
FAIL: tmpdir-gcc.dg-struct-layout-1/t005 c_compat_x_alt.o-c_compat_y_tst.o execute
FAIL: tmpdir-gcc.dg-struct-layout-1/t006 c_compat_x_tst.o-c_compat_y_alt.o execute
FAIL: tmpdir-gcc.dg-struct-layout-1/t006 c_compat_x_alt.o-c_compat_y_tst.o execute
FAIL: tmpdir-gcc.dg-struct-layout-1/t007 c_compat_x_tst.o-c_compat_y_alt.o execute
FAIL: tmpdir-gcc.dg-struct-layout-1/t007 c_compat_x_alt.o-c_compat_y_tst.o execute
FAIL: tmpdir-gcc.dg-struct-layout-1/t008 c_compat_x_tst.o-c_compat_y_alt.o execute
FAIL: tmpdir-gcc.dg-struct-layout-1/t008 c_compat_x_alt.o-c_compat_y_tst.o execute
FAIL: tmpdir-gcc.dg-struct-layout-1/t009 c_compat_x_tst.o-c_compat_y_alt.o execute
FAIL: tmpdir-gcc.dg-struct-layout-1/t009 c_compat_x_alt.o-c_compat_y_tst.o execute
FAIL: tmpdir-gcc.dg-struct-layout-1/t015 c_compat_x_tst.o-c_compat_y_alt.o execute
FAIL: tmpdir-gcc.dg-struct-layout-1/t015 c_compat_x_alt.o-c_compat_y_tst.o execute
FAIL: tmpdir-gcc.dg-struct-layout-1/t017 c_compat_x_tst.o-c_compat_y_alt.o execute
FAIL: tmpdir-gcc.dg-struct-layout-1/t017 c_compat_x_alt.o-c_compat_y_tst.o execute
FAIL: tmpdir-gcc.dg-struct-layout-1/t019 c_compat_x_tst.o-c_compat_y_alt.o execute
FAIL: tmpdir-gcc.dg-struct-layout-1/t019 c_compat_x_alt.o-c_compat_y_tst.o execute
FAIL: tmpdir-gcc.dg-struct-layout-1/t020 c_compat_x_tst.o-c_compat_y_alt.o execute
FAIL: tmpdir-gcc.dg-struct-layout-1/t020 c_compat_x_alt.o-c_compat_y_tst.o execute
FAIL: tmpdir-gcc.dg-struct-layout-1/t021 c_compat_x_tst.o-c_compat_y_alt.o execute
FAIL: tmpdir-gcc.dg-struct-layout-1/t021 c_compat_x_alt.o-c_compat_y_tst.o execute
FAIL: tmpdir-gcc.dg-struct-layout-1/t023 c_compat_x_tst.o-c_compat_y_alt.o execute
FAIL: tmpdir-gcc.dg-struct-layout-1/t023 c_compat_x_alt.o-c_compat_y_tst.o execute
FAIL: tmpdir-gcc.dg-struct-layout-1/t024 c_compat_x_tst.o-c_compat_y_alt.o execute
FAIL: tmpdir-gcc.dg-struct-layout-1/t024 c_compat_x_alt.o-c_compat_y_tst.o execute
FAIL: tmpdir-gcc.dg-struct-layout-1/t025 c_compat_x_tst.o-c_compat_y_alt.o execute
FAIL: tmpdir-gcc.dg-struct-layout-1/t025 c_compat_x_alt.o-c_compat_y_tst.o execute
FAIL: tmpdir-gcc.dg-struct-layout-1/t026 c_compat_x_tst.o-c_compat_y_alt.o execute
FAIL: tmpdir-gcc.dg-struct-layout-1/t026 c_compat_x_alt.o-c_compat_y_tst.o execute
FAIL: tmpdir-gcc.dg-struct-layout-1/t027 c_compat_x_tst.o-c_compat_y_alt.o execute
FAIL: tmpdir-gcc.dg-struct-layout-1/t027 c_compat_x_alt.o-c_compat_y_tst.o execute
FAIL: tmpdir-gcc.dg-struct-layout-1/t028 c_compat_x_tst.o-c_compat_y_alt.o execute
FAIL: tmpdir-gcc.dg-struct-layout-1/t028 c_compat_x_alt.o-c_compat_y_tst.o execute
FAIL: gcc.dg/20020425-1.c (test for excess errors)
FAIL: gcc.dg/builtins-20.c (test for excess errors)
WARNING: program timed out.
FAIL: gcc.dg/c99-intconst-1.c (test for excess errors)
FAIL: gcc.dg/intmax_t-1.c (test for errors, line )
FAIL: largefile.c -O0 -g (test for excess errors)
FAIL: largefile.c -O0 (test for excess errors)
FAIL: largefile.c -O1 (test for excess errors)
FAIL: largefile.c -O2 (test for excess errors)
FAIL: largefile.c -O3 -fomit-frame-pointer (test for excess errors)
FAIL: largefile.c -O3 -g (test for excess errors)
FAIL: largefile.c -Os (test for excess errors)
FAIL: gcc.dg/special/gcsec-1.c execution test
FAIL: gcc.dg/tls/alias-1.c (test for excess errors)
FAIL: gcc.dg/tls/opt-2.c (test for excess errors)
FAIL: gcc.dg/tls/pr24428-2.c (test for excess errors)
WARNING: gcc.dg/tls/pr24428-2.c compilation failed to produce executable
FAIL: gcc.dg/tls/pr24428.c (test for excess errors)
WARNING: gcc.dg/tls/pr24428.c compilation failed to produce executable
FAIL: gcc.dg/torture/builtin-convert-1.c -O1 (test for excess errors)
FAIL: gcc.dg/torture/builtin-convert-1.c -O2 (test for excess errors)
FAIL: gcc.dg/torture/builtin-convert-1.c -O3 -fomit-frame-pointer (test for excess errors)
FAIL: gcc.dg/torture/builtin-convert-1.c -O3 -g (test for excess errors)
FAIL: gcc.dg/torture/builtin-convert-1.c -Os (test for excess errors)
FAIL: gcc.dg/torture/builtin-convert-2.c -O1 (test for excess errors)
FAIL: gcc.dg/torture/builtin-convert-2.c -O2 (test for excess errors)
FAIL: gcc.dg/torture/builtin-convert-2.c -O3 -fomit-frame-pointer (test for excess errors)
FAIL: gcc.dg/torture/builtin-convert-2.c -O3 -g (test for excess errors)
FAIL: gcc.dg/torture/builtin-convert-2.c -Os (test for excess errors)
FAIL: gcc.dg/torture/builtin-convert-3.c -O1 (test for excess errors)
FAIL: gcc.dg/torture/builtin-convert-3.c -O2 (test for excess errors)
FAIL: gcc.dg/torture/builtin-convert-3.c -O3 -fomit-frame-pointer (test for excess errors)
FAIL: gcc.dg/torture/builtin-convert-3.c -O3 -g (test for excess errors)
FAIL: gcc.dg/torture/builtin-convert-3.c -Os (test for excess errors)
FAIL: gcc.dg/torture/builtin-power-1.c -O0 (test for excess errors)
FAIL: gcc.dg/torture/builtin-power-1.c -O1 (test for excess errors)
FAIL: gcc.dg/torture/builtin-power-1.c -O2 (test for excess errors)
FAIL: gcc.dg/torture/builtin-power-1.c -O3 -fomit-frame-pointer (test for excess errors)
FAIL: gcc.dg/torture/builtin-power-1.c -O3 -g (test for excess errors)
FAIL: gcc.dg/torture/builtin-power-1.c -Os (test for excess errors)
=== gcc Summary ===
# of expected passes 37231
# of unexpected failures 91
# of expected failures 76
# of unresolved testcases 11
# of untested testcases 35
# of unsupported tests 314
/work/rearnsha/gnu/gcc/trunk/gcc/xgcc version 4.2.0 20051124 (experimental)
=== objc tests ===
Running target unix
=== objc Summary ===
# of expected passes 1672
# of unsupported tests 22
/work/rearnsha/gnu/gcc/trunk/gcc/xgcc version 4.2.0 20051124 (experimental)
Compiler version: 4.2.0 20051124 (experimental)
Platform: arm-unknown-netbsdelf2.0.
configure flags: --prefix=/work/rearnsha/gnu/testinstall --enable-checking=release --with-gmp=/usr/pkg --enable-languages=c,c++,objc