This is the mail archive of the
gcc-testresults@gcc.gnu.org
mailing list for the GCC project.
Results for 4.2.0 20051128 (experimental) gfortran testsuite on sparc-sun-solaris2.9
- From: coudert at clipper dot ens dot fr (Francois-Xavier Coudert)
- To: gcc-testresults at gcc dot gnu dot org
- Date: Mon, 28 Nov 2005 09:59:03 +0100 (MET)
- Subject: Results for 4.2.0 20051128 (experimental) gfortran testsuite on sparc-sun-solaris2.9
LAST_UPDATED:
Native configuration is sparc-sun-solaris2.9
=== gfortran tests ===
Running target unix
FAIL: gfortran.dg/assumed_dummy_2.f90 -O (test for errors, line 12)
FAIL: gfortran.dg/assumed_dummy_2.f90 -O (test for excess errors)
FAIL: gfortran.dg/cray_pointers_2.f90 -O3 -fomit-frame-pointer -funroll-loops execution test
FAIL: gfortran.dg/cray_pointers_2.f90 -O3 -fomit-frame-pointer -funroll-all-loops -finline-functions execution test
FAIL: gfortran.dg/pr19936_3.f90 -O (test for errors, line 4)
FAIL: gfortran.dg/pr19936_3.f90 -O (test for excess errors)
=== gfortran Summary for unix ===
# of expected passes10645
# of unexpected failures6
# of expected failures6
# of unsupported tests63
Running target unix/-m64
FAIL: gfortran.dg/enum_3.f90 -O (test for errors, line 9)
FAIL: gfortran.dg/vect/vect-5.f90 -O scan-tree-dump-times Alignment of access forced using versioning. 3
=== gfortran Summary for unix/-m64 ===
# of expected passes10664
# of unexpected failures2
# of expected failures7
# of unsupported tests55
=== gfortran Summary ===
# of expected passes21309
# of unexpected failures8
# of expected failures13
# of unsupported tests118
/tmp/gfortran-20051128/ibin/gcc/testsuite/../gfortran version 4.2.0 20051128 (experimental)
Compiler version: 4.2.0 20051128 (experimental) gfortran
Platform: sparc-sun-solaris2.9
configure flags: --prefix=/tmp/gfortran-20051128/irun --enable-languages=c,fortran --with-gmp=/tmp/gfortran-20051128/gfortran_libs --with-mpfr=/tmp/gfortran-20051128/gfortran_libs --disable-libssp --disable-libmudflap --disable-nls,;t t