This is the mail archive of the
gcc-testresults@gcc.gnu.org
mailing list for the GCC project.
Results for 4.2.0 20051122 (experimental) testsuite on i686-pc-linux-gnu
- From: Laurent GUERBY <laurent at guerby dot net>
- To: gcc-test <gcc-testresults at gcc dot gnu dot org>
- Date: Wed, 23 Nov 2005 12:45:30 +0100
- Subject: Results for 4.2.0 20051122 (experimental) testsuite on i686-pc-linux-gnu
LAST_UPDATED: Tue Nov 22 22:39:52 UTC 2005 (revision 107379M)
=== acats tests ===
FAIL: c32001e
FAIL: c64105b
FAIL: c95086b
FAIL: cdd2a02
=== acats Summary ===
# of expected passes 2315
# of unexpected failures 4
Native configuration is i686-pc-linux-gnu
=== gcc tests ===
Running target unix
FAIL: gcc.dg/vect/vect-62.c scan-tree-dump-times not vectorized: redundant loop. no profit to vectorize. 1
=== gcc Summary ===
# of expected passes 37886
# of unexpected failures 1
# of expected failures 97
# of untested testcases 28
# of unsupported tests 234
/home/guerby/work/gcc/build/build-head-20051122T234734/gcc/xgcc version 4.2.0 20051122 (experimental)
Compiler version: 4.2.0 20051122 (experimental)
Platform: i686-pc-linux-gnu
configure flags: --prefix=/home/guerby/work/gcc/install/install-head-20051122T234734 --enable-__cxa_atexit --disable-nls --enable-threads=posix --disable-multilib --enable-checking --enable-languages=c,ada