This is the mail archive of the
gcc-testresults@gcc.gnu.org
mailing list for the GCC project.
Results for 4.1.0 20051118 (experimental) testsuite on hppa64-hp-hpux11.11
- From: CodeSourcery Automatic Testing System <gcc at codesourcery dot com>
- To: gcc-testresults at gcc dot gnu dot org
- Date: Fri, 18 Nov 2005 09:53:17 -0800 (PST)
- Subject: Results for 4.1.0 20051118 (experimental) testsuite on hppa64-hp-hpux11.11
LAST_UPDATED: Fri Nov 18 08:16:00 UTC 2005 (revision 107161)
Native configuration is hppa64-hp-hpux11.11
=== g++ tests ===
Running target unix
FAIL: g++.dg/opt/inline4.C (test for excess errors)
=== g++ Summary ===
# of expected passes 10972
# of unexpected failures 1
# of expected failures 67
# of unsupported tests 120
/scratch/gcc/nightly-2005-11-18-mainline/hppa64-hp-hpux11.11/build_gcc/install/bin/c++ version 4.1.0 20051118 (experimental)
=== gcc tests ===
Running target unix
FAIL: gcc.dg/20020425-1.c (test for excess errors)
FAIL: gcc.dg/attr-weakref-1.c (test for excess errors)
WARNING: gcc.dg/attr-weakref-1.c compilation failed to produce executable
XPASS: gcc.dg/funcorder.c scan-assembler-not link_error,%r
FAIL: gcc.dg/torture/asm-subreg-1.c -O1 (test for excess errors)
FAIL: gcc.dg/torture/asm-subreg-1.c -O2 (test for excess errors)
FAIL: gcc.dg/torture/asm-subreg-1.c -O3 -fomit-frame-pointer (test for excess errors)
FAIL: gcc.dg/torture/asm-subreg-1.c -O3 -g (test for excess errors)
FAIL: gcc.dg/torture/asm-subreg-1.c -Os (test for excess errors)
=== gcc Summary ===
# of expected passes 36003
# of unexpected failures 7
# of unexpected successes 1
# of expected failures 78
# of untested testcases 28
# of unsupported tests 335
/scratch/gcc/nightly-2005-11-18-mainline/hppa64-hp-hpux11.11/build_gcc/install/bin/gcc version 4.1.0 20051118 (experimental)
=== libstdc++ tests ===
Running target unix
FAIL: 26_numerics/cmath/c99_classification_macros_c.cc (test for excess errors)
FAIL: ext/array_allocator/2.cc execution test
=== libstdc++ Summary ===
# of expected passes 2614
# of unexpected failures 2
# of expected failures 10
# of unsupported tests 158
Compiler version: 4.1.0 20051118 (experimental)
Platform: hppa64-hp-hpux11.11
configure flags: --disable-nls --build=hppa64-hp-hpux11.11 --host=hppa64-hp-hpux11.11 --target=hppa64-hp-hpux11.11 --enable-shared --enable-threads --disable-libmudflap --disable-libssp --disable-libstdcxx-pch --with-gnu-as --with-as=/scratch/gcc/nightly-2005-11-18-mainline/hppa64-hp-hpux11.11/build_gcc/install/bin/as --without-gnu-ld --with-ld=/usr/ccs/bin/ld --prefix=/scratch/gcc/nightly-2005-11-18-mainline/hppa64-hp-hpux11.11/build_gcc/install --enable-languages=c,c++