This is the mail archive of the
gcc-testresults@gcc.gnu.org
mailing list for the GCC project.
Results for 4.1.0 20051115 (experimental) testsuite oni686-pc-linux-gnu
- From: Laurent GUERBY <laurent at guerby dot net>
- To: gcc-test <gcc-testresults at gcc dot gnu dot org>
- Date: Tue, 15 Nov 2005 22:23:03 +0100
- Subject: Results for 4.1.0 20051115 (experimental) testsuite oni686-pc-linux-gnu
LAST_UPDATED: Tue Nov 15 18:45:31 UTC 2005 (revision 107034)
=== acats tests ===
FAIL: c32001e
FAIL: c34007p
FAIL: c34007r
FAIL: c45282b
FAIL: c64105b
FAIL: c95086b
FAIL: ca11c01
FAIL: cdd2a02
=== acats Summary ===
# of expected passes 2311
# of unexpected failures 8
Native configuration is i686-pc-linux-gnu
=== gcc tests ===
Running target unix
=== gcc Summary ===
# of expected passes 37808
# of expected failures 96
# of untested testcases 28
# of unsupported tests 251
/home/guerby/work/gcc/build/build-20051115T200322/gcc/xgcc version 4.1.0 20051115 (experimental)
Compiler version: 4.1.0 20051115 (experimental)
Platform: i686-pc-linux-gnu
configure flags: --prefix=/home/guerby/work/gcc/install/install-20051115T200322 --enable-__cxa_atexit --disable-nls --enable-threads=posix --disable-multilib --enable-checking --enable-languages=c,ada