This is the mail archive of the gcc-testresults@gcc.gnu.org mailing list for the GCC project.


Index Nav: [Date Index] [Subject Index] [Author Index] [Thread Index]
Message Nav: [Date Prev] [Date Next] [Thread Prev] [Thread Next]
Other format: [Raw text]

Results for 4.1.0 20051113 (experimental) testsuite on ia64-unknown-linux-gnu


LAST_UPDATED: 
Native configuration is ia64-unknown-linux-gnu

		=== g++ tests ===


Running target unix
FAIL: g++.dg/bprob/g++-bprob-1.C compilation,  -g  -fprofile-arcs
UNRESOLVED: g++.dg/bprob/g++-bprob-1.C execution,    -g  -fprofile-arcs
UNRESOLVED: g++.dg/bprob/g++-bprob-1.C compilation,  -g  -fbranch-probabilities
UNRESOLVED: g++.dg/bprob/g++-bprob-1.C execution,    -g  -fbranch-probabilities
FAIL: g++.dg/bprob/g++-bprob-1.C compilation,  -O0  -fprofile-arcs
UNRESOLVED: g++.dg/bprob/g++-bprob-1.C execution,    -O0  -fprofile-arcs
UNRESOLVED: g++.dg/bprob/g++-bprob-1.C compilation,  -O0  -fbranch-probabilities
UNRESOLVED: g++.dg/bprob/g++-bprob-1.C execution,    -O0  -fbranch-probabilities
FAIL: g++.dg/bprob/g++-bprob-1.C compilation,  -O1  -fprofile-arcs
UNRESOLVED: g++.dg/bprob/g++-bprob-1.C execution,    -O1  -fprofile-arcs
UNRESOLVED: g++.dg/bprob/g++-bprob-1.C compilation,  -O1  -fbranch-probabilities
UNRESOLVED: g++.dg/bprob/g++-bprob-1.C execution,    -O1  -fbranch-probabilities
FAIL: g++.dg/bprob/g++-bprob-1.C compilation,  -O2  -fprofile-arcs
UNRESOLVED: g++.dg/bprob/g++-bprob-1.C execution,    -O2  -fprofile-arcs
UNRESOLVED: g++.dg/bprob/g++-bprob-1.C compilation,  -O2  -fbranch-probabilities
UNRESOLVED: g++.dg/bprob/g++-bprob-1.C execution,    -O2  -fbranch-probabilities
FAIL: g++.dg/bprob/g++-bprob-1.C compilation,  -O3  -fprofile-arcs
UNRESOLVED: g++.dg/bprob/g++-bprob-1.C execution,    -O3  -fprofile-arcs
UNRESOLVED: g++.dg/bprob/g++-bprob-1.C compilation,  -O3  -fbranch-probabilities
UNRESOLVED: g++.dg/bprob/g++-bprob-1.C execution,    -O3  -fbranch-probabilities
FAIL: g++.dg/bprob/g++-bprob-1.C compilation,  -O3 -g  -fprofile-arcs
UNRESOLVED: g++.dg/bprob/g++-bprob-1.C execution,    -O3 -g  -fprofile-arcs
UNRESOLVED: g++.dg/bprob/g++-bprob-1.C compilation,  -O3 -g  -fbranch-probabilities
UNRESOLVED: g++.dg/bprob/g++-bprob-1.C execution,    -O3 -g  -fbranch-probabilities
FAIL: g++.dg/bprob/g++-bprob-1.C compilation,  -Os  -fprofile-arcs
UNRESOLVED: g++.dg/bprob/g++-bprob-1.C execution,    -Os  -fprofile-arcs
UNRESOLVED: g++.dg/bprob/g++-bprob-1.C compilation,  -Os  -fbranch-probabilities
UNRESOLVED: g++.dg/bprob/g++-bprob-1.C execution,    -Os  -fbranch-probabilities
FAIL: g++.dg/compat/abi/bitfield1 cp_compat_x_tst.o-cp_compat_y_tst.o link
UNRESOLVED: g++.dg/compat/abi/bitfield1 cp_compat_x_tst.o-cp_compat_y_tst.o execute 
FAIL: g++.dg/compat/abi/bitfield2 cp_compat_x_tst.o-cp_compat_y_tst.o link
UNRESOLVED: g++.dg/compat/abi/bitfield2 cp_compat_x_tst.o-cp_compat_y_tst.o execute 
FAIL: g++.dg/compat/abi/vbase8-10 cp_compat_x_tst.o-cp_compat_y_tst.o link
UNRESOLVED: g++.dg/compat/abi/vbase8-10 cp_compat_x_tst.o-cp_compat_y_tst.o execute 
FAIL: g++.dg/compat/abi/vbase8-21 cp_compat_x_tst.o-cp_compat_y_tst.o link
UNRESOLVED: g++.dg/compat/abi/vbase8-21 cp_compat_x_tst.o-cp_compat_y_tst.o execute 
FAIL: g++.dg/compat/abi/vbase8-22 cp_compat_x_tst.o-cp_compat_y_tst.o link
UNRESOLVED: g++.dg/compat/abi/vbase8-22 cp_compat_x_tst.o-cp_compat_y_tst.o execute 
FAIL: g++.dg/compat/abi/vbase8-4 cp_compat_x_tst.o-cp_compat_y_tst.o link
UNRESOLVED: g++.dg/compat/abi/vbase8-4 cp_compat_x_tst.o-cp_compat_y_tst.o execute 
FAIL: g++.dg/compat/break/bitfield5 cp_compat_x_tst.o-cp_compat_y_tst.o link
UNRESOLVED: g++.dg/compat/break/bitfield5 cp_compat_x_tst.o-cp_compat_y_tst.o execute 
FAIL: g++.dg/compat/break/bitfield7 cp_compat_x_tst.o-cp_compat_y_tst.o link
UNRESOLVED: g++.dg/compat/break/bitfield7 cp_compat_x_tst.o-cp_compat_y_tst.o execute 
FAIL: g++.dg/compat/break/empty6 cp_compat_x_tst.o-cp_compat_y_tst.o link
UNRESOLVED: g++.dg/compat/break/empty6 cp_compat_x_tst.o-cp_compat_y_tst.o execute 
FAIL: g++.dg/compat/break/vbase10 cp_compat_x_tst.o-cp_compat_y_tst.o link
UNRESOLVED: g++.dg/compat/break/vbase10 cp_compat_x_tst.o-cp_compat_y_tst.o execute 
FAIL: g++.dg/compat/break/vbase11 cp_compat_x_tst.o-cp_compat_y_tst.o link
UNRESOLVED: g++.dg/compat/break/vbase11 cp_compat_x_tst.o-cp_compat_y_tst.o execute 
FAIL: g++.dg/compat/eh/ctor1 cp_compat_x_tst.o-cp_compat_y_tst.o link
UNRESOLVED: g++.dg/compat/eh/ctor1 cp_compat_x_tst.o-cp_compat_y_tst.o execute 
FAIL: g++.dg/compat/eh/ctor2 cp_compat_x_tst.o-cp_compat_y_tst.o link
UNRESOLVED: g++.dg/compat/eh/ctor2 cp_compat_x_tst.o-cp_compat_y_tst.o execute 
FAIL: g++.dg/compat/eh/dtor1 cp_compat_x_tst.o-cp_compat_y_tst.o link
UNRESOLVED: g++.dg/compat/eh/dtor1 cp_compat_x_tst.o-cp_compat_y_tst.o execute 
FAIL: g++.dg/compat/eh/filter1 cp_compat_x_tst.o-cp_compat_y_tst.o link
UNRESOLVED: g++.dg/compat/eh/filter1 cp_compat_x_tst.o-cp_compat_y_tst.o execute 
FAIL: g++.dg/compat/eh/filter2 cp_compat_x_tst.o-cp_compat_y_tst.o link
UNRESOLVED: g++.dg/compat/eh/filter2 cp_compat_x_tst.o-cp_compat_y_tst.o execute 
FAIL: g++.dg/compat/eh/new1 cp_compat_x_tst.o-cp_compat_y_tst.o link
UNRESOLVED: g++.dg/compat/eh/new1 cp_compat_x_tst.o-cp_compat_y_tst.o execute 
FAIL: g++.dg/compat/eh/nrv1 cp_compat_x_tst.o-cp_compat_y_tst.o link
UNRESOLVED: g++.dg/compat/eh/nrv1 cp_compat_x_tst.o-cp_compat_y_tst.o execute 
FAIL: g++.dg/compat/eh/spec3 cp_compat_x_tst.o-cp_compat_y_tst.o link
UNRESOLVED: g++.dg/compat/eh/spec3 cp_compat_x_tst.o-cp_compat_y_tst.o execute 
FAIL: g++.dg/compat/eh/template1 cp_compat_x_tst.o-cp_compat_y_tst.o link
UNRESOLVED: g++.dg/compat/eh/template1 cp_compat_x_tst.o-cp_compat_y_tst.o execute 
FAIL: g++.dg/compat/eh/unexpected1 cp_compat_x_tst.o-cp_compat_y_tst.o link
UNRESOLVED: g++.dg/compat/eh/unexpected1 cp_compat_x_tst.o-cp_compat_y_tst.o execute 
FAIL: g++.dg/compat/init/array5 cp_compat_x_tst.o-cp_compat_y_tst.o link
UNRESOLVED: g++.dg/compat/init/array5 cp_compat_x_tst.o-cp_compat_y_tst.o execute 
FAIL: g++.dg/compat/init/byval1 cp_compat_x_tst.o-cp_compat_y_tst.o link
UNRESOLVED: g++.dg/compat/init/byval1 cp_compat_x_tst.o-cp_compat_y_tst.o execute 
FAIL: g++.dg/compat/init/dtor1 cp_compat_x_tst.o-cp_compat_y_tst.o link
UNRESOLVED: g++.dg/compat/init/dtor1 cp_compat_x_tst.o-cp_compat_y_tst.o execute 
FAIL: g++.dg/compat/init/elide1 cp_compat_x_tst.o-cp_compat_y_tst.o link
UNRESOLVED: g++.dg/compat/init/elide1 cp_compat_x_tst.o-cp_compat_y_tst.o execute 
FAIL: g++.dg/compat/init/init-ref2 cp_compat_x_tst.o-cp_compat_y_tst.o link
UNRESOLVED: g++.dg/compat/init/init-ref2 cp_compat_x_tst.o-cp_compat_y_tst.o execute 
FAIL: g++.dg/debug/const1.C (test for excess errors)
FAIL: g++.dg/debug/const1.C (test for excess errors)
FAIL: g++.dg/debug/const1.C (test for excess errors)
FAIL: g++.dg/debug/const1.C (test for excess errors)
FAIL: g++.dg/debug/const1.C (test for excess errors)
FAIL: g++.dg/debug/const1.C (test for excess errors)
FAIL: g++.dg/debug/const1.C (test for excess errors)
FAIL: g++.dg/debug/const1.C (test for excess errors)
FAIL: g++.dg/debug/const1.C (test for excess errors)
FAIL: g++.dg/debug/debug4.C (test for excess errors)
FAIL: g++.dg/debug/debug4.C (test for excess errors)
FAIL: g++.dg/debug/debug4.C (test for excess errors)
FAIL: g++.dg/debug/debug4.C (test for excess errors)
FAIL: g++.dg/debug/debug4.C (test for excess errors)
FAIL: g++.dg/debug/debug4.C (test for excess errors)
FAIL: g++.dg/debug/debug4.C (test for excess errors)
FAIL: g++.dg/debug/debug4.C (test for excess errors)
FAIL: g++.dg/debug/debug4.C (test for excess errors)
FAIL: g++.dg/debug/trivial.C (test for excess errors)
FAIL: g++.dg/debug/trivial.C (test for excess errors)
FAIL: g++.dg/debug/trivial.C (test for excess errors)
FAIL: g++.dg/debug/trivial.C (test for excess errors)
FAIL: g++.dg/debug/trivial.C (test for excess errors)
FAIL: g++.dg/debug/trivial.C (test for excess errors)
FAIL: g++.dg/debug/trivial.C (test for excess errors)
FAIL: g++.dg/debug/trivial.C (test for excess errors)
FAIL: g++.dg/debug/trivial.C (test for excess errors)
FAIL: g++.dg/abi/align1.C (test for excess errors)
FAIL: g++.dg/abi/bitfield1.C (test for excess errors)
FAIL: g++.dg/abi/bitfield11.C (test for excess errors)
FAIL: g++.dg/abi/bitfield2.C (test for excess errors)
FAIL: g++.dg/abi/bitfield4.C (test for excess errors)
FAIL: g++.dg/abi/bitfield6.C (test for excess errors)
FAIL: g++.dg/abi/covariant3.C (test for excess errors)
FAIL: g++.dg/abi/covariant4.C (test for excess errors)
FAIL: g++.dg/abi/covariant5.C (test for excess errors)
FAIL: g++.dg/abi/empty11.C (test for excess errors)
FAIL: g++.dg/abi/empty4.C (test for excess errors)
FAIL: g++.dg/abi/empty8.C (test for excess errors)
FAIL: g++.dg/abi/enum1.C (test for excess errors)
FAIL: g++.dg/abi/layout1.C (test for excess errors)
FAIL: g++.dg/abi/layout2.C (test for excess errors)
FAIL: g++.dg/abi/local1.C (test for excess errors)
FAIL: g++.dg/abi/mangle2.C (test for excess errors)
FAIL: g++.dg/abi/offsetof.C (test for excess errors)
FAIL: g++.dg/abi/param1.C (test for excess errors)
FAIL: g++.dg/abi/rtti2.C (test for excess errors)
FAIL: g++.dg/abi/structret1.C (test for excess errors)
FAIL: g++.dg/abi/vbase12.C (test for excess errors)
FAIL: g++.dg/abi/vbase13.C (test for excess errors)
FAIL: g++.dg/abi/vbase8-10.C (test for excess errors)
FAIL: g++.dg/abi/vbase8-21.C (test for excess errors)
FAIL: g++.dg/abi/vbase8-22.C (test for excess errors)
FAIL: g++.dg/abi/vbase8-4.C (test for excess errors)
FAIL: g++.dg/abi/vcall1.C (test for excess errors)
FAIL: g++.dg/abi/vthunk1.C (test for excess errors)
FAIL: g++.dg/eh/cond1.C (test for excess errors)
FAIL: g++.dg/eh/crossjump1.C (test for excess errors)
FAIL: g++.dg/eh/ctor1.C (test for excess errors)
FAIL: g++.dg/eh/ctor2.C (test for excess errors)
FAIL: g++.dg/eh/delayslot1.C (test for excess errors)
FAIL: g++.dg/eh/dtor1.C (test for excess errors)
FAIL: g++.dg/eh/dtor2.C (test for excess errors)
FAIL: g++.dg/eh/elide1.C (test for excess errors)
FAIL: g++.dg/eh/elide2.C (test for excess errors)
FAIL: g++.dg/eh/filter1.C (test for excess errors)
FAIL: g++.dg/eh/filter2.C (test for excess errors)
FAIL: g++.dg/eh/forced1.C (test for excess errors)
FAIL: g++.dg/eh/forced2.C (test for excess errors)
FAIL: g++.dg/eh/forced3.C (test for excess errors)
FAIL: g++.dg/eh/forced4.C (test for excess errors)
FAIL: g++.dg/eh/fp-regs.C (test for excess errors)
FAIL: g++.dg/eh/ia64-1.C (test for excess errors)
FAIL: g++.dg/eh/loop1.C (test for excess errors)
FAIL: g++.dg/eh/loop2.C (test for excess errors)
FAIL: g++.dg/eh/new1.C (test for excess errors)
FAIL: g++.dg/eh/omit-frame-pointer.C (test for excess errors)
FAIL: g++.dg/eh/omit-frame-pointer2.C (test for excess errors)
FAIL: g++.dg/eh/registers1.C (test for excess errors)
FAIL: g++.dg/eh/scope1.C (test for excess errors)
FAIL: g++.dg/eh/simd-1.C (test for excess errors)
FAIL: g++.dg/eh/simd-2.C (test for excess errors)
FAIL: g++.dg/eh/spec3.C (test for excess errors)
FAIL: g++.dg/eh/spec5.C (test for excess errors)
FAIL: g++.dg/eh/spec7.C (test for excess errors)
FAIL: g++.dg/eh/template1.C (test for excess errors)
FAIL: g++.dg/eh/uncaught1.C (test for excess errors)
FAIL: g++.dg/eh/unexpected1.C (test for excess errors)
FAIL: g++.dg/expr/anew1.C (test for excess errors)
FAIL: g++.dg/expr/anew2.C (test for excess errors)
FAIL: g++.dg/expr/anew3.C (test for excess errors)
FAIL: g++.dg/expr/anew4.C (test for excess errors)
FAIL: g++.dg/expr/assign1.C (test for excess errors)
FAIL: g++.dg/expr/cast4.C (test for excess errors)
FAIL: g++.dg/expr/comma1.C (test for excess errors)
FAIL: g++.dg/expr/cond1.C (test for excess errors)
FAIL: g++.dg/expr/cond6.C (test for excess errors)
FAIL: g++.dg/expr/copy1.C (test for excess errors)
FAIL: g++.dg/expr/enum1.C (test for excess errors)
FAIL: g++.dg/expr/lval2.C (test for excess errors)
FAIL: g++.dg/expr/ptrmem4.C (test for excess errors)
FAIL: g++.dg/expr/ptrmem6.C (test for excess errors)
FAIL: g++.dg/ext/alignof1.C (test for excess errors)
FAIL: g++.dg/ext/attrib3.C (test for excess errors)
FAIL: g++.dg/ext/attrib6.C (test for excess errors)
FAIL: g++.dg/ext/attribute-test-1.C (test for excess errors)
FAIL: g++.dg/ext/attribute-test-2.C (test for excess errors)
FAIL: g++.dg/ext/attribute-test-3.C (test for excess errors)
FAIL: g++.dg/ext/attribute-test-4.C (test for excess errors)
FAIL: g++.dg/ext/builtin7.C (test for excess errors)
FAIL: g++.dg/ext/fnname1.C (test for excess errors)
FAIL: g++.dg/ext/fnname2.C (test for excess errors)
FAIL: g++.dg/ext/fnname3.C (test for excess errors)
FAIL: g++.dg/ext/interface1.C (test for excess errors)
FAIL: g++.dg/ext/label3.C (test for excess errors)
FAIL: g++.dg/ext/oper1.C (test for excess errors)
FAIL: g++.dg/ext/packed4.C (test for excess errors)
FAIL: g++.dg/ext/packed7.C (test for excess errors)
FAIL: g++.dg/ext/pretty2.C (test for excess errors)
FAIL: g++.dg/ext/stmtexpr1.C (test for excess errors)
FAIL: g++.dg/ext/stmtexpr2.C (test for excess errors)
FAIL: g++.dg/ext/stmtexpr6.C (test for excess errors)
FAIL: g++.dg/inherit/covariant1.C (test for excess errors)
FAIL: g++.dg/inherit/covariant2.C (test for excess errors)
FAIL: g++.dg/inherit/covariant3.C (test for excess errors)
FAIL: g++.dg/inherit/covariant4.C (test for excess errors)
FAIL: g++.dg/inherit/covariant9.C (test for excess errors)
FAIL: g++.dg/inherit/local2.C (test for excess errors)
FAIL: g++.dg/inherit/null1.C (test for excess errors)
FAIL: g++.dg/inherit/operator1.C (test for excess errors)
FAIL: g++.dg/inherit/thunk1.C (test for excess errors)
FAIL: g++.dg/inherit/using1.C (test for excess errors)
FAIL: g++.dg/inherit/using2.C (test for excess errors)
FAIL: g++.dg/init/addr-const1.C (test for excess errors)
FAIL: g++.dg/init/aggr2.C (test for excess errors)
FAIL: g++.dg/init/array1.C (test for excess errors)
FAIL: g++.dg/init/array12.C (test for excess errors)
FAIL: g++.dg/init/array14.C (test for excess errors)
FAIL: g++.dg/init/array15.C (test for excess errors)
FAIL: g++.dg/init/array16.C (test for excess errors)
FAIL: g++.dg/init/array18.C (test for excess errors)
FAIL: g++.dg/init/array5.C (test for excess errors)
FAIL: g++.dg/init/assign1.C (test for excess errors)
FAIL: g++.dg/init/attrib1.C (test for excess errors)
FAIL: g++.dg/init/bitfield2.C (test for excess errors)
FAIL: g++.dg/init/byval1.C (test for excess errors)
FAIL: g++.dg/init/copy3.C (test for excess errors)
FAIL: g++.dg/init/ctor1.C (test for excess errors)
FAIL: g++.dg/init/ctor2.C (test for excess errors)
FAIL: g++.dg/init/ctor7.C (test for excess errors)
FAIL: g++.dg/init/dtor1.C (test for excess errors)
FAIL: g++.dg/init/dtor2.C (test for excess errors)
FAIL: g++.dg/init/dtor3.C (test for excess errors)
FAIL: g++.dg/init/elide1.C (test for excess errors)
FAIL: g++.dg/init/elide2.C (test for excess errors)
FAIL: g++.dg/init/empty1.C (test for excess errors)
FAIL: g++.dg/init/float1.C (test for excess errors)
FAIL: g++.dg/init/goto1.C (test for excess errors)
FAIL: g++.dg/init/init-ref1.C (test for excess errors)
FAIL: g++.dg/init/init-ref2.C (test for excess errors)
FAIL: g++.dg/init/init-ref3.C (test for excess errors)
FAIL: g++.dg/init/init-ref4.C (test for excess errors)
FAIL: g++.dg/init/new11.C (test for excess errors)
FAIL: g++.dg/init/new5.C (test for excess errors)
FAIL: g++.dg/init/placement2.C (test for excess errors)
FAIL: g++.dg/init/pm1.C (test for excess errors)
FAIL: g++.dg/init/pm3.C (test for excess errors)
FAIL: g++.dg/init/ptrmem2.C (test for excess errors)
FAIL: g++.dg/init/ref12.C (test for excess errors)
FAIL: g++.dg/init/ref4.C (test for excess errors)
FAIL: g++.dg/init/ref9.C (test for excess errors)
FAIL: g++.dg/init/static2.C (test for excess errors)
FAIL: g++.dg/init/vector1.C (test for excess errors)
FAIL: g++.dg/lookup/anon1.C (test for excess errors)
FAIL: g++.dg/lookup/builtin1.C (test for excess errors)
FAIL: g++.dg/lookup/friend8.C (test for excess errors)
FAIL: g++.dg/lookup/template1.C (test for excess errors)
FAIL: g++.dg/lookup/two-stage1.C (test for excess errors)
FAIL: g++.dg/lookup/two-stage5.C (test for excess errors)
FAIL: g++.dg/opt/20050511-1.C (test for excess errors)
FAIL: g++.dg/opt/alias1.C (test for excess errors)
FAIL: g++.dg/opt/alias2.C (test for excess errors)
FAIL: g++.dg/opt/bool1.C (test for excess errors)
FAIL: g++.dg/opt/cleanup1.C (test for excess errors)
FAIL: g++.dg/opt/cond1.C (test for excess errors)
FAIL: g++.dg/opt/const1.C (test for excess errors)
FAIL: g++.dg/opt/const2.C (test for excess errors)
FAIL: g++.dg/opt/const3.C (test for excess errors)
FAIL: g++.dg/opt/covariant1.C (test for excess errors)
FAIL: g++.dg/opt/delay-slot-1.C (test for excess errors)
FAIL: g++.dg/opt/dtor1.C (test for excess errors)
FAIL: g++.dg/opt/eh2.C (test for excess errors)
FAIL: g++.dg/opt/eh3.C (test for excess errors)
FAIL: g++.dg/opt/enum1.C (test for excess errors)
FAIL: g++.dg/opt/expect1.C (test for excess errors)
FAIL: g++.dg/opt/fold2.C (test for excess errors)
FAIL: g++.dg/opt/fold3.C (test for excess errors)
FAIL: g++.dg/opt/inline2.C (test for excess errors)
FAIL: g++.dg/opt/inline9.C (test for excess errors)
FAIL: g++.dg/opt/interface1.C (test for excess errors)
FAIL: g++.dg/opt/longbranch1.C (test for excess errors)
FAIL: g++.dg/opt/loop1.C (test for excess errors)
FAIL: g++.dg/opt/max1.C (test for excess errors)
FAIL: g++.dg/opt/nrv1.C (test for excess errors)
FAIL: g++.dg/opt/nrv2.C (test for excess errors)
FAIL: g++.dg/opt/nrv3.C (test for excess errors)
FAIL: g++.dg/opt/nrv4.C (test for excess errors)
FAIL: g++.dg/opt/nrv5.C (test for excess errors)
FAIL: g++.dg/opt/nrv6.C (test for excess errors)
FAIL: g++.dg/opt/pr14029.C (test for excess errors)
FAIL: g++.dg/opt/pr15054.C (test for excess errors)
FAIL: g++.dg/opt/pr15551.C (test for excess errors)
FAIL: g++.dg/opt/pr16372-1.C (test for excess errors)
FAIL: g++.dg/opt/pr16693-1.C (test for excess errors)
FAIL: g++.dg/opt/pr16693-2.C (test for excess errors)
FAIL: g++.dg/opt/pr17697-1.C (test for excess errors)
FAIL: g++.dg/opt/pr17697-2.C (test for excess errors)
FAIL: g++.dg/opt/pr17697-3.C (test for excess errors)
FAIL: g++.dg/opt/pr18084-1.C (test for excess errors)
FAIL: g++.dg/opt/pr19650.C (test for excess errors)
FAIL: g++.dg/opt/pr22167.C (test for excess errors)
FAIL: g++.dg/opt/pr23299.C (test for excess errors)
FAIL: g++.dg/opt/pr23478.C (test for excess errors)
FAIL: g++.dg/opt/pr6713.C (test for excess errors)
FAIL: g++.dg/opt/pr7503-1.C (test for excess errors)
FAIL: g++.dg/opt/pr7503-2.C (test for excess errors)
FAIL: g++.dg/opt/pr7503-4.C (test for excess errors)
FAIL: g++.dg/opt/pr7503-5.C (test for excess errors)
FAIL: g++.dg/opt/preinc1.C (test for excess errors)
FAIL: g++.dg/opt/ptrintsum1.C (test for excess errors)
FAIL: g++.dg/opt/range-test-1.C (test for excess errors)
FAIL: g++.dg/opt/range-test-2.C (test for excess errors)
FAIL: g++.dg/opt/reg-stack.C (test for excess errors)
FAIL: g++.dg/opt/rtti1.C (test for excess errors)
FAIL: g++.dg/opt/stack1.C (test for excess errors)
FAIL: g++.dg/opt/static3.C (test for excess errors)
FAIL: g++.dg/opt/strength-reduce.C (test for excess errors)
FAIL: g++.dg/opt/temp1.C (test for excess errors)
FAIL: g++.dg/opt/thunk1.C (test for excess errors)
FAIL: g++.dg/opt/thunk2.C (test for excess errors)
FAIL: g++.dg/opt/tmp1.C (test for excess errors)
FAIL: g++.dg/opt/unroll1.C (test for excess errors)
FAIL: g++.dg/opt/vrp2.C (test for excess errors)
FAIL: g++.dg/other/complex1.C (test for excess errors)
FAIL: g++.dg/other/copy1.C (test for excess errors)
FAIL: g++.dg/other/copy2.C (test for excess errors)
FAIL: g++.dg/other/friend2.C (test for excess errors)
FAIL: g++.dg/other/init2.C (test for excess errors)
FAIL: g++.dg/other/offsetof2.C (test for excess errors)
FAIL: g++.dg/other/packed1.C (test for excess errors)
FAIL: g++.dg/other/profile1.C (test for excess errors)
FAIL: g++.dg/other/ptrmem1.C (test for excess errors)
FAIL: g++.dg/other/ptrmem3.C (test for excess errors)
FAIL: g++.dg/other/stdarg1.C (test for excess errors)
FAIL: g++.dg/other/ucnid-1.C (test for excess errors)
FAIL: g++.dg/other/vthunk1.C (test for excess errors)
FAIL: g++.dg/overload/addr1.C (test for excess errors)
FAIL: g++.dg/overload/member2.C (test for excess errors)
FAIL: g++.dg/parse/repo1.C (test for excess errors)
FAIL: g++.dg/rtti/cv1.C (test for excess errors)
FAIL: g++.dg/rtti/repo1.C (test for excess errors)
FAIL: g++.dg/rtti/typeid2.C (test for excess errors)
FAIL: g++.dg/rtti/typeid4.C (test for excess errors)
FAIL: g++.dg/tc1/dr127.C (test for excess errors)
FAIL: g++.dg/tc1/dr128.C (test for excess errors)
FAIL: g++.dg/tc1/dr164.C (test for excess errors)
FAIL: g++.dg/tc1/dr185.C (test for excess errors)
FAIL: g++.dg/tc1/dr193.C (test for excess errors)
FAIL: g++.dg/tc1/dr20.C (test for excess errors)
FAIL: g++.dg/tc1/dr48.C (test for excess errors)
FAIL: g++.dg/template/array13.C (test for excess errors)
FAIL: g++.dg/template/call1.C (test for excess errors)
FAIL: g++.dg/template/conv2.C (test for excess errors)
FAIL: g++.dg/template/conv3.C (test for excess errors)
FAIL: g++.dg/template/ctor2.C (test for excess errors)
FAIL: g++.dg/template/deduce1.C (test for excess errors)
FAIL: g++.dg/template/explicit1.C (test for excess errors)
FAIL: g++.dg/template/explicit7.C (test for excess errors)
FAIL: g++.dg/template/friend10.C (test for excess errors)
FAIL: g++.dg/template/friend18.C (test for excess errors)
FAIL: g++.dg/template/friend28.C (test for excess errors)
FAIL: g++.dg/template/new1.C (test for excess errors)
FAIL: g++.dg/template/non-dependent1.C (test for excess errors)
FAIL: g++.dg/template/overload7.C (test for excess errors)
FAIL: g++.dg/template/partial1.C (test for excess errors)
FAIL: g++.dg/template/pretty1.C (test for excess errors)
FAIL: g++.dg/template/qual2.C (test for excess errors)
FAIL: g++.dg/template/qualttp11.C (test for excess errors)
FAIL: g++.dg/template/qualttp12.C (test for excess errors)
FAIL: g++.dg/template/qualttp14.C (test for excess errors)
FAIL: g++.dg/template/qualttp16.C (test for excess errors)
FAIL: g++.dg/template/repo1.C (test for excess errors)
FAIL: g++.dg/template/repo2.C (test for excess errors)
FAIL: g++.dg/template/repo3.C (test for excess errors)
FAIL: g++.dg/template/repo4.C (test for excess errors)
FAIL: g++.dg/template/spec10.C (test for excess errors)
FAIL: g++.dg/template/spec21.C (test for excess errors)
FAIL: g++.dg/template/static21.C (test for excess errors)
FAIL: g++.dg/template/static7.C (test for excess errors)
FAIL: g++.dg/template/unify8.C (test for excess errors)
FAIL: g++.dg/template/union1.C (test for excess errors)
FAIL: g++.dg/template/using1.C (test for excess errors)
FAIL: g++.dg/template/using3.C (test for excess errors)
FAIL: g++.dg/template/using4.C (test for excess errors)
FAIL: g++.dg/template/vtable1.C (test for excess errors)
FAIL: g++.dg/tree-ssa/20040317-1.C (test for excess errors)
FAIL: g++.dg/tree-ssa/builtin1.C (test for excess errors)
FAIL: g++.dg/tree-ssa/pr15791-1.C (test for excess errors)
FAIL: g++.dg/tree-ssa/pr15791-2.C (test for excess errors)
FAIL: g++.dg/tree-ssa/pr19786.C (test for excess errors)
FAIL: g++.dg/tree-ssa/pr20458.C (test for excess errors)
FAIL: g++.dg/tree-ssa/pr21082.C (test for excess errors)
FAIL: g++.dg/tree-ssa/pr21407.C (test for excess errors)
FAIL: g++.dg/warn/huge-val1.C (test for excess errors)
FAIL: g++.dg/warn/weak1.C (test for excess errors)
FAIL: g++.dg/gcov/gcov-1.C (test for excess errors)
FAIL: g++.dg/gcov/gcov-2.C (test for excess errors)
FAIL: g++.dg/gcov/gcov-3.C (test for excess errors)
FAIL: g++.dg/special/conpr-1.C (test for excess errors)
FAIL: g++.dg/special/conpr-2.C (test for excess errors)
FAIL: g++.dg/special/conpr-3.C (test for excess errors)
FAIL: g++.dg/special/conpr-4.C (test for excess errors)
FAIL: g++.dg/special/initp1.C (test for excess errors)
FAIL: g++.dg/tls/static-1.C (test for excess errors)
FAIL: g++.old-deja/g++.abi/arraynew.C (test for excess errors)
FAIL: g++.old-deja/g++.abi/cxa_vec.C (test for excess errors)
FAIL: g++.old-deja/g++.abi/empty.C (test for excess errors)
FAIL: g++.old-deja/g++.abi/layout1.C (test for excess errors)
FAIL: g++.old-deja/g++.abi/primary.C (test for excess errors)
FAIL: g++.old-deja/g++.abi/primary2.C (test for excess errors)
FAIL: g++.old-deja/g++.abi/primary3.C (test for excess errors)
FAIL: g++.old-deja/g++.abi/primary4.C (test for excess errors)
FAIL: g++.old-deja/g++.abi/primary5.C (test for excess errors)
FAIL: g++.old-deja/g++.abi/ptrflags.C (test for excess errors)
FAIL: g++.old-deja/g++.abi/ptrmem.C (test for excess errors)
FAIL: g++.old-deja/g++.abi/vbase1.C (test for excess errors)
FAIL: g++.old-deja/g++.abi/vbase2.C (test for excess errors)
FAIL: g++.old-deja/g++.abi/vbase3.C (test for excess errors)
FAIL: g++.old-deja/g++.abi/vbase4.C (test for excess errors)
FAIL: g++.old-deja/g++.abi/vbase7.C (test for excess errors)
FAIL: g++.old-deja/g++.abi/vbase8-5.C (test for excess errors)
FAIL: g++.old-deja/g++.abi/vbase8-9.C (test for excess errors)
FAIL: g++.old-deja/g++.abi/vmihint.C (test for excess errors)
FAIL: g++.old-deja/g++.abi/vtable.C (test for excess errors)
FAIL: g++.old-deja/g++.abi/vtable2.C (test for excess errors)
FAIL: g++.old-deja/g++.abi/vtable3a.C (test for excess errors)
FAIL: g++.old-deja/g++.abi/vtable3b.C (test for excess errors)
FAIL: g++.old-deja/g++.abi/vtable3c.C (test for excess errors)
FAIL: g++.old-deja/g++.abi/vtable3d.C (test for excess errors)
FAIL: g++.old-deja/g++.abi/vtable3e.C (test for excess errors)
FAIL: g++.old-deja/g++.abi/vtable3f.C (test for excess errors)
FAIL: g++.old-deja/g++.abi/vtable3g.C (test for excess errors)
FAIL: g++.old-deja/g++.abi/vtable3h.C (test for excess errors)
FAIL: g++.old-deja/g++.abi/vtable3i.C (test for excess errors)
FAIL: g++.old-deja/g++.abi/vtable3j.C (test for excess errors)
FAIL: g++.old-deja/g++.benjamin/14687.C (test for excess errors)
FAIL: g++.old-deja/g++.benjamin/15071.C (test for excess errors)
FAIL: g++.old-deja/g++.benjamin/15351-1.C (test for excess errors)
FAIL: g++.old-deja/g++.benjamin/15351-2.C (test for excess errors)
FAIL: g++.old-deja/g++.benjamin/15822.C (test for excess errors)
FAIL: g++.old-deja/g++.benjamin/bool01.C (test for excess errors)
FAIL: g++.old-deja/g++.benjamin/bool02.C (test for excess errors)
FAIL: g++.old-deja/g++.benjamin/tem06.C (test for excess errors)
FAIL: g++.old-deja/g++.benjamin/tem07.C (test for excess errors)
FAIL: g++.old-deja/g++.benjamin/typeid01.C (test for excess errors)
FAIL: g++.old-deja/g++.bob/delete1.C (test for excess errors)
FAIL: g++.old-deja/g++.bob/packed1.C (test for excess errors)
FAIL: g++.old-deja/g++.bob/template4.C (test for excess errors)
FAIL: g++.old-deja/g++.brendan/code-gen1.C (test for excess errors)
FAIL: g++.old-deja/g++.brendan/code-gen2.C (test for excess errors)
FAIL: g++.old-deja/g++.brendan/code-gen3.C (test for excess errors)
FAIL: g++.old-deja/g++.brendan/code-gen4.C (test for excess errors)
FAIL: g++.old-deja/g++.brendan/code-gen6.C (test for excess errors)
FAIL: g++.old-deja/g++.brendan/complex1.C (test for excess errors)
FAIL: g++.old-deja/g++.brendan/copy1.C (test for excess errors)
FAIL: g++.old-deja/g++.brendan/copy2.C (test for excess errors)
FAIL: g++.old-deja/g++.brendan/copy3.C (test for excess errors)
FAIL: g++.old-deja/g++.brendan/copy4.C (test for excess errors)
FAIL: g++.old-deja/g++.brendan/copy5.C (test for excess errors)
FAIL: g++.old-deja/g++.brendan/copy6.C (test for excess errors)
FAIL: g++.old-deja/g++.brendan/copy7.C (test for excess errors)
FAIL: g++.old-deja/g++.brendan/copy8.C (test for excess errors)
FAIL: g++.old-deja/g++.brendan/copy9.C (test for excess errors)
FAIL: g++.old-deja/g++.brendan/ctors1.C (test for excess errors)
FAIL: g++.old-deja/g++.brendan/ctors2.C (test for excess errors)
FAIL: g++.old-deja/g++.brendan/delete2.C (test for excess errors)
FAIL: g++.old-deja/g++.brendan/dtors1.C (test for excess errors)
FAIL: g++.old-deja/g++.brendan/dtors2.C (test for excess errors)
FAIL: g++.old-deja/g++.brendan/dtors3.C (test for excess errors)
FAIL: g++.old-deja/g++.brendan/eh1.C (test for excess errors)
FAIL: g++.old-deja/g++.brendan/groff1.C (test for excess errors)
FAIL: g++.old-deja/g++.brendan/init3.C (test for excess errors)
FAIL: g++.old-deja/g++.brendan/misc7.C (test for excess errors)
FAIL: g++.old-deja/g++.brendan/nest21.C (test for excess errors)
FAIL: g++.old-deja/g++.brendan/new2.C (test for excess errors)
FAIL: g++.old-deja/g++.brendan/new3.C (test for excess errors)
FAIL: g++.old-deja/g++.brendan/operators5.C (test for excess errors)
FAIL: g++.old-deja/g++.brendan/overload2.C (test for excess errors)
FAIL: g++.old-deja/g++.brendan/overload7.C (test for excess errors)
FAIL: g++.old-deja/g++.brendan/ptolemy2.C (test for excess errors)
FAIL: g++.old-deja/g++.brendan/redecl2.C (test for excess errors)
FAIL: g++.old-deja/g++.brendan/reference1.C (test for excess errors)
FAIL: g++.old-deja/g++.brendan/sizeof5.C (test for excess errors)
FAIL: g++.old-deja/g++.brendan/template22.C (test for excess errors)
FAIL: g++.old-deja/g++.brendan/template24.C (test for excess errors)
FAIL: g++.old-deja/g++.brendan/template3.C (test for excess errors)
FAIL: g++.old-deja/g++.brendan/union1.C (test for excess errors)
FAIL: g++.old-deja/g++.brendan/vtables1.C (test for excess errors)
FAIL: g++.old-deja/g++.bugs/891230_01.C (test for excess errors)
FAIL: g++.old-deja/g++.bugs/900107_01.C (test for excess errors)
FAIL: g++.old-deja/g++.bugs/900207_03.C (test for excess errors)
FAIL: g++.old-deja/g++.bugs/900208_02.C (test for excess errors)
FAIL: g++.old-deja/g++.bugs/900212_03.C (test for excess errors)
FAIL: g++.old-deja/g++.bugs/900220_01.C (test for excess errors)
FAIL: g++.old-deja/g++.bugs/900220_02.C (test for excess errors)
FAIL: g++.old-deja/g++.bugs/900220_03.C (test for excess errors)
FAIL: g++.old-deja/g++.bugs/900321_02.C (test for excess errors)
FAIL: g++.old-deja/g++.bugs/900321_04.C (test for excess errors)
FAIL: g++.old-deja/g++.bugs/900321_05.C (test for excess errors)
FAIL: g++.old-deja/g++.bugs/900324_03.C (test for excess errors)
FAIL: g++.old-deja/g++.bugs/900324_06.C (test for excess errors)
FAIL: g++.old-deja/g++.bugs/900331_02.C (test for excess errors)
FAIL: g++.old-deja/g++.bugs/900331_03.C (test for excess errors)
FAIL: g++.old-deja/g++.bugs/900331_04.C (test for excess errors)
FAIL: g++.old-deja/g++.bugs/900406_02.C (test for excess errors)
FAIL: g++.old-deja/g++.bugs/900511_01.C (test for excess errors)
FAIL: g++.old-deja/g++.bugs/900519_04.C (test for excess errors)
FAIL: g++.old-deja/g++.bugs/900519_05.C (test for excess errors)
FAIL: g++.old-deja/g++.bugs/900520_04.C (test for excess errors)
FAIL: g++.old-deja/g++.bugs/900520_05.C (test for excess errors)
FAIL: g++.old-deja/g++.bugs/900520_06.C (test for excess errors)
FAIL: g++.old-deja/g++.eh/badalloc1.C (test for excess errors)
FAIL: g++.old-deja/g++.eh/catch11.C (test for excess errors)
FAIL: g++.old-deja/g++.eh/catch12.C (test for excess errors)
FAIL: g++.old-deja/g++.eh/catch3.C (test for excess errors)
FAIL: g++.old-deja/g++.eh/catch3p.C (test for excess errors)
FAIL: g++.old-deja/g++.eh/catch4.C (test for excess errors)
FAIL: g++.old-deja/g++.eh/catch4p.C (test for excess errors)
FAIL: g++.old-deja/g++.eh/catch5.C (test for excess errors)
FAIL: g++.old-deja/g++.eh/catch5p.C (test for excess errors)
FAIL: g++.old-deja/g++.eh/catch6.C (test for excess errors)
FAIL: g++.old-deja/g++.eh/catch6p.C (test for excess errors)
FAIL: g++.old-deja/g++.eh/catch7.C (test for excess errors)
FAIL: g++.old-deja/g++.eh/catch7p.C (test for excess errors)
FAIL: g++.old-deja/g++.eh/catch8.C (test for excess errors)
FAIL: g++.old-deja/g++.eh/catch8p.C (test for excess errors)
FAIL: g++.old-deja/g++.eh/catch9.C (test for excess errors)
FAIL: g++.old-deja/g++.eh/catch9p.C (test for excess errors)
FAIL: g++.old-deja/g++.eh/catchptr1.C (test for excess errors)
FAIL: g++.old-deja/g++.eh/cleanup1.C (test for excess errors)
FAIL: g++.old-deja/g++.eh/cleanup2.C (test for excess errors)
FAIL: g++.old-deja/g++.eh/flow1.C (test for excess errors)
FAIL: g++.old-deja/g++.eh/fntry1.C (test for excess errors)
FAIL: g++.old-deja/g++.eh/ia64-1.C (test for excess errors)
FAIL: g++.old-deja/g++.eh/inline2.C (test for excess errors)
FAIL: g++.old-deja/g++.eh/new1.C (test for excess errors)
FAIL: g++.old-deja/g++.eh/new2.C (test for excess errors)
FAIL: g++.old-deja/g++.eh/pdel1.C (test for excess errors)
FAIL: g++.old-deja/g++.eh/pdel2.C (test for excess errors)
FAIL: g++.old-deja/g++.eh/ptr1.C (test for excess errors)
FAIL: g++.old-deja/g++.eh/ptrmem1.C (test for excess errors)
FAIL: g++.old-deja/g++.eh/rethrow1.C (test for excess errors)
FAIL: g++.old-deja/g++.eh/rethrow2.C (test for excess errors)
FAIL: g++.old-deja/g++.eh/rethrow3.C (test for excess errors)
FAIL: g++.old-deja/g++.eh/rethrow4.C (test for excess errors)
FAIL: g++.old-deja/g++.eh/rethrow5.C (test for excess errors)
FAIL: g++.old-deja/g++.eh/rethrow6.C (test for excess errors)
FAIL: g++.old-deja/g++.eh/spec1.C (test for excess errors)
FAIL: g++.old-deja/g++.eh/spec2.C (test for excess errors)
FAIL: g++.old-deja/g++.eh/spec3.C (test for excess errors)
FAIL: g++.old-deja/g++.eh/spec4.C (test for excess errors)
FAIL: g++.old-deja/g++.eh/spec7.C (test for excess errors)
FAIL: g++.old-deja/g++.eh/terminate1.C (test for excess errors)
FAIL: g++.old-deja/g++.eh/terminate2.C (test for excess errors)
FAIL: g++.old-deja/g++.eh/tmpl1.C (test for excess errors)
FAIL: g++.old-deja/g++.eh/unwind1.C (test for excess errors)
FAIL: g++.old-deja/g++.eh/vbase1.C (test for excess errors)
FAIL: g++.old-deja/g++.eh/vbase2.C (test for excess errors)
FAIL: g++.old-deja/g++.eh/vbase4.C (test for excess errors)
FAIL: g++.old-deja/g++.ext/addrfunc2.C (test for excess errors)
FAIL: g++.old-deja/g++.ext/addrfunc3.C (test for excess errors)
FAIL: g++.old-deja/g++.ext/addrfunc4.C (test for excess errors)
FAIL: g++.old-deja/g++.ext/anon1.C (test for excess errors)
FAIL: g++.old-deja/g++.ext/arrnew2.C (test for excess errors)
FAIL: g++.old-deja/g++.ext/attrib5.C (test for excess errors)
FAIL: g++.old-deja/g++.ext/constructor.C (test for excess errors)
FAIL: g++.old-deja/g++.ext/delvoid.C (test for excess errors)
FAIL: g++.old-deja/g++.ext/jump1.C (test for excess errors)
FAIL: g++.old-deja/g++.ext/label1.C (test for excess errors)
FAIL: g++.old-deja/g++.ext/label2.C (test for excess errors)
FAIL: g++.old-deja/g++.ext/noweak1.C (test for excess errors)
FAIL: g++.old-deja/g++.ext/null1.C (test for excess errors)
FAIL: g++.old-deja/g++.ext/pretty2.C (test for excess errors)
FAIL: g++.old-deja/g++.ext/pretty3.C (test for excess errors)
FAIL: g++.old-deja/g++.ext/pretty4.C (test for excess errors)
FAIL: g++.old-deja/g++.ext/typename1.C (test for excess errors)
FAIL: g++.old-deja/g++.jason/2371.C (test for excess errors)
FAIL: g++.old-deja/g++.jason/aggregate.C (test for excess errors)
FAIL: g++.old-deja/g++.jason/anon.C (test for excess errors)
FAIL: g++.old-deja/g++.jason/bool2.C (test for excess errors)
FAIL: g++.old-deja/g++.jason/bool4.C (test for excess errors)
FAIL: g++.old-deja/g++.jason/bool5.C (test for excess errors)
FAIL: g++.old-deja/g++.jason/byval.C (test for excess errors)
FAIL: g++.old-deja/g++.jason/cleanup.C (test for excess errors)
FAIL: g++.old-deja/g++.jason/cond2.C (test for excess errors)
FAIL: g++.old-deja/g++.jason/const.C (test for excess errors)
FAIL: g++.old-deja/g++.jason/const2.C (test for excess errors)
FAIL: g++.old-deja/g++.jason/const3.C (test for excess errors)
FAIL: g++.old-deja/g++.jason/conversion6.C (test for excess errors)
FAIL: g++.old-deja/g++.jason/conversion7.C (test for excess errors)
FAIL: g++.old-deja/g++.jason/conversion8.C (test for excess errors)
FAIL: g++.old-deja/g++.jason/conversion9.C (test for excess errors)
FAIL: g++.old-deja/g++.jason/ctor1.C (test for excess errors)
FAIL: g++.old-deja/g++.jason/dcast2.C (test for excess errors)
FAIL: g++.old-deja/g++.jason/dcast3.C (test for excess errors)
FAIL: g++.old-deja/g++.jason/defctor.C (test for excess errors)
FAIL: g++.old-deja/g++.jason/dtor2.C (test for excess errors)
FAIL: g++.old-deja/g++.jason/dtor5.C (test for excess errors)
FAIL: g++.old-deja/g++.jason/enum5.C (test for excess errors)
FAIL: g++.old-deja/g++.jason/enum6.C (test for excess errors)
FAIL: g++.old-deja/g++.jason/enum8.C (test for excess errors)
FAIL: g++.old-deja/g++.jason/friend.C (test for excess errors)
FAIL: g++.old-deja/g++.jason/groff1.C (test for excess errors)
FAIL: g++.old-deja/g++.jason/init2.C (test for excess errors)
FAIL: g++.old-deja/g++.jason/init3.C (test for excess errors)
FAIL: g++.old-deja/g++.jason/inline.C (test for excess errors)
FAIL: g++.old-deja/g++.jason/inline3.C (test for excess errors)
FAIL: g++.old-deja/g++.jason/lex1.C (test for excess errors)
FAIL: g++.old-deja/g++.jason/lvalue4.C (test for excess errors)
FAIL: g++.old-deja/g++.jason/mangle3.C (test for excess errors)
FAIL: g++.old-deja/g++.jason/mi.C (test for excess errors)
FAIL: g++.old-deja/g++.jason/mutable1.C (test for excess errors)
FAIL: g++.old-deja/g++.jason/net2.C (test for excess errors)
FAIL: g++.old-deja/g++.jason/new2.C (test for excess errors)
FAIL: g++.old-deja/g++.jason/new3.C (test for excess errors)
FAIL: g++.old-deja/g++.jason/new4.C (test for excess errors)
FAIL: g++.old-deja/g++.jason/new5.C (test for excess errors)
FAIL: g++.old-deja/g++.jason/offset2.C (test for excess errors)
FAIL: g++.old-deja/g++.jason/opeq.C (test for excess errors)
FAIL: g++.old-deja/g++.jason/opeq5.C (test for excess errors)
FAIL: g++.old-deja/g++.jason/optimize2.C (test for excess errors)
FAIL: g++.old-deja/g++.jason/overload11.C (test for excess errors)
FAIL: g++.old-deja/g++.jason/overload12.C (test for excess errors)
FAIL: g++.old-deja/g++.jason/overload13.C (test for excess errors)
FAIL: g++.old-deja/g++.jason/overload19.C (test for excess errors)
FAIL: g++.old-deja/g++.jason/overload27.C (test for excess errors)
FAIL: g++.old-deja/g++.jason/overload36.C (test for excess errors)
FAIL: g++.old-deja/g++.jason/parse10.C (test for excess errors)
FAIL: g++.old-deja/g++.jason/parse12.C (test for excess errors)
FAIL: g++.old-deja/g++.jason/parse9.C (test for excess errors)
FAIL: g++.old-deja/g++.jason/pmem2.C (test for excess errors)
FAIL: g++.old-deja/g++.jason/pmem3.C (test for excess errors)
FAIL: g++.old-deja/g++.jason/pmf7.C (test for excess errors)
FAIL: g++.old-deja/g++.jason/pmf8.C (test for excess errors)
FAIL: g++.old-deja/g++.jason/ref10.C (test for excess errors)
FAIL: g++.old-deja/g++.jason/ref11.C (test for excess errors)
FAIL: g++.old-deja/g++.jason/ref12.C (test for excess errors)
FAIL: g++.old-deja/g++.jason/ref7.C (test for excess errors)
FAIL: g++.old-deja/g++.jason/ref8.C (test for excess errors)
FAIL: g++.old-deja/g++.jason/ref9.C (test for excess errors)
FAIL: g++.old-deja/g++.jason/return.C (test for excess errors)
FAIL: g++.old-deja/g++.jason/return2.C (test for excess errors)
FAIL: g++.old-deja/g++.jason/return3.C (test for excess errors)
FAIL: g++.old-deja/g++.jason/rvalue1.C (test for excess errors)
FAIL: g++.old-deja/g++.jason/rvalue2.C (test for excess errors)
FAIL: g++.old-deja/g++.jason/scoping17.C (test for excess errors)
FAIL: g++.old-deja/g++.jason/static1.C (test for excess errors)
FAIL: g++.old-deja/g++.jason/synth5.C (test for excess errors)
FAIL: g++.old-deja/g++.jason/synth7.C (test for excess errors)
FAIL: g++.old-deja/g++.jason/tempinst1.C (test for excess errors)
FAIL: g++.old-deja/g++.jason/template11.C (test for excess errors)
FAIL: g++.old-deja/g++.jason/template14.C (test for excess errors)
FAIL: g++.old-deja/g++.jason/template15.C (test for excess errors)
FAIL: g++.old-deja/g++.jason/template16.C (test for excess errors)
FAIL: g++.old-deja/g++.jason/template19.C (test for excess errors)
FAIL: g++.old-deja/g++.jason/template20.C (test for excess errors)
FAIL: g++.old-deja/g++.jason/template24.C (test for excess errors)
FAIL: g++.old-deja/g++.jason/template25.C (test for excess errors)
FAIL: g++.old-deja/g++.jason/template26.C (test for excess errors)
FAIL: g++.old-deja/g++.jason/template27.C (test for excess errors)
FAIL: g++.old-deja/g++.jason/template28.C (test for excess errors)
FAIL: g++.old-deja/g++.jason/template3.C (test for excess errors)
FAIL: g++.old-deja/g++.jason/template31.C (test for excess errors)
FAIL: g++.old-deja/g++.jason/template34.C (test for excess errors)
FAIL: g++.old-deja/g++.jason/template36.C (test for excess errors)
FAIL: g++.old-deja/g++.jason/template40.C (test for excess errors)
FAIL: g++.old-deja/g++.jason/template41.C (test for excess errors)
FAIL: g++.old-deja/g++.jason/template42.C (test for excess errors)
FAIL: g++.old-deja/g++.jason/template43.C (test for excess errors)
FAIL: g++.old-deja/g++.jason/template44.C (test for excess errors)
FAIL: g++.old-deja/g++.jason/template6.C (test for excess errors)
FAIL: g++.old-deja/g++.jason/temporary.C (test for excess errors)
FAIL: g++.old-deja/g++.jason/temporary3.C (test for excess errors)
FAIL: g++.old-deja/g++.jason/temporary4.C (test for excess errors)
FAIL: g++.old-deja/g++.jason/temporary5.C (test for excess errors)
FAIL: g++.old-deja/g++.jason/temporary7.C (test for excess errors)
FAIL: g++.old-deja/g++.jason/temporary8.C (test for excess errors)
FAIL: g++.old-deja/g++.jason/thunk1.C (test for excess errors)
FAIL: g++.old-deja/g++.jason/thunk2.C (test for excess errors)
FAIL: g++.old-deja/g++.jason/thunk3.C (test for excess errors)
FAIL: g++.old-deja/g++.jason/typedef2.C (test for excess errors)
FAIL: g++.old-deja/g++.jason/typeid2.C (test for excess errors)
FAIL: g++.old-deja/g++.jason/vecdel.C (test for excess errors)
FAIL: g++.old-deja/g++.jason/virtual2.C (test for excess errors)
FAIL: g++.old-deja/g++.jason/warning5.C (test for excess errors)
FAIL: g++.old-deja/g++.law/arg7.C (test for excess errors)
FAIL: g++.old-deja/g++.law/arg8.C (test for excess errors)
FAIL: g++.old-deja/g++.law/arm13.C (test for excess errors)
FAIL: g++.old-deja/g++.law/arm15.C (test for excess errors)
FAIL: g++.old-deja/g++.law/arm4.C (test for excess errors)
FAIL: g++.old-deja/g++.law/arm5.C (test for excess errors)
FAIL: g++.old-deja/g++.law/arm7.C (test for excess errors)
FAIL: g++.old-deja/g++.law/array1.C (test for excess errors)
FAIL: g++.old-deja/g++.law/bit-fields2.C (test for excess errors)
FAIL: g++.old-deja/g++.law/builtin1.C (test for excess errors)
FAIL: g++.old-deja/g++.law/code-gen1.C (test for excess errors)
FAIL: g++.old-deja/g++.law/code-gen2.C (test for excess errors)
FAIL: g++.old-deja/g++.law/code-gen4.C (test for excess errors)
FAIL: g++.old-deja/g++.law/code-gen5.C (test for excess errors)
FAIL: g++.old-deja/g++.law/copy1.C (test for excess errors)
FAIL: g++.old-deja/g++.law/ctors12.C (test for excess errors)
FAIL: g++.old-deja/g++.law/ctors15.C (test for excess errors)
FAIL: g++.old-deja/g++.law/ctors16.C (test for excess errors)
FAIL: g++.old-deja/g++.law/ctors2.C (test for excess errors)
FAIL: g++.old-deja/g++.law/ctors4.C (test for excess errors)
FAIL: g++.old-deja/g++.law/ctors8.C (test for excess errors)
FAIL: g++.old-deja/g++.law/cvt12.C (test for excess errors)
FAIL: g++.old-deja/g++.law/cvt2.C (test for excess errors)
FAIL: g++.old-deja/g++.law/cvt4.C (test for excess errors)
FAIL: g++.old-deja/g++.law/cvt7.C (test for excess errors)
FAIL: g++.old-deja/g++.law/dtors2.C (test for excess errors)
FAIL: g++.old-deja/g++.law/dtors3.C (test for excess errors)
FAIL: g++.old-deja/g++.law/dtors4.C (test for excess errors)
FAIL: g++.old-deja/g++.law/dtors5.C (test for excess errors)
FAIL: g++.old-deja/g++.law/enum9.C (test for excess errors)
FAIL: g++.old-deja/g++.law/global-init1.C (test for excess errors)
FAIL: g++.old-deja/g++.law/init11.C (test for excess errors)
FAIL: g++.old-deja/g++.law/init13.C (test for excess errors)
FAIL: g++.old-deja/g++.law/init14.C (test for excess errors)
FAIL: g++.old-deja/g++.law/init9.C (test for excess errors)
FAIL: g++.old-deja/g++.law/inline4.C (test for excess errors)
FAIL: g++.old-deja/g++.law/operators15.C (test for excess errors)
FAIL: g++.old-deja/g++.law/operators16.C (test for excess errors)
FAIL: g++.old-deja/g++.law/operators23.C (test for excess errors)
FAIL: g++.old-deja/g++.law/operators27.C (test for excess errors)
FAIL: g++.old-deja/g++.law/operators30.C (test for excess errors)
FAIL: g++.old-deja/g++.law/operators8.C (test for excess errors)
FAIL: g++.old-deja/g++.law/profile1.C (test for excess errors)
FAIL: g++.old-deja/g++.law/refs1.C (test for excess errors)
FAIL: g++.old-deja/g++.law/refs4.C (test for excess errors)
FAIL: g++.old-deja/g++.law/scope2.C (test for excess errors)
FAIL: g++.old-deja/g++.law/temps2.C (test for excess errors)
FAIL: g++.old-deja/g++.law/temps3.C (test for excess errors)
FAIL: g++.old-deja/g++.law/temps4.C (test for excess errors)
FAIL: g++.old-deja/g++.law/temps5.C (test for excess errors)
FAIL: g++.old-deja/g++.law/temps6.C (test for excess errors)
FAIL: g++.old-deja/g++.law/virtual2.C (test for excess errors)
FAIL: g++.old-deja/g++.law/virtual3.C (test for excess errors)
FAIL: g++.old-deja/g++.law/virtual4.C (test for excess errors)
FAIL: g++.old-deja/g++.law/vtable3.C (test for excess errors)
FAIL: g++.old-deja/g++.martin/bitset1.C (test for excess errors)
FAIL: g++.old-deja/g++.martin/conv1.C (test for excess errors)
FAIL: g++.old-deja/g++.martin/eval1.C (test for excess errors)
FAIL: g++.old-deja/g++.martin/new1.C (test for excess errors)
FAIL: g++.old-deja/g++.martin/overload1.C (test for excess errors)
FAIL: g++.old-deja/g++.martin/pmf1.C (test for excess errors)
FAIL: g++.old-deja/g++.martin/pmf2.C (test for excess errors)
FAIL: g++.old-deja/g++.martin/sts_conv.C (test for excess errors)
FAIL: g++.old-deja/g++.martin/sts_iarr.C (test for excess errors)
FAIL: g++.old-deja/g++.martin/sts_partial.C (test for excess errors)
FAIL: g++.old-deja/g++.martin/sts_vectini.C (test for excess errors)
FAIL: g++.old-deja/g++.mike/align1.C (test for excess errors)
FAIL: g++.old-deja/g++.mike/align2.C (test for excess errors)
FAIL: g++.old-deja/g++.mike/asm2.C (test for excess errors)
FAIL: g++.old-deja/g++.mike/bool2.C (test for excess errors)
FAIL: g++.old-deja/g++.mike/conv1.C (test for excess errors)
FAIL: g++.old-deja/g++.mike/dyncast1.C (test for excess errors)
FAIL: g++.old-deja/g++.mike/dyncast2.C (test for excess errors)
FAIL: g++.old-deja/g++.mike/dyncast3.C (test for excess errors)
FAIL: g++.old-deja/g++.mike/dyncast5.C (test for excess errors)
FAIL: g++.old-deja/g++.mike/dyncast7.C (test for excess errors)
FAIL: g++.old-deja/g++.mike/dyncast8.C (test for excess errors)
FAIL: g++.old-deja/g++.mike/dyncast9.C (test for excess errors)
FAIL: g++.old-deja/g++.mike/eh10.C (test for excess errors)
FAIL: g++.old-deja/g++.mike/eh12.C (test for excess errors)
FAIL: g++.old-deja/g++.mike/eh13.C (test for excess errors)
FAIL: g++.old-deja/g++.mike/eh14.C (test for excess errors)
FAIL: g++.old-deja/g++.mike/eh16.C (test for excess errors)
FAIL: g++.old-deja/g++.mike/eh17.C (test for excess errors)
FAIL: g++.old-deja/g++.mike/eh18.C (test for excess errors)
FAIL: g++.old-deja/g++.mike/eh2.C (test for excess errors)
FAIL: g++.old-deja/g++.mike/eh21.C (test for excess errors)
FAIL: g++.old-deja/g++.mike/eh23.C (test for excess errors)
FAIL: g++.old-deja/g++.mike/eh24.C (test for excess errors)
FAIL: g++.old-deja/g++.mike/eh25.C (test for excess errors)
FAIL: g++.old-deja/g++.mike/eh26.C (test for excess errors)
FAIL: g++.old-deja/g++.mike/eh27.C (test for excess errors)
FAIL: g++.old-deja/g++.mike/eh28.C (test for excess errors)
FAIL: g++.old-deja/g++.mike/eh29.C (test for excess errors)
FAIL: g++.old-deja/g++.mike/eh3.C (test for excess errors)
FAIL: g++.old-deja/g++.mike/eh31.C (test for excess errors)
FAIL: g++.old-deja/g++.mike/eh33.C (test for excess errors)
FAIL: g++.old-deja/g++.mike/eh34.C (test for excess errors)
FAIL: g++.old-deja/g++.mike/eh35.C (test for excess errors)
FAIL: g++.old-deja/g++.mike/eh36.C (test for excess errors)
FAIL: g++.old-deja/g++.mike/eh37.C (test for excess errors)
FAIL: g++.old-deja/g++.mike/eh38.C (test for excess errors)
FAIL: g++.old-deja/g++.mike/eh39.C (test for excess errors)
FAIL: g++.old-deja/g++.mike/eh40.C (test for excess errors)
FAIL: g++.old-deja/g++.mike/eh41.C (test for excess errors)
FAIL: g++.old-deja/g++.mike/eh42.C (test for excess errors)
FAIL: g++.old-deja/g++.mike/eh44.C (test for excess errors)
FAIL: g++.old-deja/g++.mike/eh45.C (test for excess errors)
FAIL: g++.old-deja/g++.mike/eh47.C (test for excess errors)
FAIL: g++.old-deja/g++.mike/eh48.C (test for excess errors)
FAIL: g++.old-deja/g++.mike/eh49.C (test for excess errors)
FAIL: g++.old-deja/g++.mike/eh5.C (test for excess errors)
FAIL: g++.old-deja/g++.mike/eh50.C (test for excess errors)
FAIL: g++.old-deja/g++.mike/eh51.C (test for excess errors)
FAIL: g++.old-deja/g++.mike/eh52.C (test for excess errors)
FAIL: g++.old-deja/g++.mike/eh53.C (test for excess errors)
FAIL: g++.old-deja/g++.mike/eh55.C (test for excess errors)
FAIL: g++.old-deja/g++.mike/eh56.C (test for excess errors)
FAIL: g++.old-deja/g++.mike/eh59.C (test for excess errors)
FAIL: g++.old-deja/g++.mike/eh6.C (test for excess errors)
FAIL: g++.old-deja/g++.mike/eh7.C (test for excess errors)
FAIL: g++.old-deja/g++.mike/eh8.C (test for excess errors)
FAIL: g++.old-deja/g++.mike/eh9.C (test for excess errors)
FAIL: g++.old-deja/g++.mike/hog1.C (test for excess errors)
FAIL: g++.old-deja/g++.mike/init1.C (test for excess errors)
FAIL: g++.old-deja/g++.mike/leak1.C (test for excess errors)
FAIL: g++.old-deja/g++.mike/mangle3.C (test for excess errors)
FAIL: g++.old-deja/g++.mike/mi1.C (test for excess errors)
FAIL: g++.old-deja/g++.mike/mi2.C (test for excess errors)
FAIL: g++.old-deja/g++.mike/misc1.C (test for excess errors)
FAIL: g++.old-deja/g++.mike/misc13.C (test for excess errors)
FAIL: g++.old-deja/g++.mike/misc14.C (test for excess errors)
FAIL: g++.old-deja/g++.mike/net15.C (test for excess errors)
FAIL: g++.old-deja/g++.mike/net16.C (test for excess errors)
FAIL: g++.old-deja/g++.mike/net17.C (test for excess errors)
FAIL: g++.old-deja/g++.mike/net21.C (test for excess errors)
FAIL: g++.old-deja/g++.mike/net26.C (test for excess errors)
FAIL: g++.old-deja/g++.mike/net34.C (test for excess errors)
FAIL: g++.old-deja/g++.mike/net35.C (test for excess errors)
FAIL: g++.old-deja/g++.mike/net37.C (test for excess errors)
FAIL: g++.old-deja/g++.mike/net38.C (test for excess errors)
FAIL: g++.old-deja/g++.mike/net39.C (test for excess errors)
FAIL: g++.old-deja/g++.mike/net40.C (test for excess errors)
FAIL: g++.old-deja/g++.mike/net41.C (test for excess errors)
FAIL: g++.old-deja/g++.mike/net46.C (test for excess errors)
FAIL: g++.old-deja/g++.mike/ns1.C (test for excess errors)
FAIL: g++.old-deja/g++.mike/ns10.C (test for excess errors)
FAIL: g++.old-deja/g++.mike/ns11.C (test for excess errors)
FAIL: g++.old-deja/g++.mike/ns12.C (test for excess errors)
FAIL: g++.old-deja/g++.mike/ns2.C (test for excess errors)
FAIL: g++.old-deja/g++.mike/ns9.C (test for excess errors)
FAIL: g++.old-deja/g++.mike/offset1.C (test for excess errors)
FAIL: g++.old-deja/g++.mike/opr-as1.C (test for excess errors)
FAIL: g++.old-deja/g++.mike/p10148.C (test for excess errors)
FAIL: g++.old-deja/g++.mike/p10849a.C (test for excess errors)
FAIL: g++.old-deja/g++.mike/p11144.C (test for excess errors)
FAIL: g++.old-deja/g++.mike/p11667.C (test for excess errors)
FAIL: g++.old-deja/g++.mike/p12306.C (test for excess errors)
FAIL: g++.old-deja/g++.mike/p12306a.C (test for excess errors)
FAIL: g++.old-deja/g++.mike/p1248.C (test for excess errors)
FAIL: g++.old-deja/g++.mike/p1567.C (test for excess errors)
FAIL: g++.old-deja/g++.mike/p16146.C (test for excess errors)
FAIL: g++.old-deja/g++.mike/p1862.C (test for excess errors)
FAIL: g++.old-deja/g++.mike/p2394.C (test for excess errors)
FAIL: g++.old-deja/g++.mike/p2736.C (test for excess errors)
FAIL: g++.old-deja/g++.mike/p2846.C (test for excess errors)
FAIL: g++.old-deja/g++.mike/p2846a.C (test for excess errors)
FAIL: g++.old-deja/g++.mike/p2846b.C (test for excess errors)
FAIL: g++.old-deja/g++.mike/p2960.C (test for excess errors)
FAIL: g++.old-deja/g++.mike/p3041.C (test for excess errors)
FAIL: g++.old-deja/g++.mike/p3060d.C (test for excess errors)
FAIL: g++.old-deja/g++.mike/p3068.C (test for excess errors)
FAIL: g++.old-deja/g++.mike/p3139.C (test for excess errors)
FAIL: g++.old-deja/g++.mike/p3570.C (test for excess errors)
FAIL: g++.old-deja/g++.mike/p3579.C (test for excess errors)
FAIL: g++.old-deja/g++.mike/p3708.C (test for excess errors)
FAIL: g++.old-deja/g++.mike/p3708a.C (test for excess errors)
FAIL: g++.old-deja/g++.mike/p3708b.C (test for excess errors)
FAIL: g++.old-deja/g++.mike/p4068.C (test for excess errors)
FAIL: g++.old-deja/g++.mike/p4104.C (test for excess errors)
FAIL: g++.old-deja/g++.mike/p4246.C (test for excess errors)
FAIL: g++.old-deja/g++.mike/p4511.C (test for excess errors)
FAIL: g++.old-deja/g++.mike/p4623.C (test for excess errors)
FAIL: g++.old-deja/g++.mike/p4667.C (test for excess errors)
FAIL: g++.old-deja/g++.mike/p4736a.C (test for excess errors)
FAIL: g++.old-deja/g++.mike/p4736b.C (test for excess errors)
FAIL: g++.old-deja/g++.mike/p4736c.C (test for excess errors)
FAIL: g++.old-deja/g++.mike/p5469.C (test for excess errors)
FAIL: g++.old-deja/g++.mike/p5469a.C (test for excess errors)
FAIL: g++.old-deja/g++.mike/p5571.C (test for excess errors)
FAIL: g++.old-deja/g++.mike/p5611.C (test for excess errors)
FAIL: g++.old-deja/g++.mike/p5673.C (test for excess errors)
FAIL: g++.old-deja/g++.mike/p5718.C (test for excess errors)
FAIL: g++.old-deja/g++.mike/p5840.C (test for excess errors)
FAIL: g++.old-deja/g++.mike/p5958.C (test for excess errors)
FAIL: g++.old-deja/g++.mike/p6004.C (test for excess errors)
FAIL: g++.old-deja/g++.mike/p6311.C (test for excess errors)
FAIL: g++.old-deja/g++.mike/p658.C (test for excess errors)
FAIL: g++.old-deja/g++.mike/p6610a.C (test for excess errors)
FAIL: g++.old-deja/g++.mike/p6610b.C (test for excess errors)
FAIL: g++.old-deja/g++.mike/p6611.C (test for excess errors)
FAIL: g++.old-deja/g++.mike/p6927.C (test for excess errors)
FAIL: g++.old-deja/g++.mike/p7180.C (test for excess errors)
FAIL: g++.old-deja/g++.mike/p755.C (test for excess errors)
FAIL: g++.old-deja/g++.mike/p755a.C (test for excess errors)
FAIL: g++.old-deja/g++.mike/p7651.C (test for excess errors)
FAIL: g++.old-deja/g++.mike/p783.C (test for excess errors)
FAIL: g++.old-deja/g++.mike/p783a.C (test for excess errors)
FAIL: g++.old-deja/g++.mike/p783b.C (test for excess errors)
FAIL: g++.old-deja/g++.mike/p786.C (test for excess errors)
FAIL: g++.old-deja/g++.mike/p7865.C (test for excess errors)
FAIL: g++.old-deja/g++.mike/p789.C (test for excess errors)
FAIL: g++.old-deja/g++.mike/p789a.C (test for excess errors)
FAIL: g++.old-deja/g++.mike/p7912.C (test for excess errors)
FAIL: g++.old-deja/g++.mike/p8018.C (test for excess errors)
FAIL: g++.old-deja/g++.mike/p8155.C (test for excess errors)
FAIL: g++.old-deja/g++.mike/p8483.C (test for excess errors)
FAIL: g++.old-deja/g++.mike/p8804.C (test for excess errors)
FAIL: g++.old-deja/g++.mike/p9206.C (test for excess errors)
FAIL: g++.old-deja/g++.mike/p9706.C (test for excess errors)
FAIL: g++.old-deja/g++.mike/p9732a.C (test for excess errors)
FAIL: g++.old-deja/g++.mike/p9732b.C (test for excess errors)
FAIL: g++.old-deja/g++.mike/pmf1.C (test for excess errors)
FAIL: g++.old-deja/g++.mike/pmf2.C (test for excess errors)
FAIL: g++.old-deja/g++.mike/pmf7.C (test for excess errors)
FAIL: g++.old-deja/g++.mike/pmf8.C (test for excess errors)
FAIL: g++.old-deja/g++.mike/pmf9.C (test for excess errors)
FAIL: g++.old-deja/g++.mike/pt1.C (test for excess errors)
FAIL: g++.old-deja/g++.mike/pt2.C (test for excess errors)
FAIL: g++.old-deja/g++.mike/ref1.C (test for excess errors)
FAIL: g++.old-deja/g++.mike/rtti2.C (test for excess errors)
FAIL: g++.old-deja/g++.mike/rtti3.C (test for excess errors)
FAIL: g++.old-deja/g++.mike/temp.C (test for excess errors)
FAIL: g++.old-deja/g++.mike/thunk2.C (test for excess errors)
FAIL: g++.old-deja/g++.mike/thunk3.C (test for excess errors)
FAIL: g++.old-deja/g++.mike/virt2.C (test for excess errors)
FAIL: g++.old-deja/g++.mike/virt4.C (test for excess errors)
FAIL: g++.old-deja/g++.mike/virt5.C (test for excess errors)
FAIL: g++.old-deja/g++.mike/virt6.C (test for excess errors)
FAIL: g++.old-deja/g++.mike/vtable1.C (test for excess errors)
FAIL: g++.old-deja/g++.niklas/t140.C (test for excess errors)
FAIL: g++.old-deja/g++.ns/alias1.C (test for excess errors)
FAIL: g++.old-deja/g++.ns/alias3.C (test for excess errors)
FAIL: g++.old-deja/g++.ns/alias6.C (test for excess errors)
FAIL: g++.old-deja/g++.ns/anon1.C (test for excess errors)
FAIL: g++.old-deja/g++.ns/extern1.C (test for excess errors)
FAIL: g++.old-deja/g++.ns/koenig3.C (test for excess errors)
FAIL: g++.old-deja/g++.ns/koenig4.C (test for excess errors)
FAIL: g++.old-deja/g++.ns/koenig7.C (test for excess errors)
FAIL: g++.old-deja/g++.ns/lookup3.C (test for excess errors)
FAIL: g++.old-deja/g++.ns/ns1.C (test for excess errors)
FAIL: g++.old-deja/g++.ns/ns12.C (test for excess errors)
FAIL: g++.old-deja/g++.ns/ns13.C (test for excess errors)
FAIL: g++.old-deja/g++.ns/ns14.C (test for excess errors)
FAIL: g++.old-deja/g++.ns/ns2.C (test for excess errors)
FAIL: g++.old-deja/g++.ns/ns6.C (test for excess errors)
FAIL: g++.old-deja/g++.ns/overload1.C (test for excess errors)
FAIL: g++.old-deja/g++.ns/template11.C (test for excess errors)
FAIL: g++.old-deja/g++.ns/template18.C (test for excess errors)
FAIL: g++.old-deja/g++.ns/template3.C (test for excess errors)
FAIL: g++.old-deja/g++.ns/template4.C (test for excess errors)
FAIL: g++.old-deja/g++.ns/template5.C (test for excess errors)
FAIL: g++.old-deja/g++.ns/template9.C (test for excess errors)
FAIL: g++.old-deja/g++.ns/using13.C (test for excess errors)
FAIL: g++.old-deja/g++.ns/using7.C (test for excess errors)
FAIL: g++.old-deja/g++.oliva/delete2.C (test for excess errors)
FAIL: g++.old-deja/g++.oliva/delete3.C (test for excess errors)
FAIL: g++.old-deja/g++.oliva/delete4.C (test for excess errors)
FAIL: g++.old-deja/g++.oliva/delete5.C (test for excess errors)
FAIL: g++.old-deja/g++.oliva/expr2.C (test for excess errors)
FAIL: g++.old-deja/g++.oliva/ext1.C (test for excess errors)
FAIL: g++.old-deja/g++.oliva/new1.C (test for excess errors)
FAIL: g++.old-deja/g++.oliva/thunk1.C (test for excess errors)
FAIL: g++.old-deja/g++.other/addrof1.C (test for excess errors)
FAIL: g++.old-deja/g++.other/anon2.C (test for excess errors)
FAIL: g++.old-deja/g++.other/anon3.C (test for excess errors)
FAIL: g++.old-deja/g++.other/anon6.C (test for excess errors)
FAIL: g++.old-deja/g++.other/array1.C (test for excess errors)
FAIL: g++.old-deja/g++.other/array2.C (test for excess errors)
FAIL: g++.old-deja/g++.other/array6.C (test for excess errors)
FAIL: g++.old-deja/g++.other/badopt1.C (test for excess errors)
FAIL: g++.old-deja/g++.other/builtins1.C (test for excess errors)
FAIL: g++.old-deja/g++.other/builtins2.C (test for excess errors)
FAIL: g++.old-deja/g++.other/builtins3.C (test for excess errors)
FAIL: g++.old-deja/g++.other/builtins4.C (test for excess errors)
FAIL: g++.old-deja/g++.other/builtins6.C (test for excess errors)
FAIL: g++.old-deja/g++.other/builtins7.C (test for excess errors)
FAIL: g++.old-deja/g++.other/builtins8.C (test for excess errors)
FAIL: g++.old-deja/g++.other/builtins9.C (test for excess errors)
FAIL: g++.old-deja/g++.other/call1.C (test for excess errors)
FAIL: g++.old-deja/g++.other/cast7.C (test for excess errors)
FAIL: g++.old-deja/g++.other/cleanup1.C (test for excess errors)
FAIL: g++.old-deja/g++.other/cleanup2.C (test for excess errors)
FAIL: g++.old-deja/g++.other/comdat1.C (test for excess errors)
FAIL: g++.old-deja/g++.other/comdat2.C (test for excess errors)
FAIL: g++.old-deja/g++.other/comdat3.C (test for excess errors)
FAIL: g++.old-deja/g++.other/comdat4.C (test for excess errors)
FAIL: g++.old-deja/g++.other/cond1.C (test for excess errors)
FAIL: g++.old-deja/g++.other/conv4.C (test for excess errors)
FAIL: g++.old-deja/g++.other/conv6.C (test for excess errors)
FAIL: g++.old-deja/g++.other/copy1.C (test for excess errors)
FAIL: g++.old-deja/g++.other/copy2.C (test for excess errors)
FAIL: g++.old-deja/g++.other/copy3.C (test for excess errors)
FAIL: g++.old-deja/g++.other/crash22.C (test for excess errors)
FAIL: g++.old-deja/g++.other/ctor1.C (test for excess errors)
FAIL: g++.old-deja/g++.other/debug7.C (test for excess errors)
FAIL: g++.old-deja/g++.other/defarg2.C (test for excess errors)
FAIL: g++.old-deja/g++.other/delete3.C (test for excess errors)
FAIL: g++.old-deja/g++.other/delete6.C (test for excess errors)
FAIL: g++.old-deja/g++.other/delete7.C (test for excess errors)
FAIL: g++.old-deja/g++.other/delete8.C (test for excess errors)
FAIL: g++.old-deja/g++.other/dtor1.C (test for excess errors)
FAIL: g++.old-deja/g++.other/dtor10.C (test for excess errors)
FAIL: g++.old-deja/g++.other/dtor11.C (test for excess errors)
FAIL: g++.old-deja/g++.other/dtor12.C (test for excess errors)
FAIL: g++.old-deja/g++.other/dtor5.C (test for excess errors)
FAIL: g++.old-deja/g++.other/dtor6.C (test for excess errors)
FAIL: g++.old-deja/g++.other/dtor7.C (test for excess errors)
FAIL: g++.old-deja/g++.other/dtor8.C (test for excess errors)
FAIL: g++.old-deja/g++.other/dtor9.C (test for excess errors)
FAIL: g++.old-deja/g++.other/dyncast1.C (test for excess errors)
FAIL: g++.old-deja/g++.other/dyncast2.C (test for excess errors)
FAIL: g++.old-deja/g++.other/dyncast3.C (test for excess errors)
FAIL: g++.old-deja/g++.other/dyncast4.C (test for excess errors)
FAIL: g++.old-deja/g++.other/dyncast5.C (test for excess errors)
FAIL: g++.old-deja/g++.other/dyncast6.C (test for excess errors)
FAIL: g++.old-deja/g++.other/eh3.C (test for excess errors)
FAIL: g++.old-deja/g++.other/empty1.C (test for excess errors)
FAIL: g++.old-deja/g++.other/enum1.C (test for excess errors)
FAIL: g++.old-deja/g++.other/enum4.C (test for excess errors)
FAIL: g++.old-deja/g++.other/enum5.C (test for excess errors)
FAIL: g++.old-deja/g++.other/exprstmt1.C (test for excess errors)
FAIL: g++.old-deja/g++.other/externC3.C (test for excess errors)
FAIL: g++.old-deja/g++.other/field2.C (test for excess errors)
FAIL: g++.old-deja/g++.other/fnname1.C (test for excess errors)
FAIL: g++.old-deja/g++.other/goto4.C (test for excess errors)
FAIL: g++.old-deja/g++.other/headers1.C (test for excess errors)
FAIL: g++.old-deja/g++.other/init1.C (test for excess errors)
FAIL: g++.old-deja/g++.other/init10.C (test for excess errors)
FAIL: g++.old-deja/g++.other/init11.C (test for excess errors)
FAIL: g++.old-deja/g++.other/init12.C (test for excess errors)
FAIL: g++.old-deja/g++.other/init13.C (test for excess errors)
FAIL: g++.old-deja/g++.other/init16.C (test for excess errors)
FAIL: g++.old-deja/g++.other/init2.C (test for excess errors)
FAIL: g++.old-deja/g++.other/init5.C (test for excess errors)
FAIL: g++.old-deja/g++.other/init6.C (test for excess errors)
FAIL: g++.old-deja/g++.other/init7.C (test for excess errors)
FAIL: g++.old-deja/g++.other/inline21.C (test for excess errors)
FAIL: g++.old-deja/g++.other/inline23.C (test for excess errors)
FAIL: g++.old-deja/g++.other/inline7.C (test for excess errors)
FAIL: g++.old-deja/g++.other/inline8.C (test for excess errors)
FAIL: g++.old-deja/g++.other/instan1.C (test for excess errors)
FAIL: g++.old-deja/g++.other/linkage7.C (test for excess errors)
FAIL: g++.old-deja/g++.other/local1.C (test for excess errors)
FAIL: g++.old-deja/g++.other/local3.C (test for excess errors)
FAIL: g++.old-deja/g++.other/local4.C (test for excess errors)
FAIL: g++.old-deja/g++.other/lookup13.C (test for excess errors)
FAIL: g++.old-deja/g++.other/lookup17.C (test for excess errors)
FAIL: g++.old-deja/g++.other/lookup21.C (test for excess errors)
FAIL: g++.old-deja/g++.other/lookup3.C (test for excess errors)
FAIL: g++.old-deja/g++.other/lookup4.C (test for excess errors)
FAIL: g++.old-deja/g++.other/lookup6.C (test for excess errors)
FAIL: g++.old-deja/g++.other/lookup7.C (test for excess errors)
FAIL: g++.old-deja/g++.other/loop1.C (test for excess errors)
FAIL: g++.old-deja/g++.other/mangle3.C (test for excess errors)
FAIL: g++.old-deja/g++.other/mutable1.C (test for excess errors)
FAIL: g++.old-deja/g++.other/new3.C (test for excess errors)
FAIL: g++.old-deja/g++.other/new5.C (test for excess errors)
FAIL: g++.old-deja/g++.other/new6.C (test for excess errors)
FAIL: g++.old-deja/g++.other/new7.C (test for excess errors)
FAIL: g++.old-deja/g++.other/null1.C (test for excess errors)
FAIL: g++.old-deja/g++.other/null2.C (test for excess errors)
FAIL: g++.old-deja/g++.other/op2.C (test for excess errors)
FAIL: g++.old-deja/g++.other/op3.C (test for excess errors)
FAIL: g++.old-deja/g++.other/optimize1.C (test for excess errors)
FAIL: g++.old-deja/g++.other/optimize2.C (test for excess errors)
FAIL: g++.old-deja/g++.other/optimize3.C (test for excess errors)
FAIL: g++.old-deja/g++.other/overload1.C (test for excess errors)
FAIL: g++.old-deja/g++.other/overload14.C (test for excess errors)
FAIL: g++.old-deja/g++.other/overload2.C (test for excess errors)
FAIL: g++.old-deja/g++.other/overload3.C (test for excess errors)
FAIL: g++.old-deja/g++.other/overload4.C (test for excess errors)
FAIL: g++.old-deja/g++.other/overload5.C (test for excess errors)
FAIL: g++.old-deja/g++.other/overload6.C (test for excess errors)
FAIL: g++.old-deja/g++.other/overload7.C (test for excess errors)
FAIL: g++.old-deja/g++.other/overload8.C (test for excess errors)
FAIL: g++.old-deja/g++.other/overload9.C (test for excess errors)
FAIL: g++.old-deja/g++.other/pmf1.C (test for excess errors)
FAIL: g++.old-deja/g++.other/pmf4.C (test for excess errors)
FAIL: g++.old-deja/g++.other/pmf5.C (test for excess errors)
FAIL: g++.old-deja/g++.other/pmf6.C (test for excess errors)
FAIL: g++.old-deja/g++.other/ptrmem10.C (test for excess errors)
FAIL: g++.old-deja/g++.other/ptrmem4.C (test for excess errors)
FAIL: g++.old-deja/g++.other/ptrmem9.C (test for excess errors)
FAIL: g++.old-deja/g++.other/ref3.C (test for excess errors)
FAIL: g++.old-deja/g++.other/reload1.C (test for excess errors)
FAIL: g++.old-deja/g++.other/rtti1.C (test for excess errors)
FAIL: g++.old-deja/g++.other/rtti2.C (test for excess errors)
FAIL: g++.old-deja/g++.other/rtti3.C (test for excess errors)
FAIL: g++.old-deja/g++.other/rtti4.C (test for excess errors)
FAIL: g++.old-deja/g++.other/rttid2.C (test for excess errors)
FAIL: g++.old-deja/g++.other/rttid3.C (test for excess errors)
FAIL: g++.old-deja/g++.other/rttid4.C (test for excess errors)
FAIL: g++.old-deja/g++.other/scope1.C (test for excess errors)
FAIL: g++.old-deja/g++.other/sibcall1.C (test for excess errors)
FAIL: g++.old-deja/g++.other/singleton.C (test for excess errors)
FAIL: g++.old-deja/g++.other/sizeof3.C (test for excess errors)
FAIL: g++.old-deja/g++.other/static13.C (test for excess errors)
FAIL: g++.old-deja/g++.other/static14.C (test for excess errors)
FAIL: g++.old-deja/g++.other/static15.C (test for excess errors)
FAIL: g++.old-deja/g++.other/static16.C (test for excess errors)
FAIL: g++.old-deja/g++.other/static20.C (test for excess errors)
FAIL: g++.old-deja/g++.other/static4.C (test for excess errors)
FAIL: g++.old-deja/g++.other/static7.C (test for excess errors)
FAIL: g++.old-deja/g++.other/string2.C (test for excess errors)
FAIL: g++.old-deja/g++.other/temporary1.C (test for excess errors)
FAIL: g++.old-deja/g++.other/thunk1.C (test for excess errors)
FAIL: g++.old-deja/g++.other/unchanging1.C (test for excess errors)
FAIL: g++.old-deja/g++.other/union2.C (test for excess errors)
FAIL: g++.old-deja/g++.other/union3.C (test for excess errors)
FAIL: g++.old-deja/g++.other/using6.C (test for excess errors)
FAIL: g++.old-deja/g++.other/vaarg2.C (test for excess errors)
FAIL: g++.old-deja/g++.other/vbase1.C (test for excess errors)
FAIL: g++.old-deja/g++.other/vbase2.C (test for excess errors)
FAIL: g++.old-deja/g++.other/vbase5.C (test for excess errors)
FAIL: g++.old-deja/g++.other/virtual2.C (test for excess errors)
FAIL: g++.old-deja/g++.other/virtual3.C (test for excess errors)
FAIL: g++.old-deja/g++.other/virtual8.C (test for excess errors)
FAIL: g++.old-deja/g++.other/virtual9.C (test for excess errors)
FAIL: g++.old-deja/g++.other/vtbl1.C (test for excess errors)
FAIL: g++.old-deja/g++.other/vtbl2.C (test for excess errors)
FAIL: g++.old-deja/g++.pt/alignof.C (test for excess errors)
FAIL: g++.old-deja/g++.pt/array1.C (test for excess errors)
FAIL: g++.old-deja/g++.pt/copy1.C (test for excess errors)
FAIL: g++.old-deja/g++.pt/crash18.C (test for excess errors)
FAIL: g++.old-deja/g++.pt/deduct4.C (test for excess errors)
FAIL: g++.old-deja/g++.pt/deduct5.C (test for excess errors)
FAIL: g++.old-deja/g++.pt/deduct7.C (test for excess errors)
FAIL: g++.old-deja/g++.pt/defarg.C (test for excess errors)
FAIL: g++.old-deja/g++.pt/defarg2.C (test for excess errors)
FAIL: g++.old-deja/g++.pt/eichin01.C (test for excess errors)
FAIL: g++.old-deja/g++.pt/eichin01a.C (test for excess errors)
FAIL: g++.old-deja/g++.pt/eichin01b.C (test for excess errors)
FAIL: g++.old-deja/g++.pt/enum3.C (test for excess errors)
FAIL: g++.old-deja/g++.pt/enum7.C (test for excess errors)
FAIL: g++.old-deja/g++.pt/explarg1.C (test for excess errors)
FAIL: g++.old-deja/g++.pt/explicit12.C (test for excess errors)
FAIL: g++.old-deja/g++.pt/explicit13.C (test for excess errors)
FAIL: g++.old-deja/g++.pt/explicit18.C (test for excess errors)
FAIL: g++.old-deja/g++.pt/explicit19.C (test for excess errors)
FAIL: g++.old-deja/g++.pt/explicit23.C (test for excess errors)
FAIL: g++.old-deja/g++.pt/explicit26.C (test for excess errors)
FAIL: g++.old-deja/g++.pt/explicit27.C (test for excess errors)
FAIL: g++.old-deja/g++.pt/explicit28.C (test for excess errors)
FAIL: g++.old-deja/g++.pt/explicit29.C (test for excess errors)
FAIL: g++.old-deja/g++.pt/explicit31.C (test for excess errors)
FAIL: g++.old-deja/g++.pt/explicit35.C (test for excess errors)
FAIL: g++.old-deja/g++.pt/explicit36.C (test for excess errors)
FAIL: g++.old-deja/g++.pt/explicit37.C (test for excess errors)
FAIL: g++.old-deja/g++.pt/explicit40.C (test for excess errors)
FAIL: g++.old-deja/g++.pt/explicit42.C (test for excess errors)
FAIL: g++.old-deja/g++.pt/explicit43.C (test for excess errors)
FAIL: g++.old-deja/g++.pt/explicit50.C (test for excess errors)
FAIL: g++.old-deja/g++.pt/explicit51.C (test for excess errors)
FAIL: g++.old-deja/g++.pt/explicit52.C (test for excess errors)
FAIL: g++.old-deja/g++.pt/explicit53.C (test for excess errors)
FAIL: g++.old-deja/g++.pt/explicit54.C (test for excess errors)
FAIL: g++.old-deja/g++.pt/explicit55.C (test for excess errors)
FAIL: g++.old-deja/g++.pt/explicit56.C (test for excess errors)
FAIL: g++.old-deja/g++.pt/explicit57.C (test for excess errors)
FAIL: g++.old-deja/g++.pt/explicit58.C (test for excess errors)
FAIL: g++.old-deja/g++.pt/explicit59.C (test for excess errors)
FAIL: g++.old-deja/g++.pt/explicit6.C (test for excess errors)
FAIL: g++.old-deja/g++.pt/explicit60.C (test for excess errors)
FAIL: g++.old-deja/g++.pt/explicit61.C (test for excess errors)
FAIL: g++.old-deja/g++.pt/explicit62.C (test for excess errors)
FAIL: g++.old-deja/g++.pt/explicit63.C (test for excess errors)
FAIL: g++.old-deja/g++.pt/explicit64.C (test for excess errors)
FAIL: g++.old-deja/g++.pt/explicit65.C (test for excess errors)
FAIL: g++.old-deja/g++.pt/explicit66.C (test for excess errors)
FAIL: g++.old-deja/g++.pt/explicit74.C (test for excess errors)
FAIL: g++.old-deja/g++.pt/expr1.C (test for excess errors)
FAIL: g++.old-deja/g++.pt/fntry1.C (test for excess errors)
FAIL: g++.old-deja/g++.pt/friend1.C (test for excess errors)
FAIL: g++.old-deja/g++.pt/friend10.C (test for excess errors)
FAIL: g++.old-deja/g++.pt/friend12.C (test for excess errors)
FAIL: g++.old-deja/g++.pt/friend13.C (test for excess errors)
FAIL: g++.old-deja/g++.pt/friend33.C (test for excess errors)
FAIL: g++.old-deja/g++.pt/friend4.C (test for excess errors)
FAIL: g++.old-deja/g++.pt/friend5.C (test for excess errors)
FAIL: g++.old-deja/g++.pt/friend6.C (test for excess errors)
FAIL: g++.old-deja/g++.pt/friend7.C (test for excess errors)
FAIL: g++.old-deja/g++.pt/friend8.C (test for excess errors)
FAIL: g++.old-deja/g++.pt/friend9.C (test for excess errors)
FAIL: g++.old-deja/g++.pt/inherit1.C (test for excess errors)
FAIL: g++.old-deja/g++.pt/instantiate12.C (test for excess errors)
FAIL: g++.old-deja/g++.pt/instantiate4.C (test for excess errors)
FAIL: g++.old-deja/g++.pt/instantiate5.C (test for excess errors)
FAIL: g++.old-deja/g++.pt/instantiate6.C (test for excess errors)
FAIL: g++.old-deja/g++.pt/link1.C (test for excess errors)
FAIL: g++.old-deja/g++.pt/local1.C (test for excess errors)
FAIL: g++.old-deja/g++.pt/local2.C (test for excess errors)
FAIL: g++.old-deja/g++.pt/local3.C (test for excess errors)
FAIL: g++.old-deja/g++.pt/local4.C (test for excess errors)
FAIL: g++.old-deja/g++.pt/local5.C (test for excess errors)
FAIL: g++.old-deja/g++.pt/local6.C (test for excess errors)
FAIL: g++.old-deja/g++.pt/lookup3.C (test for excess errors)
FAIL: g++.old-deja/g++.pt/memclass1.C (test for excess errors)
FAIL: g++.old-deja/g++.pt/memclass2.C (test for excess errors)
FAIL: g++.old-deja/g++.pt/memclass3.C (test for excess errors)
FAIL: g++.old-deja/g++.pt/memclass4.C (test for excess errors)
FAIL: g++.old-deja/g++.pt/memclass5.C (test for excess errors)
FAIL: g++.old-deja/g++.pt/memclass6.C (test for excess errors)
FAIL: g++.old-deja/g++.pt/memclass7.C (test for excess errors)
FAIL: g++.old-deja/g++.pt/memtemp10.C (test for excess errors)
FAIL: g++.old-deja/g++.pt/memtemp11.C (test for excess errors)
FAIL: g++.old-deja/g++.pt/memtemp14.C (test for excess errors)
FAIL: g++.old-deja/g++.pt/memtemp16.C (test for excess errors)
FAIL: g++.old-deja/g++.pt/memtemp17.C (test for excess errors)
FAIL: g++.old-deja/g++.pt/memtemp19.C (test for excess errors)
FAIL: g++.old-deja/g++.pt/memtemp20.C (test for excess errors)
FAIL: g++.old-deja/g++.pt/memtemp23.C (test for excess errors)
FAIL: g++.old-deja/g++.pt/memtemp24.C (test for excess errors)
FAIL: g++.old-deja/g++.pt/memtemp25.C (test for excess errors)
FAIL: g++.old-deja/g++.pt/memtemp26.C (test for excess errors)
FAIL: g++.old-deja/g++.pt/memtemp28.C (test for excess errors)
FAIL: g++.old-deja/g++.pt/memtemp29.C (test for excess errors)
FAIL: g++.old-deja/g++.pt/memtemp3.C (test for excess errors)
FAIL: g++.old-deja/g++.pt/memtemp30.C (test for excess errors)
FAIL: g++.old-deja/g++.pt/memtemp31.C (test for excess errors)
FAIL: g++.old-deja/g++.pt/memtemp32.C (test for excess errors)
FAIL: g++.old-deja/g++.pt/memtemp33.C (test for excess errors)
FAIL: g++.old-deja/g++.pt/memtemp34.C (test for excess errors)
FAIL: g++.old-deja/g++.pt/memtemp42.C (test for excess errors)
FAIL: g++.old-deja/g++.pt/memtemp43.C (test for excess errors)
FAIL: g++.old-deja/g++.pt/memtemp44.C (test for excess errors)
FAIL: g++.old-deja/g++.pt/memtemp45.C (test for excess errors)
FAIL: g++.old-deja/g++.pt/memtemp46.C (test for excess errors)
FAIL: g++.old-deja/g++.pt/memtemp47.C (test for excess errors)
FAIL: g++.old-deja/g++.pt/memtemp5.C (test for excess errors)
FAIL: g++.old-deja/g++.pt/memtemp53.C (test for excess errors)
FAIL: g++.old-deja/g++.pt/memtemp61.C (test for excess errors)
FAIL: g++.old-deja/g++.pt/memtemp62.C (test for excess errors)
FAIL: g++.old-deja/g++.pt/memtemp63.C (test for excess errors)
FAIL: g++.old-deja/g++.pt/memtemp67.C (test for excess errors)
FAIL: g++.old-deja/g++.pt/memtemp69.C (test for excess errors)
FAIL: g++.old-deja/g++.pt/memtemp7.C (test for excess errors)
FAIL: g++.old-deja/g++.pt/memtemp73.C (test for excess errors)
FAIL: g++.old-deja/g++.pt/memtemp77.C (test for excess errors)
FAIL: g++.old-deja/g++.pt/memtemp9.C (test for excess errors)
FAIL: g++.old-deja/g++.pt/memtemp93.C (test for excess errors)
FAIL: g++.old-deja/g++.pt/memtemp96.C (test for excess errors)
FAIL: g++.old-deja/g++.pt/memtemp97.C (test for excess errors)
FAIL: g++.old-deja/g++.pt/mi1.C (test for excess errors)
FAIL: g++.old-deja/g++.pt/nttp1.C (test for excess errors)
FAIL: g++.old-deja/g++.pt/nttp2.C (test for excess errors)
FAIL: g++.old-deja/g++.pt/overload1.C (test for excess errors)
FAIL: g++.old-deja/g++.pt/overload10.C (test for excess errors)
FAIL: g++.old-deja/g++.pt/overload11.C (test for excess errors)
FAIL: g++.old-deja/g++.pt/overload12.C (test for excess errors)
FAIL: g++.old-deja/g++.pt/overload6.C (test for excess errors)
FAIL: g++.old-deja/g++.pt/overload9.C (test for excess errors)
FAIL: g++.old-deja/g++.pt/parms1.C (test for excess errors)
FAIL: g++.old-deja/g++.pt/partial1.C (test for excess errors)
FAIL: g++.old-deja/g++.pt/partial3.C (test for excess errors)
FAIL: g++.old-deja/g++.pt/partial5.C (test for excess errors)
FAIL: g++.old-deja/g++.pt/ptrmem1.C (test for excess errors)
FAIL: g++.old-deja/g++.pt/ptrmem2.C (test for excess errors)
FAIL: g++.old-deja/g++.pt/ptrmem4.C (test for excess errors)
FAIL: g++.old-deja/g++.pt/recursion2.C (test for excess errors)
FAIL: g++.old-deja/g++.pt/ref3.C (test for excess errors)
FAIL: g++.old-deja/g++.pt/repo1.C (test for excess errors)
FAIL: g++.old-deja/g++.pt/repo2.C (test for excess errors)
FAIL: g++.old-deja/g++.pt/repo3.C (test for excess errors)
FAIL: g++.old-deja/g++.pt/repo4.C (test for excess errors)
FAIL: g++.old-deja/g++.pt/sizeof.C (test for excess errors)
FAIL: g++.old-deja/g++.pt/sizeof2.C (test for excess errors)
FAIL: g++.old-deja/g++.pt/sizeof3.C (test for excess errors)
FAIL: g++.old-deja/g++.pt/spec10.C (test for excess errors)
FAIL: g++.old-deja/g++.pt/spec11.C (test for excess errors)
FAIL: g++.old-deja/g++.pt/spec12.C (test for excess errors)
FAIL: g++.old-deja/g++.pt/spec13.C (test for excess errors)
FAIL: g++.old-deja/g++.pt/spec15.C (test for excess errors)
FAIL: g++.old-deja/g++.pt/spec29.C (test for excess errors)
FAIL: g++.old-deja/g++.pt/spec3.C (test for excess errors)
FAIL: g++.old-deja/g++.pt/spec30.C (test for excess errors)
FAIL: g++.old-deja/g++.pt/spec33.C (test for excess errors)
FAIL: g++.old-deja/g++.pt/spec36.C (test for excess errors)
FAIL: g++.old-deja/g++.pt/spec40.C (test for excess errors)
FAIL: g++.old-deja/g++.pt/spec7.C (test for excess errors)
FAIL: g++.old-deja/g++.pt/spec8.C (test for excess errors)
FAIL: g++.old-deja/g++.pt/static1.C (test for excess errors)
FAIL: g++.old-deja/g++.pt/static11.C (test for excess errors)
FAIL: g++.old-deja/g++.pt/static3.C (test for excess errors)
FAIL: g++.old-deja/g++.pt/static6.C (test for excess errors)
FAIL: g++.old-deja/g++.pt/static8.C (test for excess errors)
FAIL: g++.old-deja/g++.pt/stmtexpr.C (test for excess errors)
FAIL: g++.old-deja/g++.pt/stmtexpr2.C (test for excess errors)
FAIL: g++.old-deja/g++.pt/t16.C (test for excess errors)
FAIL: g++.old-deja/g++.pt/t39.C (test for excess errors)
FAIL: g++.old-deja/g++.pt/t42.C (test for excess errors)
FAIL: g++.old-deja/g++.pt/tiemann2.C (test for excess errors)
FAIL: g++.old-deja/g++.pt/ttp11.C (test for excess errors)
FAIL: g++.old-deja/g++.pt/ttp12.C (test for excess errors)
FAIL: g++.old-deja/g++.pt/ttp13.C (test for excess errors)
FAIL: g++.old-deja/g++.pt/ttp14.C (test for excess errors)
FAIL: g++.old-deja/g++.pt/ttp15.C (test for excess errors)
FAIL: g++.old-deja/g++.pt/ttp16.C (test for excess errors)
FAIL: g++.old-deja/g++.pt/ttp17.C (test for excess errors)
FAIL: g++.old-deja/g++.pt/ttp18.C (test for excess errors)
FAIL: g++.old-deja/g++.pt/ttp19.C (test for excess errors)
FAIL: g++.old-deja/g++.pt/ttp20.C (test for excess errors)
FAIL: g++.old-deja/g++.pt/ttp21.C (test for excess errors)
FAIL: g++.old-deja/g++.pt/ttp22.C (test for excess errors)
FAIL: g++.old-deja/g++.pt/ttp23.C (test for excess errors)
FAIL: g++.old-deja/g++.pt/ttp24.C (test for excess errors)
FAIL: g++.old-deja/g++.pt/ttp25.C (test for excess errors)
FAIL: g++.old-deja/g++.pt/ttp26.C (test for excess errors)
FAIL: g++.old-deja/g++.pt/ttp27.C (test for excess errors)
FAIL: g++.old-deja/g++.pt/ttp28.C (test for excess errors)
FAIL: g++.old-deja/g++.pt/ttp29.C (test for excess errors)
FAIL: g++.old-deja/g++.pt/ttp30.C (test for excess errors)
FAIL: g++.old-deja/g++.pt/ttp31.C (test for excess errors)
FAIL: g++.old-deja/g++.pt/ttp32.C (test for excess errors)
FAIL: g++.old-deja/g++.pt/ttp33.C (test for excess errors)
FAIL: g++.old-deja/g++.pt/ttp34.C (test for excess errors)
FAIL: g++.old-deja/g++.pt/ttp35.C (test for excess errors)
FAIL: g++.old-deja/g++.pt/ttp36.C (test for excess errors)
FAIL: g++.old-deja/g++.pt/ttp37.C (test for excess errors)
FAIL: g++.old-deja/g++.pt/ttp38.C (test for excess errors)
FAIL: g++.old-deja/g++.pt/ttp39.C (test for excess errors)
FAIL: g++.old-deja/g++.pt/ttp40.C (test for excess errors)
FAIL: g++.old-deja/g++.pt/ttp42.C (test for excess errors)
FAIL: g++.old-deja/g++.pt/ttp47.C (test for excess errors)
FAIL: g++.old-deja/g++.pt/ttp48.C (test for excess errors)
FAIL: g++.old-deja/g++.pt/ttp50.C (test for excess errors)
FAIL: g++.old-deja/g++.pt/ttp51.C (test for excess errors)
FAIL: g++.old-deja/g++.pt/ttp6.C (test for excess errors)
FAIL: g++.old-deja/g++.pt/ttp62.C (test for excess errors)
FAIL: g++.old-deja/g++.pt/ttp8.C (test for excess errors)
FAIL: g++.old-deja/g++.pt/ttp9.C (test for excess errors)
FAIL: g++.old-deja/g++.pt/typename12.C (test for excess errors)
FAIL: g++.old-deja/g++.pt/typename19.C (test for excess errors)
FAIL: g++.old-deja/g++.pt/typename9.C (test for excess errors)
FAIL: g++.old-deja/g++.pt/using1.C (test for excess errors)
FAIL: g++.old-deja/g++.pt/vaarg.C (test for excess errors)
FAIL: g++.old-deja/g++.pt/vbase1.C (test for excess errors)
FAIL: g++.old-deja/g++.pt/virtual1.C (test for excess errors)
FAIL: g++.old-deja/g++.pt/virtual4.C (test for excess errors)
FAIL: g++.old-deja/g++.robertl/980310-1.C (test for excess errors)
FAIL: g++.old-deja/g++.robertl/eb102.C (test for excess errors)
FAIL: g++.old-deja/g++.robertl/eb104.C (test for excess errors)
FAIL: g++.old-deja/g++.robertl/eb111.C (test for excess errors)
FAIL: g++.old-deja/g++.robertl/eb114.C (test for excess errors)
FAIL: g++.old-deja/g++.robertl/eb115.C (test for excess errors)
FAIL: g++.old-deja/g++.robertl/eb116.C (test for excess errors)
FAIL: g++.old-deja/g++.robertl/eb120.C (test for excess errors)
FAIL: g++.old-deja/g++.robertl/eb126.C (test for excess errors)
FAIL: g++.old-deja/g++.robertl/eb14.C (test for excess errors)
FAIL: g++.old-deja/g++.robertl/eb17.C (test for excess errors)
FAIL: g++.old-deja/g++.robertl/eb21.C (test for excess errors)
FAIL: g++.old-deja/g++.robertl/eb26.C (test for excess errors)
FAIL: g++.old-deja/g++.robertl/eb31.C (test for excess errors)
FAIL: g++.old-deja/g++.robertl/eb33.C (test for excess errors)
FAIL: g++.old-deja/g++.robertl/eb41.C (test for excess errors)
FAIL: g++.old-deja/g++.robertl/eb46.C (test for excess errors)
FAIL: g++.old-deja/g++.robertl/eb50.C (test for excess errors)
FAIL: g++.old-deja/g++.robertl/eb54.C (test for excess errors)
FAIL: g++.old-deja/g++.robertl/eb58.C (test for excess errors)
FAIL: g++.old-deja/g++.robertl/eb59.C (test for excess errors)
FAIL: g++.old-deja/g++.robertl/eb63.C (test for excess errors)
FAIL: g++.old-deja/g++.robertl/eb65.C (test for excess errors)
FAIL: g++.old-deja/g++.robertl/eb66.C (test for excess errors)
FAIL: g++.old-deja/g++.robertl/eb73.C (test for excess errors)
FAIL: g++.old-deja/g++.robertl/eb77.C (test for excess errors)
FAIL: g++.old-deja/g++.robertl/eb83.C (test for excess errors)
FAIL: g++.old-deja/g++.robertl/eb84.C (test for excess errors)
FAIL: g++.old-deja/g++.robertl/eb88.C (test for excess errors)
FAIL: g++.old-deja/g++.robertl/eb91.C (test for excess errors)
FAIL: g++.old-deja/g++.robertl/eb95.C (test for excess errors)
FAIL: g++.old-deja/g++.robertl/eb97.C (test for excess errors)
FAIL: g++.old-deja/g++.robertl/ebnull-cast.C (test for excess errors)
FAIL: g++.old-deja/g++.robertl/ebnull-oldcast.C (test for excess errors)
FAIL: g++.old-deja/g++.robertl/ebnull.C (test for excess errors)
FAIL: g++.old-deja/g++.robertl/eh990323-1.C (test for excess errors)
FAIL: g++.old-deja/g++.robertl/eh990323-2.C (test for excess errors)
FAIL: g++.old-deja/g++.robertl/eh990323-3.C (test for excess errors)
FAIL: g++.old-deja/g++.robertl/eh990323-4.C (test for excess errors)
FAIL: g++.old-deja/g++.robertl/eh990323-5.C (test for excess errors)
FAIL: g++.old-deja/g++.robertl/ice990323-2.C (test for excess errors)

		=== g++ Summary ===

# of expected passes		9678
# of unexpected failures	1328
# of expected failures		67
# of unresolved testcases	47
# of unsupported tests		111
/notnfs/dnovillo/sbox/gcc/bld.tonic2/gcc/testsuite/../g++  version 4.1.0 20051113 (experimental)

		=== gcc tests ===


Running target unix
WARNING: program timed out.
FAIL: gcc.c-torture/compile/20001226-1.c (test for excess errors)
WARNING: program timed out.
FAIL: gcc.c-torture/compile/20001226-1.c (test for excess errors)
FAIL: gcc.dg/builtin-apply4.c execution test
WARNING: program timed out.
FAIL: gcc.dg/c99-intconst-1.c (test for excess errors)
FAIL: gcc.dg/tls/pr24428.c execution test
XPASS: gcc.dg/tree-ssa/loop-1.c scan-assembler-times foo 5
XPASS: gcc.dg/vect/pr16105.c scan-tree-dump-times vectorized 1 loops 1
XPASS: gcc.dg/vect/pr20122.c scan-tree-dump-times vectorized 1 loops 2
FAIL: gcc.dg/vect/pr24300.c (test for excess errors)
XPASS: gcc.dg/vect/vect-105.c scan-tree-dump-times vectorized 1 loops 1
XPASS: gcc.dg/vect/vect-30.c scan-tree-dump-times vectorized 1 loops 2
XPASS: gcc.dg/vect/vect-42.c scan-tree-dump-times vectorized 1 loops 1
XPASS: gcc.dg/vect/vect-43.c scan-tree-dump-times vectorized 1 loops 1
XPASS: gcc.dg/vect/vect-74.c scan-tree-dump-times vectorized 1 loops 1
XPASS: gcc.dg/vect/vect-75.c scan-tree-dump-times vectorized 1 loops 1
XPASS: gcc.dg/vect/vect-76.c scan-tree-dump-times vectorized 3 loops 1
FAIL: gcc.dg/vect/vect-76.c scan-tree-dump-times vectorized 1 loops 1
XPASS: gcc.dg/vect/vect-8.c scan-tree-dump-times vectorized 1 loops 1

		=== gcc Summary ===

# of expected passes		36645
# of unexpected failures	7
# of unexpected successes	11
# of expected failures		127
# of untested testcases		28
# of unsupported tests		306
/notnfs/dnovillo/sbox/gcc/bld.tonic2/gcc/xgcc  version 4.1.0 20051113 (experimental)

		=== gfortran tests ===


Running target unix
FAIL: gfortran.dg/vect/vect-4.f90 scan-tree-dump-times Alignment of access forced using peeling 1
FAIL: gfortran.dg/vect/vect-4.f90 scan-tree-dump-times Vectorizing an unaligned access 1
FAIL: gfortran.dg/vect/vect-5.f90 scan-tree-dump-times Alignment of access forced using versioning. 3

		=== gfortran Summary ===

# of expected passes		10454
# of unexpected failures	3
# of expected failures		20
# of unsupported tests		18
/notnfs/dnovillo/sbox/gcc/bld.tonic2/gcc/testsuite/../gfortran  version 4.1.0 20051113 (experimental)

		=== objc tests ===


Running target unix

		=== objc Summary ===

# of expected passes		1670
# of unsupported tests		23
/notnfs/dnovillo/sbox/gcc/bld.tonic2/gcc/xgcc  version 4.1.0 20051113 (experimental)

		=== libffi tests ===


Running target unix
FAIL: libffi.special/unwindtest.cc (test for excess errors)

		=== libffi Summary ===

# of expected passes		227
# of unexpected failures	1
# of unsupported tests		2
		=== libjava tests ===


Running target unix
FAIL: linking PR9577
FAIL: linking longfield
FAIL: linking shortfield
FAIL: ArrayClass compilation from source
FAIL: ArrayClass -O3 compilation from source
FAIL: AssertBug compilation from source
FAIL: AssertBug -O3 compilation from source
FAIL: Case compilation from source
FAIL: Case -O3 compilation from source
FAIL: G19990210_1 compilation from source
FAIL: G19990210_1 -O3 compilation from source
FAIL: G19990210_2 compilation from source
FAIL: G19990210_2 -O3 compilation from source
FAIL: G19990210_3 compilation from source
FAIL: G19990210_3 -O3 compilation from source
FAIL: G19990217_01 compilation from source
FAIL: G19990217_01 -O3 compilation from source
FAIL: G19990225_01 compilation from source
FAIL: G19990225_01 -O3 compilation from source
FAIL: InnerExcept compilation from source
FAIL: InnerExcept -O3 compilation from source
FAIL: N19990310_01 compilation from source
FAIL: N19990310_01 -O3 compilation from source
FAIL: N19990317 compilation from source
FAIL: N19990317 -O3 compilation from source
FAIL: OperatorBenchmark compilation from source
FAIL: OperatorBenchmark -O3 compilation from source
FAIL: PR12374 compilation from source
FAIL: PR12374 -O3 compilation from source
FAIL: PR12857 compilation from source
FAIL: PR12857 -O3 compilation from source
FAIL: PR13024 compilation from source
FAIL: PR13024 -O3 compilation from source
FAIL: PR13237 compilation from source
FAIL: PR13237 -O3 compilation from source
FAIL: PR1343 compilation from source
FAIL: PR1343 -O3 compilation from source
FAIL: PR15769 compilation from source
FAIL: PR15769 -O3 compilation from source
FAIL: PR16249 compilation from source
FAIL: PR16249 -O3 compilation from source
FAIL: PR16675 compilation from source
FAIL: PR16675 -O3 compilation from source
FAIL: PR16701 compilation from source
FAIL: PR16701 -O3 compilation from source
FAIL: PR19295 compilation from source
FAIL: PR19295 -O3 compilation from source
FAIL: PR19674 compilation from source
FAIL: PR19674 -O3 compilation from source
FAIL: PR206 compilation from source
FAIL: PR206 -O3 compilation from source
FAIL: PR20697 compilation from source
FAIL: PR20697 -O3 compilation from source
FAIL: PR209 compilation from source
FAIL: PR209 -O3 compilation from source
FAIL: PR21045 compilation from source
FAIL: PR21045 -O3 compilation from source
FAIL: PR232 compilation from source
FAIL: PR232 -O3 compilation from source
FAIL: PR232B compilation from source
FAIL: PR232B -O3 compilation from source
FAIL: PR234 compilation from source
FAIL: PR234 -O3 compilation from source
FAIL: PR235 compilation from source
FAIL: PR235 -O3 compilation from source
FAIL: PR295 compilation from source
FAIL: PR295 -O3 compilation from source
FAIL: PR374 compilation from source
FAIL: PR374 -O3 compilation from source
FAIL: PR375 compilation from source
FAIL: PR375 -O3 compilation from source
FAIL: PR4766 compilation from source
FAIL: PR4766 -O3 compilation from source
FAIL: PR5902 compilation from source
FAIL: PR5902 -O3 compilation from source
FAIL: PR5913 compilation from source
FAIL: PR5913 -O3 compilation from source
FAIL: PR6026 compilation from source
FAIL: PR6026 -O3 compilation from source
FAIL: Semi compilation from source
FAIL: Semi -O3 compilation from source
FAIL: Statics compilation from source
FAIL: Statics -O3 compilation from source
FAIL: SuperConstr compilation from source
FAIL: SuperConstr -O3 compilation from source
FAIL: T20020529 compilation from source
FAIL: T20020529 -O3 compilation from source
FAIL: T20020604 compilation from source
FAIL: T20020604 -O3 compilation from source
FAIL: Twice compilation from source
FAIL: Twice -O3 compilation from source
FAIL: XercesBug compilation from source
FAIL: XercesBug -O3 compilation from source
FAIL: assignment compilation from source
FAIL: assignment -O3 compilation from source
FAIL: assignment_2 compilation from source
FAIL: assignment_2 -O3 compilation from source
FAIL: comment compilation from source
FAIL: comment -O3 compilation from source
FAIL: final_initialization_in_ctor compilation from source
FAIL: final_initialization_in_ctor -O3 compilation from source
FAIL: final_local_switch compilation from source
FAIL: final_local_switch -O3 compilation from source
FAIL: iface compilation from source
FAIL: iface -O3 compilation from source
FAIL: inner_data compilation from source
FAIL: inner_data -O3 compilation from source
FAIL: inner_inherit compilation from source
FAIL: inner_inherit -O3 compilation from source
FAIL: inner_priv compilation from source
FAIL: inner_priv -O3 compilation from source
FAIL: inner_pub compilation from source
FAIL: inner_pub -O3 compilation from source
FAIL: narrow_case compilation from source
FAIL: narrow_case -O3 compilation from source
FAIL: perc compilation from source
FAIL: perc -O3 compilation from source
FAIL: plusplus compilation from source
FAIL: plusplus -O3 compilation from source
FAIL: pr10459 compilation from source
FAIL: pr10459 -O3 compilation from source
FAIL: pr13788 compilation from source
FAIL: pr13788 -O3 compilation from source
FAIL: pr172 compilation from source
FAIL: pr172 -O3 compilation from source
FAIL: pr17329 compilation from source
FAIL: pr17329 -O3 compilation from source
FAIL: pr174 compilation from source
FAIL: pr174 -O3 compilation from source
FAIL: pr17500 compilation from source
FAIL: pr17500 -O3 compilation from source
FAIL: pr176 compilation from source
FAIL: pr176 -O3 compilation from source
FAIL: pr21540 compilation from source
FAIL: pr21540 -O3 compilation from source
FAIL: pr7912 compilation from source
FAIL: pr7912 -O3 compilation from source
FAIL: pr8712 compilation from source
FAIL: pr8712 -O3 compilation from source
FAIL: pr8955 compilation from source
FAIL: pr8955 -O3 compilation from source
FAIL: static_init2 compilation from source
FAIL: static_init2 -O3 compilation from source
FAIL: static_inner compilation from source
FAIL: static_inner -O3 compilation from source
FAIL: zeroexp compilation from source
FAIL: zeroexp -O3 compilation from source
FAIL: linking simple
FAIL: linking PR15133
FAIL: linking PR18116
FAIL: linking bytebuffer
FAIL: linking calls
FAIL: linking cxxtest
FAIL: linking directbuffer
FAIL: linking field
FAIL: linking final_method
FAIL: linking findclass
FAIL: linking iface
FAIL: linking invoke
FAIL: linking jniutf
FAIL: linking martin
FAIL: linking noclass
FAIL: linking overload
FAIL: linking pr11951
FAIL: linking pr23739
FAIL: linking register
FAIL: linking simple_int
FAIL: linking throwit
FAIL: linking virtual
FAIL: ArrayStore compilation from source
FAIL: ArrayStore compilation from bytecode
FAIL: ArrayStore -O3 compilation from source
FAIL: ArrayStore -O3 compilation from bytecode
FAIL: ArrayStore2 compilation from source
FAIL: ArrayStore2 compilation from bytecode
FAIL: ArrayStore2 -O3 compilation from source
FAIL: ArrayStore2 -O3 compilation from bytecode
FAIL: Array_1 compilation from source
FAIL: Array_1 compilation from bytecode
FAIL: Array_1 -O3 compilation from source
FAIL: Array_1 -O3 compilation from bytecode
FAIL: Array_2 compilation from source
FAIL: Array_2 compilation from bytecode
FAIL: Array_2 -O3 compilation from source
FAIL: Array_2 -O3 compilation from bytecode
FAIL: Array_3 compilation from source
FAIL: Array_3 compilation from bytecode
FAIL: Array_3 -O3 compilation from source
FAIL: Array_3 -O3 compilation from bytecode
FAIL: Class_1 compilation from source
FAIL: Class_1 compilation from bytecode
FAIL: Class_1 -O3 compilation from source
FAIL: Class_1 -O3 compilation from bytecode
FAIL: CompareNaN compilation from source
FAIL: CompareNaN compilation from bytecode
FAIL: CompareNaN -O3 compilation from source
FAIL: CompareNaN -O3 compilation from bytecode
FAIL: Divide_1 compilation from source
FAIL: Divide_1 compilation from bytecode
FAIL: Divide_1 -O3 compilation from source
FAIL: Divide_1 -O3 compilation from bytecode
FAIL: EvaluationOrder compilation from source
FAIL: EvaluationOrder compilation from bytecode
FAIL: EvaluationOrder -O3 compilation from source
FAIL: EvaluationOrder -O3 compilation from bytecode
FAIL: ExtraClassLoader compilation from source
FAIL: ExtraClassLoader output - gij test
FAIL: ExtraClassLoader compilation from bytecode
FAIL: ExtraClassLoader -O3 compilation from source
FAIL: ExtraClassLoader output - gij test
FAIL: ExtraClassLoader -O3 compilation from bytecode
FAIL: FileHandleGcTest compilation from source
FAIL: FileHandleGcTest compilation from bytecode
FAIL: FileHandleGcTest -O3 compilation from source
FAIL: FileHandleGcTest -O3 compilation from bytecode
FAIL: Final compilation from source
FAIL: Final compilation from bytecode
FAIL: Final -O3 compilation from source
FAIL: Final -O3 compilation from bytecode
FAIL: Float_1 compilation from source
FAIL: Float_1 compilation from bytecode
FAIL: Float_1 -O3 compilation from source
FAIL: Float_1 -O3 compilation from bytecode
FAIL: G19990301_01 compilation from source
FAIL: G19990301_01 compilation from bytecode
FAIL: G19990301_01 -O3 compilation from source
FAIL: G19990301_01 -O3 compilation from bytecode
FAIL: G19990302_02 compilation from source
FAIL: G19990302_02 compilation from bytecode
FAIL: G19990302_02 -O3 compilation from source
FAIL: G19990302_02 -O3 compilation from bytecode
FAIL: G19990303_01 compilation from source
FAIL: G19990303_01 compilation from bytecode
FAIL: G19990303_01 -O3 compilation from source
FAIL: G19990303_01 -O3 compilation from bytecode
FAIL: G19990303_02 compilation from source
FAIL: G19990303_02 compilation from bytecode
FAIL: G19990303_02 -O3 compilation from source
FAIL: G19990303_02 -O3 compilation from bytecode
FAIL: G19990304_01 compilation from source
FAIL: G19990304_01 compilation from bytecode
FAIL: G19990304_01 -O3 compilation from source
FAIL: G19990304_01 -O3 compilation from bytecode
FAIL: G19990310_01 compilation from source
FAIL: G19990310_01 compilation from bytecode
FAIL: G19990310_01 -O3 compilation from source
FAIL: G19990310_01 -O3 compilation from bytecode
FAIL: II compilation from source
FAIL: II compilation from bytecode
FAIL: II -O3 compilation from source
FAIL: II -O3 compilation from bytecode
FAIL: InterfaceDispatch compilation from source
FAIL: InterfaceDispatch compilation from bytecode
FAIL: InterfaceDispatch -O3 compilation from source
FAIL: InterfaceDispatch -O3 compilation from bytecode
FAIL: InvokeInterface compilation from source
FAIL: InvokeInterface compilation from bytecode
FAIL: InvokeInterface -O3 compilation from source
FAIL: InvokeInterface -O3 compilation from bytecode
FAIL: InvokeReturn compilation from source
FAIL: InvokeReturn compilation from bytecode
FAIL: InvokeReturn -O3 compilation from source
FAIL: InvokeReturn -O3 compilation from bytecode
FAIL: Invoke_1 compilation from source
FAIL: Invoke_1 compilation from bytecode
FAIL: Invoke_1 -O3 compilation from source
FAIL: Invoke_1 -O3 compilation from bytecode
FAIL: Invoke_2 compilation from source
FAIL: Invoke_2 compilation from bytecode
FAIL: Invoke_2 -O3 compilation from source
FAIL: Invoke_2 -O3 compilation from bytecode
FAIL: KeepInline compilation from source
FAIL: KeepInline compilation from bytecode
FAIL: KeepInline -O3 compilation from source
FAIL: KeepInline -O3 compilation from bytecode
FAIL: LargeFile compilation from source
FAIL: LargeFile execution - gij test
FAIL: LargeFile compilation from bytecode
FAIL: LargeFile -O3 compilation from source
FAIL: LargeFile execution - gij test
FAIL: LargeFile -O3 compilation from bytecode
FAIL: MathBuiltin compilation from source
FAIL: MathBuiltin compilation from bytecode
FAIL: MathBuiltin -O3 compilation from source
FAIL: MathBuiltin -O3 compilation from bytecode
FAIL: Matrix4f compilation from source
FAIL: Matrix4f compilation from bytecode
FAIL: Matrix4f -O3 compilation from source
FAIL: Matrix4f -O3 compilation from bytecode
FAIL: N19990310_02 compilation from source
FAIL: N19990310_02 compilation from bytecode
FAIL: N19990310_02 -O3 compilation from source
FAIL: N19990310_02 -O3 compilation from bytecode
FAIL: N19990310_3 compilation from source
FAIL: N19990310_3 compilation from bytecode
FAIL: N19990310_3 -O3 compilation from source
FAIL: N19990310_3 -O3 compilation from bytecode
FAIL: N19990310_4 compilation from source
FAIL: N19990310_4 compilation from bytecode
FAIL: N19990310_4 -O3 compilation from source
FAIL: N19990310_4 -O3 compilation from bytecode
FAIL: N19990310_5 compilation from source
FAIL: N19990310_5 compilation from bytecode
FAIL: N19990310_5 -O3 compilation from source
FAIL: N19990310_5 -O3 compilation from bytecode
FAIL: Overflow compilation from source
FAIL: Overflow compilation from bytecode
FAIL: Overflow -O3 compilation from source
FAIL: Overflow -O3 compilation from bytecode
FAIL: PR12350 compilation from source
FAIL: PR12350 compilation from bytecode
FAIL: PR12350 -O3 compilation from source
FAIL: PR12350 -O3 compilation from bytecode
FAIL: PR12416 compilation from source
FAIL: PR12416 compilation from bytecode
FAIL: PR12416 -O3 compilation from source
FAIL: PR12416 -O3 compilation from bytecode
FAIL: PR12656 compilation from source
FAIL: PR12656 compilation from bytecode
FAIL: PR12656 -O3 compilation from source
FAIL: PR12656 -O3 compilation from bytecode
FAIL: PR12915 compilation from source
FAIL: PR12915 compilation from bytecode
FAIL: PR12915 -O3 compilation from source
FAIL: PR12915 -O3 compilation from bytecode
FAIL: PR141 compilation from source
FAIL: PR141 compilation from bytecode
FAIL: PR141 -O3 compilation from source
FAIL: PR141 -O3 compilation from bytecode
FAIL: PR160 compilation from source
FAIL: PR160 compilation from bytecode
FAIL: PR160 -O3 compilation from source
FAIL: PR160 -O3 compilation from bytecode
FAIL: PR162 compilation from source
FAIL: PR162 compilation from bytecode
FAIL: PR162 -O3 compilation from source
FAIL: PR162 -O3 compilation from bytecode
FAIL: PR16867 compilation from source
FAIL: PR16867 compilation from bytecode
FAIL: PR16867 -O3 compilation from source
FAIL: PR16867 -O3 compilation from bytecode
FAIL: PR18699 compilation from source
FAIL: PR18699 compilation from bytecode
FAIL: PR18699 -O3 compilation from source
FAIL: PR18699 -O3 compilation from bytecode
FAIL: PR19870 compilation from source
FAIL: PR19870 compilation from bytecode
FAIL: PR19870 -O3 compilation from source
FAIL: PR19870 -O3 compilation from bytecode
FAIL: PR19870_2 compilation from source
FAIL: PR19870_2 compilation from bytecode
FAIL: PR19870_2 -O3 compilation from source
FAIL: PR19870_2 -O3 compilation from bytecode
FAIL: PR19921 compilation from source
FAIL: PR19921 compilation from bytecode
FAIL: PR19921 -O3 compilation from source
FAIL: PR19921 -O3 compilation from bytecode
FAIL: PR20056 compilation from source
FAIL: PR20056 compilation from bytecode
FAIL: PR20056 -O3 compilation from source
FAIL: PR20056 -O3 compilation from bytecode
FAIL: PR218 compilation from source
FAIL: PR218 compilation from bytecode
FAIL: PR218 -O3 compilation from source
FAIL: PR218 -O3 compilation from bytecode
FAIL: PR242 compilation from source
FAIL: PR242 compilation from bytecode
FAIL: PR242 -O3 compilation from source
FAIL: PR242 -O3 compilation from bytecode
FAIL: PR260 compilation from source
FAIL: PR260 compilation from bytecode
FAIL: PR260 -O3 compilation from source
FAIL: PR260 -O3 compilation from bytecode
FAIL: PR3096 compilation from source
FAIL: PR3096 compilation from bytecode
FAIL: PR3096 -O3 compilation from source
FAIL: PR3096 -O3 compilation from bytecode
FAIL: PR3731 compilation from source
FAIL: PR3731 compilation from bytecode
FAIL: PR3731 -O3 compilation from source
FAIL: PR3731 -O3 compilation from bytecode
FAIL: PR5057 compilation from source
FAIL: PR5057 compilation from bytecode
FAIL: PR5057 -O3 compilation from source
FAIL: PR5057 -O3 compilation from bytecode
FAIL: PR5057_2 compilation from source
FAIL: PR5057_2 compilation from bytecode
FAIL: PR5057_2 -O3 compilation from source
FAIL: PR5057_2 -O3 compilation from bytecode
FAIL: PR55 compilation from source
FAIL: PR55 compilation from bytecode
FAIL: PR55 -O3 compilation from source
FAIL: PR55 -O3 compilation from bytecode
FAIL: PR56 compilation from source
FAIL: PR56 compilation from bytecode
FAIL: PR56 -O3 compilation from source
FAIL: PR56 -O3 compilation from bytecode
FAIL: PR6085 compilation from source
FAIL: PR6085 compilation from bytecode
FAIL: PR6085 -O3 compilation from source
FAIL: PR6085 -O3 compilation from bytecode
FAIL: PR6204 compilation from source
FAIL: PR6204 compilation from bytecode
FAIL: PR6204 -O3 compilation from source
FAIL: PR6204 -O3 compilation from bytecode
FAIL: PR6729 compilation from source
FAIL: PR6729 compilation from bytecode
FAIL: PR6729 -O3 compilation from source
FAIL: PR6729 -O3 compilation from bytecode
FAIL: PR6820 compilation from source
FAIL: PR6820 compilation from bytecode
FAIL: PR6820 -O3 compilation from source
FAIL: PR6820 -O3 compilation from bytecode
FAIL: PR7482 compilation from source
FAIL: PR7482 compilation from bytecode
FAIL: PR7482 -O3 compilation from source
FAIL: PR7482 -O3 compilation from bytecode
FAIL: Process_1 compilation from source
FAIL: Process_1 compilation from bytecode
FAIL: Process_1 -O3 compilation from source
FAIL: Process_1 -O3 compilation from bytecode
FAIL: Process_2 compilation from source
FAIL: Process_2 compilation from bytecode
FAIL: Process_2 -O3 compilation from source
FAIL: Process_2 -O3 compilation from bytecode
FAIL: Process_3 compilation from source
FAIL: Process_3 compilation from bytecode
FAIL: Process_3 -O3 compilation from source
FAIL: Process_3 -O3 compilation from bytecode
FAIL: Process_4 compilation from source
FAIL: Process_4 compilation from bytecode
FAIL: Process_4 -O3 compilation from source
FAIL: Process_4 -O3 compilation from bytecode
FAIL: Process_5 compilation from source
FAIL: Process_5 compilation from bytecode
FAIL: Process_5 -O3 compilation from source
FAIL: Process_5 -O3 compilation from bytecode
FAIL: Process_6 compilation from source
FAIL: Process_6 compilation from bytecode
FAIL: Process_6 -O3 compilation from source
FAIL: Process_6 -O3 compilation from bytecode
FAIL: Serialization compilation from source
FAIL: Serialization compilation from bytecode
FAIL: Serialization -O3 compilation from source
FAIL: Serialization -O3 compilation from bytecode
FAIL: Shazam compilation from source
FAIL: Shazam compilation from bytecode
FAIL: Shazam -O3 compilation from source
FAIL: Shazam -O3 compilation from bytecode
FAIL: StaticConstructor compilation from source
FAIL: StaticConstructor compilation from bytecode
FAIL: StaticConstructor -O3 compilation from source
FAIL: StaticConstructor -O3 compilation from bytecode
FAIL: StringBuffer_1 compilation from source
FAIL: StringBuffer_1 compilation from bytecode
FAIL: StringBuffer_1 -O3 compilation from source
FAIL: StringBuffer_1 -O3 compilation from bytecode
FAIL: StringBuffer_overflow compilation from source
FAIL: StringBuffer_overflow compilation from bytecode
FAIL: StringBuffer_overflow -O3 compilation from source
FAIL: StringBuffer_overflow -O3 compilation from bytecode
FAIL: String_overflow compilation from source
FAIL: String_overflow compilation from bytecode
FAIL: String_overflow -O3 compilation from source
FAIL: String_overflow -O3 compilation from bytecode
FAIL: SyncGlobal compilation from source
FAIL: SyncGlobal compilation from bytecode
FAIL: SyncGlobal -O3 compilation from source
FAIL: SyncGlobal -O3 compilation from bytecode
FAIL: SyncTest compilation from source
FAIL: SyncTest compilation from bytecode
FAIL: SyncTest -O3 compilation from source
FAIL: SyncTest -O3 compilation from bytecode
FAIL: Synch compilation from source
FAIL: Synch compilation from bytecode
FAIL: Synch -O3 compilation from source
FAIL: Synch -O3 compilation from bytecode
FAIL: TLtest compilation from source
FAIL: TLtest compilation from bytecode
FAIL: TLtest -O3 compilation from source
FAIL: TLtest -O3 compilation from bytecode
FAIL: TestProxy compilation from source
FAIL: TestProxy compilation from bytecode
FAIL: TestProxy -O3 compilation from source
FAIL: TestProxy -O3 compilation from bytecode
FAIL: Thread_Alive compilation from source
FAIL: Thread_Alive compilation from bytecode
FAIL: Thread_Alive -O3 compilation from source
FAIL: Thread_Alive -O3 compilation from bytecode
FAIL: Thread_HoldsLock compilation from source
FAIL: Thread_HoldsLock compilation from bytecode
FAIL: Thread_HoldsLock -O3 compilation from source
FAIL: Thread_HoldsLock -O3 compilation from bytecode
FAIL: Thread_Interrupt compilation from source
FAIL: Thread_Interrupt compilation from bytecode
FAIL: Thread_Interrupt -O3 compilation from source
FAIL: Thread_Interrupt -O3 compilation from bytecode
FAIL: Thread_Join compilation from source
FAIL: Thread_Join compilation from bytecode
FAIL: Thread_Join -O3 compilation from source
FAIL: Thread_Join -O3 compilation from bytecode
FAIL: Thread_Monitor compilation from source
FAIL: Thread_Monitor compilation from bytecode
FAIL: Thread_Monitor -O3 compilation from source
FAIL: Thread_Monitor -O3 compilation from bytecode
FAIL: Thread_Sleep compilation from source
FAIL: Thread_Sleep compilation from bytecode
FAIL: Thread_Sleep -O3 compilation from source
FAIL: Thread_Sleep -O3 compilation from bytecode
FAIL: Thread_Wait compilation from source
FAIL: Thread_Wait compilation from bytecode
FAIL: Thread_Wait -O3 compilation from source
FAIL: Thread_Wait -O3 compilation from bytecode
FAIL: Thread_Wait_2 compilation from source
FAIL: Thread_Wait_2 compilation from bytecode
FAIL: Thread_Wait_2 -O3 compilation from source
FAIL: Thread_Wait_2 -O3 compilation from bytecode
FAIL: Thread_Wait_Interrupt compilation from source
FAIL: Thread_Wait_Interrupt compilation from bytecode
FAIL: Thread_Wait_Interrupt -O3 compilation from source
FAIL: Thread_Wait_Interrupt -O3 compilation from bytecode
FAIL: Throw_1 compilation from source
FAIL: Throw_1 compilation from bytecode
FAIL: Throw_1 -O3 compilation from source
FAIL: Throw_1 -O3 compilation from bytecode
FAIL: Throw_2 compilation from source
FAIL: Throw_2 compilation from bytecode
FAIL: Throw_2 -O3 compilation from source
FAIL: Throw_2 -O3 compilation from bytecode
FAIL: anfi compilation from source
FAIL: anfi compilation from bytecode
FAIL: anfi -O3 compilation from source
FAIL: anfi -O3 compilation from bytecode
FAIL: anon compilation from source
FAIL: anon compilation from bytecode
FAIL: anon -O3 compilation from source
FAIL: anon -O3 compilation from bytecode
FAIL: anon2 compilation from source
FAIL: anon2 compilation from bytecode
FAIL: anon2 -O3 compilation from source
FAIL: anon2 -O3 compilation from bytecode
FAIL: anon3 compilation from source
FAIL: anon3 compilation from bytecode
FAIL: anon3 -O3 compilation from source
FAIL: anon3 -O3 compilation from bytecode
FAIL: anon4 compilation from source
FAIL: anon4 compilation from bytecode
FAIL: anon4 -O3 compilation from source
FAIL: anon4 -O3 compilation from bytecode
FAIL: anon_ctor_itf_arg compilation from source
FAIL: anon_ctor_itf_arg compilation from bytecode
FAIL: anon_ctor_itf_arg -O3 compilation from source
FAIL: anon_ctor_itf_arg -O3 compilation from bytecode
FAIL: anonarray compilation from source
FAIL: anonarray compilation from bytecode
FAIL: anonarray -O3 compilation from source
FAIL: anonarray -O3 compilation from bytecode
FAIL: anonarray2 compilation from source
FAIL: anonarray2 compilation from bytecode
FAIL: anonarray2 -O3 compilation from source
FAIL: anonarray2 -O3 compilation from bytecode
FAIL: anonarray3 compilation from source
FAIL: anonarray3 compilation from bytecode
FAIL: anonarray3 -O3 compilation from source
FAIL: anonarray3 -O3 compilation from bytecode
FAIL: assign compilation from source
FAIL: assign compilation from bytecode
FAIL: assign -O3 compilation from source
FAIL: assign -O3 compilation from bytecode
FAIL: assign2 compilation from source
FAIL: assign2 compilation from bytecode
FAIL: assign2 -O3 compilation from source
FAIL: assign2 -O3 compilation from bytecode
FAIL: bclink compilation from source
FAIL: bclink compilation from bytecode
FAIL: bclink -O3 compilation from source
FAIL: bclink -O3 compilation from bytecode
FAIL: bytearray compilation from source
FAIL: bytearray compilation from bytecode
FAIL: bytearray -O3 compilation from source
FAIL: bytearray -O3 compilation from bytecode
FAIL: direct_read compilation from source
FAIL: direct_read compilation from bytecode
FAIL: direct_read -O3 compilation from source
FAIL: direct_read -O3 compilation from bytecode
FAIL: direct_write compilation from source
FAIL: direct_write compilation from bytecode
FAIL: direct_write -O3 compilation from source
FAIL: direct_write -O3 compilation from bytecode
FAIL: emptystring compilation from source
FAIL: emptystring compilation from bytecode
FAIL: emptystring -O3 compilation from source
FAIL: emptystring -O3 compilation from bytecode
FAIL: err1 compilation from source
FAIL: err1 compilation from bytecode
FAIL: err1 -O3 compilation from source
FAIL: err1 -O3 compilation from bytecode
FAIL: err10 compilation from source
FAIL: err10 compilation from bytecode
FAIL: err10 -O3 compilation from source
FAIL: err10 -O3 compilation from bytecode
FAIL: err11 compilation from source
FAIL: err11 compilation from bytecode
FAIL: err11 -O3 compilation from source
FAIL: err11 -O3 compilation from bytecode
FAIL: err12 compilation from source
FAIL: err12 compilation from bytecode
FAIL: err12 -O3 compilation from source
FAIL: err12 -O3 compilation from bytecode
FAIL: err13 compilation from source
FAIL: err13 compilation from bytecode
FAIL: err13 -O3 compilation from source
FAIL: err13 -O3 compilation from bytecode
FAIL: err14 compilation from source
FAIL: err14 compilation from bytecode
FAIL: err14 -O3 compilation from source
FAIL: err14 -O3 compilation from bytecode
FAIL: err2 compilation from source
FAIL: err2 compilation from bytecode
FAIL: err2 -O3 compilation from source
FAIL: err2 -O3 compilation from bytecode
FAIL: err3 compilation from source
FAIL: err3 compilation from bytecode
FAIL: err3 -O3 compilation from source
FAIL: err3 -O3 compilation from bytecode
FAIL: err4 compilation from source
FAIL: err4 compilation from bytecode
FAIL: err4 -O3 compilation from source
FAIL: err4 -O3 compilation from bytecode
FAIL: err5 compilation from source
FAIL: err5 compilation from bytecode
FAIL: err5 -O3 compilation from source
FAIL: err5 -O3 compilation from bytecode
FAIL: err6 compilation from source
FAIL: err6 compilation from bytecode
FAIL: err6 -O3 compilation from source
FAIL: err6 -O3 compilation from bytecode
FAIL: err7 compilation from source
FAIL: err7 compilation from bytecode
FAIL: err7 -O3 compilation from source
FAIL: err7 -O3 compilation from bytecode
FAIL: err8 compilation from source
FAIL: err8 compilation from bytecode
FAIL: err8 -O3 compilation from source
FAIL: err8 -O3 compilation from bytecode
FAIL: err9 compilation from source
FAIL: err9 compilation from bytecode
FAIL: err9 -O3 compilation from source
FAIL: err9 -O3 compilation from bytecode
FAIL: final_inner compilation from source
FAIL: final_inner compilation from bytecode
FAIL: final_inner -O3 compilation from source
FAIL: final_inner -O3 compilation from bytecode
FAIL: final_int compilation from source
FAIL: final_int compilation from bytecode
FAIL: final_int -O3 compilation from source
FAIL: final_int -O3 compilation from bytecode
FAIL: final_static_and_friend compilation from source
FAIL: final_static_and_friend compilation from bytecode
FAIL: final_static_and_friend -O3 compilation from source
FAIL: final_static_and_friend -O3 compilation from bytecode
FAIL: indirect compilation from source
FAIL: indirect compilation from bytecode
FAIL: indirect -O3 compilation from source
FAIL: indirect -O3 compilation from bytecode
FAIL: indirect_read compilation from source
FAIL: indirect_read compilation from bytecode
FAIL: indirect_read -O3 compilation from source
FAIL: indirect_read -O3 compilation from bytecode
FAIL: indirect_write compilation from source
FAIL: indirect_write compilation from bytecode
FAIL: indirect_write -O3 compilation from source
FAIL: indirect_write -O3 compilation from bytecode
FAIL: initexc compilation from source
FAIL: initexc compilation from bytecode
FAIL: initexc -O3 compilation from source
FAIL: initexc -O3 compilation from bytecode
FAIL: initfield compilation from source
FAIL: initfield compilation from bytecode
FAIL: initfield -O3 compilation from source
FAIL: initfield -O3 compilation from bytecode
FAIL: inline compilation from source
FAIL: inline compilation from bytecode
FAIL: inline -O3 compilation from source
FAIL: inline -O3 compilation from bytecode
FAIL: inner1 compilation from source
FAIL: inner1 compilation from bytecode
FAIL: inner1 -O3 compilation from source
FAIL: inner1 -O3 compilation from bytecode
FAIL: inner2 compilation from source
FAIL: inner2 compilation from bytecode
FAIL: inner2 -O3 compilation from source
FAIL: inner2 -O3 compilation from bytecode
FAIL: inner3 compilation from source
FAIL: inner3 compilation from bytecode
FAIL: inner3 -O3 compilation from source
FAIL: inner3 -O3 compilation from bytecode
FAIL: inner4 compilation from source
FAIL: inner4 compilation from bytecode
FAIL: inner4 -O3 compilation from source
FAIL: inner4 -O3 compilation from bytecode
FAIL: inner_array compilation from source
FAIL: inner_array compilation from bytecode
FAIL: inner_array -O3 compilation from source
FAIL: inner_array -O3 compilation from bytecode
FAIL: inner_interface compilation from source
FAIL: inner_interface compilation from bytecode
FAIL: inner_interface -O3 compilation from source
FAIL: inner_interface -O3 compilation from bytecode
FAIL: instance compilation from source
FAIL: instance compilation from bytecode
FAIL: instance -O3 compilation from source
FAIL: instance -O3 compilation from bytecode
FAIL: instinit compilation from source
FAIL: instinit compilation from bytecode
FAIL: instinit -O3 compilation from source
FAIL: instinit -O3 compilation from bytecode
FAIL: instinit2 compilation from source
FAIL: instinit2 compilation from bytecode
FAIL: instinit2 -O3 compilation from source
FAIL: instinit2 -O3 compilation from bytecode
FAIL: invoke_from_inner compilation from source
FAIL: invoke_from_inner compilation from bytecode
FAIL: invoke_from_inner -O3 compilation from source
FAIL: invoke_from_inner -O3 compilation from bytecode
FAIL: invokethrow compilation from source
FAIL: invokethrow compilation from bytecode
FAIL: invokethrow -O3 compilation from source
FAIL: invokethrow -O3 compilation from bytecode
FAIL: klass compilation from source
FAIL: klass compilation from bytecode
FAIL: klass -O3 compilation from source
FAIL: klass -O3 compilation from bytecode
FAIL: md5test compilation from source
FAIL: md5test compilation from bytecode
FAIL: md5test -O3 compilation from source
FAIL: md5test -O3 compilation from bytecode
FAIL: multiple_finit compilation from source
FAIL: multiple_finit compilation from bytecode
FAIL: multiple_finit -O3 compilation from source
FAIL: multiple_finit -O3 compilation from bytecode
FAIL: negzero compilation from source
FAIL: negzero compilation from bytecode
FAIL: negzero -O3 compilation from source
FAIL: negzero -O3 compilation from bytecode
FAIL: nested_with_ctor compilation from source
FAIL: nested_with_ctor compilation from bytecode
FAIL: nested_with_ctor -O3 compilation from source
FAIL: nested_with_ctor -O3 compilation from bytecode
FAIL: newarray_overflow compilation from source
FAIL: newarray_overflow compilation from bytecode
FAIL: newarray_overflow -O3 compilation from source
FAIL: newarray_overflow -O3 compilation from bytecode
FAIL: override compilation from source
FAIL: override compilation from bytecode
FAIL: override -O3 compilation from source
FAIL: override -O3 compilation from bytecode
FAIL: pr109 compilation from source
FAIL: pr109 compilation from bytecode
FAIL: pr109 -O3 compilation from source
FAIL: pr109 -O3 compilation from bytecode
FAIL: pr13107 compilation from source
FAIL: pr13107 compilation from bytecode
FAIL: pr13107 -O3 compilation from source
FAIL: pr13107 -O3 compilation from bytecode
FAIL: pr13107_2 compilation from source
FAIL: pr13107_2 compilation from bytecode
FAIL: pr13107_2 -O3 compilation from source
FAIL: pr13107_2 -O3 compilation from bytecode
FAIL: pr13107_3 compilation from source
FAIL: pr13107_3 compilation from bytecode
FAIL: pr13107_3 -O3 compilation from source
FAIL: pr13107_3 -O3 compilation from bytecode
FAIL: pr133 compilation from source
FAIL: pr133 compilation from bytecode
FAIL: pr133 -O3 compilation from source
FAIL: pr133 -O3 compilation from bytecode
FAIL: pr16789 compilation from source
FAIL: pr16789 compilation from bytecode
FAIL: pr16789 -O3 compilation from source
FAIL: pr16789 -O3 compilation from bytecode
FAIL: pr17536 compilation from source
FAIL: pr17536 compilation from bytecode
FAIL: pr17536 -O3 compilation from source
FAIL: pr17536 -O3 compilation from bytecode
FAIL: pr179 compilation from source
FAIL: pr179 compilation from bytecode
FAIL: pr179 -O3 compilation from source
FAIL: pr179 -O3 compilation from bytecode
FAIL: pr184 compilation from source
FAIL: pr184 compilation from bytecode
FAIL: pr184 -O3 compilation from source
FAIL: pr184 -O3 compilation from bytecode
FAIL: pr21785 compilation from source
FAIL: pr21785 compilation from bytecode
FAIL: pr21785 -O3 compilation from source
FAIL: pr21785 -O3 compilation from bytecode
FAIL: pr21844 compilation from source
FAIL: pr21844 compilation from bytecode
FAIL: pr21844 -O3 compilation from source
FAIL: pr21844 -O3 compilation from bytecode
FAIL: pr6388 compilation from source
FAIL: pr6388 compilation from bytecode
FAIL: pr6388 -O3 compilation from source
FAIL: pr6388 -O3 compilation from bytecode
FAIL: pr83 compilation from source
FAIL: pr83 compilation from bytecode
FAIL: pr83 -O3 compilation from source
FAIL: pr83 -O3 compilation from bytecode
FAIL: pr8415 compilation from source
FAIL: pr8415 compilation from bytecode
FAIL: pr8415 -O3 compilation from source
FAIL: pr8415 -O3 compilation from bytecode
FAIL: pr8676 compilation from source
FAIL: pr8676 compilation from bytecode
FAIL: pr8676 -O3 compilation from source
FAIL: pr8676 -O3 compilation from bytecode
FAIL: pr8823 compilation from source
FAIL: pr8823 compilation from bytecode
FAIL: pr8823 -O3 compilation from source
FAIL: pr8823 -O3 compilation from bytecode
FAIL: pr8945 compilation from source
FAIL: pr8945 compilation from bytecode
FAIL: pr8945 -O3 compilation from source
FAIL: pr8945 -O3 compilation from bytecode
FAIL: private_direct_read compilation from source
FAIL: private_direct_read compilation from bytecode
FAIL: private_direct_read -O3 compilation from source
FAIL: private_direct_read -O3 compilation from bytecode
FAIL: search_outer compilation from source
FAIL: search_outer compilation from bytecode
FAIL: search_outer -O3 compilation from source
FAIL: search_outer -O3 compilation from bytecode
FAIL: shatest compilation from source
FAIL: shatest compilation from bytecode
FAIL: shatest -O3 compilation from source
FAIL: shatest -O3 compilation from bytecode
FAIL: stringconst compilation from source
FAIL: stringconst compilation from bytecode
FAIL: stringconst -O3 compilation from source
FAIL: stringconst -O3 compilation from bytecode
FAIL: stringconst2 compilation from source
FAIL: stringconst2 compilation from bytecode
FAIL: stringconst2 -O3 compilation from source
FAIL: stringconst2 -O3 compilation from bytecode
FAIL: stub compilation from source
FAIL: stub compilation from bytecode
FAIL: stub -O3 compilation from source
FAIL: stub -O3 compilation from bytecode
FAIL: test_long compilation from source
FAIL: test_long compilation from bytecode
FAIL: test_long -O3 compilation from source
FAIL: test_long -O3 compilation from bytecode
FAIL: tmi compilation from source
FAIL: tmi compilation from bytecode
FAIL: tmi -O3 compilation from source
FAIL: tmi -O3 compilation from bytecode
FAIL: tp compilation from source
FAIL: tp compilation from bytecode
FAIL: tp -O3 compilation from source
FAIL: tp -O3 compilation from bytecode
FAIL: update_outer compilation from source
FAIL: update_outer compilation from bytecode
FAIL: update_outer -O3 compilation from source
FAIL: update_outer -O3 compilation from bytecode
FAIL: utf8concat compilation from source
FAIL: utf8concat compilation from bytecode
FAIL: utf8concat -O3 compilation from source
FAIL: utf8concat -O3 compilation from bytecode
FAIL: utilTest compilation from source
FAIL: utilTest compilation from bytecode
FAIL: utilTest -O3 compilation from source
FAIL: utilTest -O3 compilation from bytecode
FAIL: verify compilation from source
FAIL: verify compilation from bytecode
FAIL: verify -O3 compilation from source
FAIL: verify -O3 compilation from bytecode
FAIL: TestEarlyGC compilation from source
FAIL: TestLeak compilation from source
FAIL: TestMultiple compilation from source
FAIL: TestParent compilation from source
FAIL: linking pr21115
FAIL: compiling/linking pr21115.java

		=== libjava Summary ===

# of expected passes		1624
# of unexpected failures	883
# of expected failures		30
# of untested testcases		1422
		=== libmudflap tests ===


Running target unix
FAIL: libmudflap.c++/fail24-frag.cxx (test for excess errors)
FAIL: libmudflap.c++/pass27-frag.cxx (test for excess errors)
FAIL: libmudflap.c++/pass28-frag.cxx (test for excess errors)
FAIL: libmudflap.c++/pass31-frag.cxx (test for excess errors)
FAIL: libmudflap.c++/pass41-frag.cxx (test for excess errors)
WARNING: libmudflap.c++/pass41-frag.cxx compilation failed to produce executable
FAIL: libmudflap.c++/pass55-frag.cxx (test for excess errors)
FAIL: libmudflap.c++/pass57-frag.cxx (test for excess errors)
FAIL: libmudflap.c++/pass58-frag.cxx (test for excess errors)
FAIL: libmudflap.c++/fail24-frag.cxx (-O) (test for excess errors)
FAIL: libmudflap.c++/pass27-frag.cxx (-O) (test for excess errors)
FAIL: libmudflap.c++/pass28-frag.cxx (-O) (test for excess errors)
FAIL: libmudflap.c++/pass31-frag.cxx (-O) (test for excess errors)
FAIL: libmudflap.c++/pass41-frag.cxx (-O) (test for excess errors)
WARNING: libmudflap.c++/pass41-frag.cxx (-O) compilation failed to produce executable
FAIL: libmudflap.c++/pass55-frag.cxx (-O) (test for excess errors)
FAIL: libmudflap.c++/pass57-frag.cxx (-O) (test for excess errors)
FAIL: libmudflap.c++/pass58-frag.cxx (-O) (test for excess errors)
FAIL: libmudflap.c++/fail24-frag.cxx (-O2) (test for excess errors)
FAIL: libmudflap.c++/pass27-frag.cxx (-O2) (test for excess errors)
FAIL: libmudflap.c++/pass28-frag.cxx (-O2) (test for excess errors)
FAIL: libmudflap.c++/pass31-frag.cxx (-O2) (test for excess errors)
FAIL: libmudflap.c++/pass41-frag.cxx (-O2) (test for excess errors)
WARNING: libmudflap.c++/pass41-frag.cxx (-O2) compilation failed to produce executable
FAIL: libmudflap.c++/pass55-frag.cxx (-O2) (test for excess errors)
FAIL: libmudflap.c++/pass57-frag.cxx (-O2) (test for excess errors)
FAIL: libmudflap.c++/pass58-frag.cxx (-O2) (test for excess errors)
FAIL: libmudflap.c++/fail24-frag.cxx (-O3) (test for excess errors)
FAIL: libmudflap.c++/pass27-frag.cxx (-O3) (test for excess errors)
FAIL: libmudflap.c++/pass28-frag.cxx (-O3) (test for excess errors)
FAIL: libmudflap.c++/pass31-frag.cxx (-O3) (test for excess errors)
FAIL: libmudflap.c++/pass41-frag.cxx (-O3) (test for excess errors)
WARNING: libmudflap.c++/pass41-frag.cxx (-O3) compilation failed to produce executable
FAIL: libmudflap.c++/pass55-frag.cxx (-O3) (test for excess errors)
FAIL: libmudflap.c++/pass57-frag.cxx (-O3) (test for excess errors)
FAIL: libmudflap.c++/pass58-frag.cxx (-O3) (test for excess errors)
FAIL: ctors-12 linkage 
FAIL: ctors-21 linkage 
WARNING: program timed out.
FAIL: ctors-12 execution 
WARNING: program timed out.
FAIL: ctors-21 execution 
FAIL: ctors-12 linkage -static
FAIL: ctors-21 linkage -static
WARNING: program timed out.
FAIL: ctors-12 execution -static
WARNING: program timed out.
FAIL: ctors-21 execution -static
FAIL: ctors-12 linkage -O2
FAIL: ctors-21 linkage -O2
WARNING: program timed out.
FAIL: ctors-12 execution -O2
WARNING: program timed out.
FAIL: ctors-21 execution -O2
FAIL: ctors-12 linkage -O3
FAIL: ctors-21 linkage -O3
WARNING: program timed out.
FAIL: ctors-12 execution -O3
WARNING: program timed out.
FAIL: ctors-21 execution -O3
WARNING: program timed out.
FAIL: libmudflap.cth/pass40-frag.c (-static -DSTATIC) execution test
FAIL: libmudflap.cth/pass40-frag.c (-static -DSTATIC) output pattern test

		=== libmudflap Summary ===

# of expected passes		1735
# of unexpected failures	50
		=== libstdc++ tests ===


Running target unix
ERROR: tcl error sourcing /home/cygnus/dnovillo/perf/sbox/gcc/local.ia64/src/libstdc++-v3/testsuite/libstdc++-abi/abi.exp.
ERROR: could not compile testsuite_abi_check.cc
FAIL: 17_intro/header_cassert.cc (test for excess errors)
FAIL: 17_intro/header_cerrno.cc (test for excess errors)
FAIL: 17_intro/header_csetjmp.cc (test for excess errors)
FAIL: 17_intro/header_cstdarg.cc (test for excess errors)
FAIL: 17_intro/header_cstddef.cc (test for excess errors)
FAIL: 17_intro/header_cstdio.cc (test for excess errors)
FAIL: 17_intro/header_cstdlib.cc (test for excess errors)
FAIL: 17_intro/header_cstring.cc (test for excess errors)
FAIL: 17_intro/header_ctime.cc (test for excess errors)
FAIL: 17_intro/header_cwchar.cc (test for excess errors)
FAIL: 17_intro/header_cwctype.cc (test for excess errors)
FAIL: 17_intro/header_fstream.cc (test for excess errors)
FAIL: 17_intro/header_iomanip.cc (test for excess errors)
FAIL: 17_intro/header_ios.cc (test for excess errors)
FAIL: 17_intro/header_iosfwd.cc (test for excess errors)
FAIL: 17_intro/header_iostream.cc (test for excess errors)
FAIL: 17_intro/header_istream.cc (test for excess errors)
FAIL: 17_intro/header_ostream.cc (test for excess errors)
FAIL: 17_intro/header_sstream.cc (test for excess errors)
FAIL: 17_intro/header_streambuf.cc (test for excess errors)
FAIL: 17_intro/headers.cc (test for excess errors)
FAIL: 17_intro/headers_c++.cc (test for excess errors)
FAIL: 17_intro/headers_c.cc (test for excess errors)
FAIL: 18_support/14026.cc (test for excess errors)
FAIL: 18_support/new_delete_placement.cc (test for excess errors)
FAIL: 18_support/numeric_limits/denorm_min.cc (test for excess errors)
FAIL: 18_support/numeric_limits/digits10.cc (test for excess errors)
FAIL: 18_support/numeric_limits/epsilon.cc (test for excess errors)
FAIL: 18_support/numeric_limits/infinity.cc (test for excess errors)
FAIL: 18_support/numeric_limits/is_iec559.cc (test for excess errors)
FAIL: 18_support/numeric_limits/min_max.cc (test for excess errors)
FAIL: 18_support/numeric_limits/quiet_NaN.cc (test for excess errors)
FAIL: 18_support/numeric_limits/sign.cc (test for excess errors)
FAIL: 18_support/numeric_limits/specialization.cc (test for excess errors)
FAIL: 18_support/numeric_limits/traps.cc (test for excess errors)
FAIL: 19_diagnostics/stdexceptions.cc (test for excess errors)
FAIL: 20_util/functional/binders/3113.cc (test for excess errors)
FAIL: 20_util/functional/comparisons.cc (test for excess errors)
FAIL: 20_util/memory/allocator/1.cc (test for excess errors)
FAIL: 20_util/memory/allocator/10378.cc (test for excess errors)
FAIL: 20_util/memory/allocator/14176.cc (test for excess errors)
FAIL: 20_util/memory/allocator/8230.cc (test for excess errors)
FAIL: 20_util/memory/auto_ptr/1.cc (test for excess errors)
FAIL: 20_util/memory/auto_ptr/2.cc (test for excess errors)
FAIL: 20_util/memory/auto_ptr/3.cc (test for excess errors)
FAIL: 20_util/memory/auto_ptr/3946.cc (test for excess errors)
FAIL: 20_util/memory/auto_ptr/4.cc (test for excess errors)
FAIL: 20_util/memory/auto_ptr/5.cc (test for excess errors)
FAIL: 20_util/memory/auto_ptr/6.cc (test for excess errors)
FAIL: 20_util/memory/auto_ptr/7.cc (test for excess errors)
FAIL: 20_util/memory/raw_storage_iterator.cc (test for excess errors)
FAIL: 20_util/memory/temporary_buffer.cc (test for excess errors)
FAIL: 20_util/utility/pair/1.cc (test for excess errors)
FAIL: 20_util/utility/pair/2.cc (test for excess errors)
FAIL: 20_util/utility/pair/3.cc (test for excess errors)
FAIL: 20_util/utility/pair/4.cc (test for excess errors)
FAIL: 20_util/utility/rel_ops.cc (test for excess errors)
FAIL: 21_strings/basic_string/capacity/1.cc (test for excess errors)
FAIL: 21_strings/c_strings/char/1.cc (test for excess errors)
FAIL: 21_strings/c_strings/char/2.cc (test for excess errors)
FAIL: 21_strings/c_strings/wchar_t/1.cc (test for excess errors)
FAIL: 21_strings/c_strings/wchar_t/2.cc (test for excess errors)
FAIL: 22_locale/codecvt/unicode/1.cc (test for excess errors)
FAIL: 22_locale/codecvt/unicode/char.cc (test for excess errors)
FAIL: 22_locale/codecvt/unicode/wchar_t.cc (test for excess errors)
FAIL: 22_locale/ctype_base/11844.cc (test for excess errors)
FAIL: 22_locale/facet/1.cc (test for excess errors)
FAIL: 22_locale/global_templates/1.cc (test for excess errors)
FAIL: 22_locale/locale/13630.cc (test for excess errors)
FAIL: 22_locale/locale/cons/1.cc (test for excess errors)
FAIL: 22_locale/locale/cons/6.cc (test for excess errors)
FAIL: 22_locale/locale/cons/7222-c.cc (test for excess errors)
FAIL: 22_locale/locale/cons/8.cc (test for excess errors)
FAIL: 22_locale/locale/global_locale_objects/1.cc (test for excess errors)
FAIL: 22_locale/locale/global_locale_objects/3.cc (test for excess errors)
FAIL: 22_locale/locale/operations/1.cc (test for excess errors)
FAIL: 22_locale/locale/operations/2.cc (test for excess errors)
FAIL: 23_containers/bitset/cons/1.cc (test for excess errors)
FAIL: 23_containers/bitset/cons/16020.cc (test for excess errors)
FAIL: 23_containers/bitset/cons/6282.cc (test for excess errors)
FAIL: 23_containers/bitset/count/6124.cc (test for excess errors)
FAIL: 23_containers/bitset/ext/15361.cc (test for excess errors)
FAIL: 23_containers/bitset/input/1.cc (test for excess errors)
FAIL: 23_containers/bitset/invalidation/1.cc (test for excess errors)
FAIL: 23_containers/bitset/operations/1.cc (test for excess errors)
FAIL: 23_containers/bitset/operations/13838.cc (test for excess errors)
FAIL: 23_containers/bitset/operations/2.cc (test for excess errors)
FAIL: 23_containers/bitset/test/1.cc (test for excess errors)
FAIL: 23_containers/bitset/to_string/1.cc (test for excess errors)
FAIL: 23_containers/bitset/to_ulong/1.cc (test for excess errors)
FAIL: 23_containers/deque/check_construct_destroy.cc (test for excess errors)
FAIL: 23_containers/deque/cons/1.cc (test for excess errors)
FAIL: 23_containers/deque/cons/2.cc (test for excess errors)
FAIL: 23_containers/deque/cons/clear_allocator.cc (test for excess errors)
FAIL: 23_containers/deque/invalidation/1.cc (test for excess errors)
FAIL: 23_containers/deque/invalidation/2.cc (test for excess errors)
FAIL: 23_containers/deque/invalidation/3.cc (test for excess errors)
FAIL: 23_containers/deque/invalidation/4.cc (test for excess errors)
FAIL: 23_containers/deque/modifiers/swap.cc (test for excess errors)
FAIL: 23_containers/deque/operators/1.cc (test for excess errors)
FAIL: 23_containers/list/capacity/1.cc (test for excess errors)
FAIL: 23_containers/list/check_construct_destroy.cc (test for excess errors)
FAIL: 23_containers/list/cons/1.cc (test for excess errors)
FAIL: 23_containers/list/cons/2.cc (test for excess errors)
FAIL: 23_containers/list/cons/3.cc (test for excess errors)
FAIL: 23_containers/list/cons/4.cc (test for excess errors)
FAIL: 23_containers/list/cons/5.cc (test for excess errors)
FAIL: 23_containers/list/cons/6.cc (test for excess errors)
FAIL: 23_containers/list/cons/7.cc (test for excess errors)
FAIL: 23_containers/list/cons/8.cc (test for excess errors)
FAIL: 23_containers/list/cons/9.cc (test for excess errors)
FAIL: 23_containers/list/cons/clear_allocator.cc (test for excess errors)
FAIL: 23_containers/list/invalidation/1.cc (test for excess errors)
FAIL: 23_containers/list/invalidation/2.cc (test for excess errors)
FAIL: 23_containers/list/invalidation/3.cc (test for excess errors)
FAIL: 23_containers/list/invalidation/4.cc (test for excess errors)
FAIL: 23_containers/list/modifiers/1.cc (test for excess errors)
FAIL: 23_containers/list/modifiers/2.cc (test for excess errors)
FAIL: 23_containers/list/modifiers/3.cc (test for excess errors)
FAIL: 23_containers/list/modifiers/swap.cc (test for excess errors)
FAIL: 23_containers/list/operators/1.cc (test for excess errors)
FAIL: 23_containers/list/operators/2.cc (test for excess errors)
FAIL: 23_containers/list/operators/3.cc (test for excess errors)
FAIL: 23_containers/list/operators/4.cc (test for excess errors)
FAIL: 23_containers/map/element_access/1.cc (test for excess errors)
FAIL: 23_containers/map/insert/1.cc (test for excess errors)
FAIL: 23_containers/map/insert/16813.cc (test for excess errors)
FAIL: 23_containers/map/invalidation/1.cc (test for excess errors)
FAIL: 23_containers/map/invalidation/2.cc (test for excess errors)
FAIL: 23_containers/map/modifiers/swap.cc (test for excess errors)
FAIL: 23_containers/map/operators/1.cc (test for excess errors)
FAIL: 23_containers/multimap/invalidation/1.cc (test for excess errors)
FAIL: 23_containers/multimap/invalidation/2.cc (test for excess errors)
FAIL: 23_containers/multimap/modifiers/swap.cc (test for excess errors)
FAIL: 23_containers/multiset/insert/1.cc (test for excess errors)
FAIL: 23_containers/multiset/insert/2.cc (test for excess errors)
FAIL: 23_containers/multiset/invalidation/1.cc (test for excess errors)
FAIL: 23_containers/multiset/invalidation/2.cc (test for excess errors)
FAIL: 23_containers/multiset/modifiers/swap.cc (test for excess errors)
FAIL: 23_containers/priority_queue/members/7161.cc (test for excess errors)
FAIL: 23_containers/queue/members/7157.cc (test for excess errors)
FAIL: 23_containers/set/check_construct_destroy.cc (test for excess errors)
FAIL: 23_containers/set/insert/1.cc (test for excess errors)
FAIL: 23_containers/set/invalidation/1.cc (test for excess errors)
FAIL: 23_containers/set/invalidation/2.cc (test for excess errors)
FAIL: 23_containers/set/modifiers/16728.cc (test for excess errors)
FAIL: 23_containers/set/modifiers/17948.cc (test for excess errors)
FAIL: 23_containers/set/modifiers/swap.cc (test for excess errors)
FAIL: 23_containers/stack/members/7158.cc (test for excess errors)
FAIL: 23_containers/vector/bool/1.cc (test for excess errors)
FAIL: 23_containers/vector/bool/6886.cc (test for excess errors)
FAIL: 23_containers/vector/bool/clear_allocator.cc (test for excess errors)
FAIL: 23_containers/vector/capacity/1.cc (test for excess errors)
FAIL: 23_containers/vector/capacity/2.cc (test for excess errors)
FAIL: 23_containers/vector/capacity/8230.cc (test for excess errors)
FAIL: 23_containers/vector/check_construct_destroy.cc (test for excess errors)
FAIL: 23_containers/vector/cons/1.cc (test for excess errors)
FAIL: 23_containers/vector/cons/2.cc (test for excess errors)
FAIL: 23_containers/vector/cons/3.cc (test for excess errors)
FAIL: 23_containers/vector/cons/4.cc (test for excess errors)
FAIL: 23_containers/vector/cons/6513.cc (test for excess errors)
FAIL: 23_containers/vector/cons/clear_allocator.cc (test for excess errors)
FAIL: 23_containers/vector/data_access/1.cc (test for excess errors)
FAIL: 23_containers/vector/element_access/1.cc (test for excess errors)
FAIL: 23_containers/vector/invalidation/1.cc (test for excess errors)
FAIL: 23_containers/vector/invalidation/2.cc (test for excess errors)
FAIL: 23_containers/vector/invalidation/3.cc (test for excess errors)
FAIL: 23_containers/vector/invalidation/4.cc (test for excess errors)
FAIL: 23_containers/vector/modifiers/1.cc (test for excess errors)
FAIL: 23_containers/vector/modifiers/2.cc (test for excess errors)
FAIL: 23_containers/vector/modifiers/swap.cc (test for excess errors)
FAIL: 23_containers/vector/resize/1.cc (test for excess errors)
FAIL: 24_iterators/back_insert_iterator.cc (test for excess errors)
FAIL: 24_iterators/front_insert_iterator.cc (test for excess errors)
FAIL: 24_iterators/insert_iterator.cc (test for excess errors)
FAIL: 24_iterators/istream_iterator.cc (test for excess errors)
FAIL: 24_iterators/istreambuf_iterator/2.cc (test for excess errors)
FAIL: 24_iterators/istreambuf_iterator/2627.cc (test for excess errors)
FAIL: 24_iterators/iterator.cc (test for excess errors)
FAIL: 24_iterators/ostream_iterator.cc (test for excess errors)
FAIL: 24_iterators/ostreambuf_iterator/2.cc (test for excess errors)
FAIL: 24_iterators/reverse_iterator/11729.cc (test for excess errors)
FAIL: 24_iterators/reverse_iterator/2.cc (test for excess errors)
FAIL: 24_iterators/reverse_iterator/3.cc (test for excess errors)
FAIL: 25_algorithms/adjacent_find/1.cc (test for excess errors)
FAIL: 25_algorithms/binary_search.cc (test for excess errors)
FAIL: 25_algorithms/binary_search/1.cc (test for excess errors)
FAIL: 25_algorithms/copy/1.cc (test for excess errors)
FAIL: 25_algorithms/copy/2.cc (test for excess errors)
FAIL: 25_algorithms/copy/3.cc (test for excess errors)
FAIL: 25_algorithms/copy/4.cc (test for excess errors)
FAIL: 25_algorithms/count/1.cc (test for excess errors)
FAIL: 25_algorithms/count_if/1.cc (test for excess errors)
FAIL: 25_algorithms/equal/1.cc (test for excess errors)
FAIL: 25_algorithms/equal/equal.cc (test for excess errors)
FAIL: 25_algorithms/equal_range/1.cc (test for excess errors)
FAIL: 25_algorithms/fill/1.cc (test for excess errors)
FAIL: 25_algorithms/fill/2.cc (test for excess errors)
FAIL: 25_algorithms/find/1.cc (test for excess errors)
FAIL: 25_algorithms/find/17441.cc (test for excess errors)
FAIL: 25_algorithms/find_end/1.cc (test for excess errors)
FAIL: 25_algorithms/find_first_of/1.cc (test for excess errors)
FAIL: 25_algorithms/find_if/1.cc (test for excess errors)
FAIL: 25_algorithms/heap/heap.cc (test for excess errors)
FAIL: 25_algorithms/includes/1.cc (test for excess errors)
FAIL: 25_algorithms/inplace_merge/1.cc (test for excess errors)
FAIL: 25_algorithms/iter_swap/20577.cc (test for excess errors)
FAIL: 25_algorithms/lexicographical_compare/1.cc (test for excess errors)
FAIL: 25_algorithms/lower_bound/1.cc (test for excess errors)
FAIL: 25_algorithms/max_element/1.cc (test for excess errors)
FAIL: 25_algorithms/merge/1.cc (test for excess errors)
FAIL: 25_algorithms/min_element/1.cc (test for excess errors)
FAIL: 25_algorithms/min_max.cc (test for excess errors)
FAIL: 25_algorithms/mismatch/1.cc (test for excess errors)
FAIL: 25_algorithms/next_permutation/1.cc (test for excess errors)
FAIL: 25_algorithms/nth_element/1.cc (test for excess errors)
FAIL: 25_algorithms/partial_sort/1.cc (test for excess errors)
FAIL: 25_algorithms/partial_sort_copy/1.cc (test for excess errors)
FAIL: 25_algorithms/partition/partition.cc (test for excess errors)
FAIL: 25_algorithms/prev_permutation/1.cc (test for excess errors)
FAIL: 25_algorithms/remove/1.cc (test for excess errors)
FAIL: 25_algorithms/remove_if/1.cc (test for excess errors)
FAIL: 25_algorithms/replace/1.cc (test for excess errors)
FAIL: 25_algorithms/replace_copy/1.cc (test for excess errors)
FAIL: 25_algorithms/replace_copy_if/1.cc (test for excess errors)
FAIL: 25_algorithms/replace_if/1.cc (test for excess errors)
FAIL: 25_algorithms/rotate/1.cc (test for excess errors)
FAIL: 25_algorithms/rotate/rotate.cc (test for excess errors)
FAIL: 25_algorithms/search/1.cc (test for excess errors)
FAIL: 25_algorithms/search_n/iterator.cc (test for excess errors)
FAIL: 25_algorithms/set_difference/1.cc (test for excess errors)
FAIL: 25_algorithms/set_intersection/1.cc (test for excess errors)
FAIL: 25_algorithms/set_symmetric_difference/1.cc (test for excess errors)
FAIL: 25_algorithms/set_union/1.cc (test for excess errors)
FAIL: 25_algorithms/sort.cc (test for excess errors)
FAIL: 25_algorithms/stable_sort/1.cc (test for excess errors)
FAIL: 25_algorithms/swap_ranges/1.cc (test for excess errors)
FAIL: 25_algorithms/unique/1.cc (test for excess errors)
FAIL: 25_algorithms/unique/11480.cc (test for excess errors)
FAIL: 25_algorithms/unique/2.cc (test for excess errors)
FAIL: 25_algorithms/unique_copy/1.cc (test for excess errors)
FAIL: 25_algorithms/upper_bound/1.cc (test for excess errors)
FAIL: 26_numerics/cmath/19322.cc (test for excess errors)
XPASS: 26_numerics/cmath/c99_classification_macros_c.cc (test for excess errors)
FAIL: 26_numerics/cmath/c_math.cc (test for excess errors)
FAIL: 26_numerics/cmath/c_math_dynamic.cc (test for excess errors)
FAIL: 26_numerics/cmath/fabs_inline.cc (test for excess errors)
FAIL: 26_numerics/cmath/overloads.cc (test for excess errors)
FAIL: 26_numerics/cmath/powi.cc (test for excess errors)
FAIL: 26_numerics/complex/13450.cc (test for excess errors)
FAIL: 26_numerics/complex/buggy_complex.cc (test for excess errors)
FAIL: 26_numerics/complex/complex_inserters_extractors.cc (test for excess errors)
FAIL: 26_numerics/complex/complex_value.cc (test for excess errors)
FAIL: 26_numerics/complex/pow.cc (test for excess errors)
FAIL: 26_numerics/cstdlib/13943.cc (test for excess errors)
FAIL: 26_numerics/numeric/sum_diff.cc (test for excess errors)
FAIL: 26_numerics/valarray/binary_closure.cc (test for excess errors)
FAIL: 26_numerics/valarray/slice.cc (test for excess errors)
FAIL: 26_numerics/valarray/slice_array_assignment.cc (test for excess errors)
FAIL: 26_numerics/valarray/valarray.cc (test for excess errors)
FAIL: 26_numerics/valarray/valarray_const_bracket.cc (test for excess errors)
FAIL: 26_numerics/valarray/valarray_operators.cc (test for excess errors)
FAIL: 26_numerics/valarray/valarray_subset_assignment.cc (test for excess errors)
FAIL: 27_io/basic_filebuf/3.cc (test for excess errors)
FAIL: 27_io/basic_filebuf/4.cc (test for excess errors)
FAIL: 27_io/basic_filebuf/close/12790-1.cc (test for excess errors)
FAIL: 27_io/basic_filebuf/imbue/12206.cc (test for excess errors)
FAIL: 27_io/basic_filebuf/open/12790-1.cc (test for excess errors)
FAIL: 27_io/basic_filebuf/seekoff/10132-2.cc (test for excess errors)
FAIL: 27_io/basic_filebuf/seekoff/12790-1.cc (test for excess errors)
FAIL: 27_io/basic_filebuf/seekoff/12790-2.cc (test for excess errors)
FAIL: 27_io/basic_filebuf/seekoff/12790-3.cc (test for excess errors)
FAIL: 27_io/basic_filebuf/seekoff/12790-4.cc (test for excess errors)
FAIL: 27_io/basic_filebuf/seekpos/10132-3.cc (test for excess errors)
FAIL: 27_io/basic_filebuf/seekpos/12790-1.cc (test for excess errors)
FAIL: 27_io/basic_filebuf/seekpos/12790-2.cc (test for excess errors)
FAIL: 27_io/basic_filebuf/seekpos/12790-3.cc (test for excess errors)
FAIL: 27_io/basic_filebuf/underflow/10096.cc (test for excess errors)
FAIL: 27_io/basic_fstream/3.cc (test for excess errors)
FAIL: 27_io/basic_fstream/4.cc (test for excess errors)
FAIL: 27_io/basic_ifstream/3.cc (test for excess errors)
FAIL: 27_io/basic_ifstream/4.cc (test for excess errors)
FAIL: 27_io/basic_ios/3.cc (test for excess errors)
FAIL: 27_io/basic_ios/4.cc (test for excess errors)
FAIL: 27_io/basic_ios/imbue/14072.cc (test for excess errors)
FAIL: 27_io/basic_iostream/3.cc (test for excess errors)
FAIL: 27_io/basic_iostream/4.cc (test for excess errors)
FAIL: 27_io/basic_istream/3.cc (test for excess errors)
FAIL: 27_io/basic_istream/4.cc (test for excess errors)
FAIL: 27_io/basic_istringstream/3.cc (test for excess errors)
FAIL: 27_io/basic_istringstream/4.cc (test for excess errors)
FAIL: 27_io/basic_ofstream/3.cc (test for excess errors)
FAIL: 27_io/basic_ofstream/4.cc (test for excess errors)
FAIL: 27_io/basic_ostream/3.cc (test for excess errors)
FAIL: 27_io/basic_ostream/4.cc (test for excess errors)
FAIL: 27_io/basic_ostringstream/3.cc (test for excess errors)
FAIL: 27_io/basic_ostringstream/4.cc (test for excess errors)
FAIL: 27_io/basic_streambuf/3.cc (test for excess errors)
FAIL: 27_io/basic_stringbuf/3.cc (test for excess errors)
FAIL: 27_io/basic_stringbuf/5.cc (test for excess errors)
FAIL: 27_io/basic_stringstream/3.cc (test for excess errors)
FAIL: 27_io/basic_stringstream/4.cc (test for excess errors)
FAIL: 27_io/fpos/11450.cc (test for excess errors)
FAIL: 27_io/fpos/14252.cc (test for excess errors)
FAIL: 27_io/fpos/14320-1.cc (test for excess errors)
XPASS: 27_io/fpos/14320-1.cc execution test
FAIL: 27_io/fpos/14320-2.cc (test for excess errors)
FAIL: 27_io/fpos/14320-3.cc (test for excess errors)
FAIL: 27_io/fpos/14320-4.cc (test for excess errors)
FAIL: 27_io/fpos/14320-5.cc (test for excess errors)
FAIL: 27_io/fpos/14775.cc (test for excess errors)
FAIL: 27_io/fpos/mbstate_t/1.cc (test for excess errors)
FAIL: 27_io/fpos/mbstate_t/12065.cc (test for excess errors)
FAIL: 27_io/fpos/mbstate_t/2.cc (test for excess errors)
FAIL: 27_io/fpos/mbstate_t/3.cc (test for excess errors)
FAIL: 27_io/ios_base/callbacks/1.cc (test for excess errors)
FAIL: 27_io/ios_base/state/1.cc (test for excess errors)
FAIL: 27_io/ios_base/storage/1.cc (test for excess errors)
FAIL: 27_io/ios_base/storage/11584.cc (test for excess errors)
FAIL: 27_io/ios_base/storage/2.cc (test for excess errors)
FAIL: 27_io/ios_base/storage/3.cc (test for excess errors)
FAIL: 27_io/ios_base/sync_with_stdio/1.cc (test for excess errors)
FAIL: 27_io/ios_base/sync_with_stdio/16959.cc (test for excess errors)
FAIL: 27_io/ios_base/sync_with_stdio/2.cc (test for excess errors)
FAIL: 27_io/ios_base/sync_with_stdio/9523.cc (test for excess errors)
FAIL: 27_io/manipulators/adjustfield/char/1.cc (test for excess errors)
FAIL: 27_io/manipulators/adjustfield/char/2.cc (test for excess errors)
FAIL: 27_io/manipulators/adjustfield/wchar_t/1.cc (test for excess errors)
FAIL: 27_io/manipulators/adjustfield/wchar_t/2.cc (test for excess errors)
FAIL: 27_io/manipulators/basefield/char/1.cc (test for excess errors)
FAIL: 27_io/manipulators/basefield/wchar_t/1.cc (test for excess errors)
FAIL: 27_io/manipulators/standard/char/1.cc (test for excess errors)
FAIL: 27_io/manipulators/standard/char/2.cc (test for excess errors)
FAIL: 27_io/manipulators/standard/wchar_t/1.cc (test for excess errors)
FAIL: 27_io/manipulators/standard/wchar_t/2.cc (test for excess errors)
FAIL: 27_io/objects/char/1.cc (test for excess errors)
FAIL: 27_io/objects/char/10.cc (test for excess errors)
FAIL: 27_io/objects/char/12048-1.cc (test for excess errors)
FAIL: 27_io/objects/char/12048-2.cc (test for excess errors)
FAIL: 27_io/objects/char/12048-3.cc (test for excess errors)
FAIL: 27_io/objects/char/12048-4.cc (test for excess errors)
FAIL: 27_io/objects/char/12048-5.cc (test for excess errors)
FAIL: 27_io/objects/char/2.cc (test for excess errors)
FAIL: 27_io/objects/char/3045.cc (test for excess errors)
FAIL: 27_io/objects/char/3647.cc (test for excess errors)
FAIL: 27_io/objects/char/5.cc (test for excess errors)
FAIL: 27_io/objects/char/5268.cc (test for excess errors)
FAIL: 27_io/objects/char/6.cc (test for excess errors)
FAIL: 27_io/objects/char/7.cc (test for excess errors)
FAIL: 27_io/objects/char/8.cc (test for excess errors)
FAIL: 27_io/objects/char/9.cc (test for excess errors)
FAIL: 27_io/objects/char/9661-1.cc (test for excess errors)
FAIL: 27_io/objects/wchar_t/1.cc (test for excess errors)
FAIL: 27_io/objects/wchar_t/12048-1.cc (test for excess errors)
FAIL: 27_io/objects/wchar_t/12048-2.cc (test for excess errors)
FAIL: 27_io/objects/wchar_t/12048-3.cc (test for excess errors)
FAIL: 27_io/objects/wchar_t/12048-4.cc (test for excess errors)
FAIL: 27_io/objects/wchar_t/12048-5.cc (test for excess errors)
FAIL: 27_io/objects/wchar_t/2.cc (test for excess errors)
FAIL: 27_io/objects/wchar_t/3045.cc (test for excess errors)
FAIL: 27_io/objects/wchar_t/3647.cc (test for excess errors)
FAIL: 27_io/objects/wchar_t/5.cc (test for excess errors)
FAIL: 27_io/objects/wchar_t/5268.cc (test for excess errors)
FAIL: 27_io/objects/wchar_t/6.cc (test for excess errors)
FAIL: 27_io/objects/wchar_t/7.cc (test for excess errors)
FAIL: 27_io/objects/wchar_t/8.cc (test for excess errors)
FAIL: 27_io/objects/wchar_t/9661-1.cc (test for excess errors)
FAIL: 27_io/objects/wchar_t/9662.cc (test for excess errors)
FAIL: 27_io/types/1.cc (test for excess errors)
FAIL: 27_io/types/2.cc (test for excess errors)
FAIL: 27_io/types/3.cc (test for excess errors)
FAIL: backward/11460.cc (test for excess errors)
FAIL: backward/header_deque_h.cc (test for excess errors)
FAIL: backward/header_hash_map_h.cc (test for excess errors)
FAIL: backward/header_hash_set_h.cc (test for excess errors)
FAIL: backward/header_hashtable_h.cc (test for excess errors)
FAIL: backward/header_iterator_h.cc (test for excess errors)
FAIL: backward/header_rope_h.cc (test for excess errors)
FAIL: backward/header_slist_h.cc (test for excess errors)
FAIL: backward/header_tempbuf_h.cc (test for excess errors)
FAIL: backward/strstream_members.cc (test for excess errors)
FAIL: demangle/abi_examples/01.cc (test for excess errors)
FAIL: demangle/abi_examples/02.cc (test for excess errors)
FAIL: demangle/abi_examples/03.cc (test for excess errors)
FAIL: demangle/abi_examples/04.cc (test for excess errors)
FAIL: demangle/abi_examples/05.cc (test for excess errors)
FAIL: demangle/abi_examples/06.cc (test for excess errors)
FAIL: demangle/abi_examples/07.cc (test for excess errors)
FAIL: demangle/abi_examples/08.cc (test for excess errors)
FAIL: demangle/abi_examples/09.cc (test for excess errors)
FAIL: demangle/abi_examples/10.cc (test for excess errors)
FAIL: demangle/abi_examples/11.cc (test for excess errors)
FAIL: demangle/abi_examples/12.cc (test for excess errors)
FAIL: demangle/abi_examples/13.cc (test for excess errors)
FAIL: demangle/abi_examples/14.cc (test for excess errors)
FAIL: demangle/abi_examples/15.cc (test for excess errors)
FAIL: demangle/abi_examples/16.cc (test for excess errors)
FAIL: demangle/abi_examples/17.cc (test for excess errors)
FAIL: demangle/abi_examples/18.cc (test for excess errors)
FAIL: demangle/abi_examples/19.cc (test for excess errors)
FAIL: demangle/abi_examples/20.cc (test for excess errors)
FAIL: demangle/abi_examples/21.cc (test for excess errors)
FAIL: demangle/abi_examples/22.cc (test for excess errors)
FAIL: demangle/abi_examples/23.cc (test for excess errors)
FAIL: demangle/abi_examples/24.cc (test for excess errors)
FAIL: demangle/abi_examples/25.cc (test for excess errors)
FAIL: demangle/abi_examples/26.cc (test for excess errors)
FAIL: demangle/abi_text/01.cc (test for excess errors)
FAIL: demangle/abi_text/02.cc (test for excess errors)
FAIL: demangle/abi_text/03.cc (test for excess errors)
FAIL: demangle/abi_text/04.cc (test for excess errors)
FAIL: demangle/abi_text/05.cc (test for excess errors)
FAIL: demangle/abi_text/06.cc (test for excess errors)
FAIL: demangle/abi_text/07.cc (test for excess errors)
FAIL: demangle/abi_text/08.cc (test for excess errors)
FAIL: demangle/abi_text/09.cc (test for excess errors)
FAIL: demangle/abi_text/10.cc (test for excess errors)
FAIL: demangle/abi_text/11.cc (test for excess errors)
FAIL: demangle/abi_text/12.cc (test for excess errors)
FAIL: demangle/abi_text/13.cc (test for excess errors)
FAIL: demangle/abi_text/14.cc (test for excess errors)
FAIL: demangle/regression/3111-1.cc (test for excess errors)
FAIL: demangle/regression/3111-2.cc (test for excess errors)
FAIL: demangle/regression/7986-01.cc (test for excess errors)
FAIL: demangle/regression/7986-02.cc (test for excess errors)
FAIL: demangle/regression/7986-03.cc (test for excess errors)
FAIL: demangle/regression/7986-04.cc (test for excess errors)
FAIL: demangle/regression/7986-05.cc (test for excess errors)
FAIL: demangle/regression/7986-06.cc (test for excess errors)
FAIL: demangle/regression/7986-07.cc (test for excess errors)
FAIL: demangle/regression/7986-08.cc (test for excess errors)
FAIL: demangle/regression/7986-09.cc (test for excess errors)
FAIL: demangle/regression/7986-10.cc (test for excess errors)
FAIL: demangle/regression/7986-11.cc (test for excess errors)
FAIL: demangle/regression/7986-12.cc (test for excess errors)
FAIL: demangle/regression/7986.cc (test for excess errors)
FAIL: demangle/regression/8897.cc (test for excess errors)
FAIL: demangle/regression/cw-01.cc (test for excess errors)
FAIL: demangle/regression/cw-02.cc (test for excess errors)
FAIL: demangle/regression/cw-03.cc (test for excess errors)
FAIL: demangle/regression/cw-04.cc (test for excess errors)
FAIL: demangle/regression/cw-05.cc (test for excess errors)
FAIL: demangle/regression/cw-06.cc (test for excess errors)
FAIL: demangle/regression/cw-07.cc (test for excess errors)
FAIL: demangle/regression/cw-08.cc (test for excess errors)
FAIL: demangle/regression/cw-09.cc (test for excess errors)
FAIL: demangle/regression/cw-10.cc (test for excess errors)
FAIL: demangle/regression/cw-11.cc (test for excess errors)
FAIL: demangle/regression/cw-12.cc (test for excess errors)
FAIL: demangle/regression/cw-13.cc (test for excess errors)
FAIL: demangle/regression/cw-14.cc (test for excess errors)
FAIL: demangle/regression/cw-15.cc (test for excess errors)
FAIL: demangle/regression/cw-16.cc (test for excess errors)
FAIL: demangle/regression/old.cc (test for excess errors)
FAIL: ext/array_allocator/1.cc (test for excess errors)
FAIL: ext/array_allocator/2.cc (test for excess errors)
FAIL: ext/array_allocator/3.cc (test for excess errors)
FAIL: ext/array_allocator/check_allocate_max_size.cc (test for excess errors)
FAIL: ext/array_allocator/check_deallocate_null.cc (test for excess errors)
FAIL: ext/array_allocator/check_delete.cc (test for excess errors)
FAIL: ext/array_allocator/check_new.cc (test for excess errors)
FAIL: ext/bitmap_allocator/check_allocate_max_size.cc (test for excess errors)
FAIL: ext/bitmap_allocator/check_deallocate_null.cc (test for excess errors)
FAIL: ext/bitmap_allocator/check_delete.cc (test for excess errors)
FAIL: ext/bitmap_allocator/check_new.cc (test for excess errors)
FAIL: ext/concept_checks.cc (test for excess errors)
FAIL: ext/debug_allocator/check_deallocate_null.cc (test for excess errors)
FAIL: ext/debug_allocator/check_delete.cc (test for excess errors)
FAIL: ext/debug_allocator/check_new.cc (test for excess errors)
FAIL: ext/enc_filebuf/char/13189.cc (test for excess errors)
FAIL: ext/enc_filebuf/char/13598.cc (test for excess errors)
FAIL: ext/enc_filebuf/wchar_t/13189.cc (test for excess errors)
FAIL: ext/hash_map/1.cc (test for excess errors)
FAIL: ext/hash_map/14648.cc (test for excess errors)
FAIL: ext/hash_set/1.cc (test for excess errors)
FAIL: ext/hash_set/check_construct_destroy.cc (test for excess errors)
FAIL: ext/is_heap/1.cc (test for excess errors)
FAIL: ext/malloc_allocator/check_allocate_max_size.cc (test for excess errors)
FAIL: ext/malloc_allocator/check_deallocate_null.cc (test for excess errors)
FAIL: ext/malloc_allocator/check_delete.cc (test for excess errors)
FAIL: ext/malloc_allocator/check_new.cc (test for excess errors)
FAIL: ext/malloc_allocator/deallocate_global.cc (test for excess errors)
FAIL: ext/malloc_allocator/deallocate_local.cc (test for excess errors)
FAIL: ext/median.cc (test for excess errors)
FAIL: ext/mt_allocator/22309_thread.cc (test for excess errors)
FAIL: ext/mt_allocator/check_allocate_big_per_type.cc (test for excess errors)
FAIL: ext/mt_allocator/check_allocate_max_size.cc (test for excess errors)
FAIL: ext/mt_allocator/check_deallocate_null.cc (test for excess errors)
FAIL: ext/mt_allocator/check_deallocate_null_thread.cc (test for excess errors)
FAIL: ext/mt_allocator/check_delete.cc (test for excess errors)
FAIL: ext/mt_allocator/check_new.cc (test for excess errors)
FAIL: ext/mt_allocator/deallocate_global-2.cc (test for excess errors)
FAIL: ext/mt_allocator/deallocate_global-4.cc (test for excess errors)
FAIL: ext/mt_allocator/deallocate_global_thread-1.cc (test for excess errors)
FAIL: ext/mt_allocator/deallocate_global_thread-3.cc (test for excess errors)
FAIL: ext/mt_allocator/deallocate_local-2.cc (test for excess errors)
FAIL: ext/mt_allocator/deallocate_local-4.cc (test for excess errors)
FAIL: ext/mt_allocator/deallocate_local_thread-1.cc (test for excess errors)
FAIL: ext/mt_allocator/deallocate_local_thread-3.cc (test for excess errors)
FAIL: ext/mt_allocator/tune-1.cc (test for excess errors)
FAIL: ext/mt_allocator/tune-2.cc (test for excess errors)
FAIL: ext/mt_allocator/tune-3.cc (test for excess errors)
FAIL: ext/mt_allocator/tune-4.cc (test for excess errors)
FAIL: ext/new_allocator/check_allocate_max_size.cc (test for excess errors)
FAIL: ext/new_allocator/check_deallocate_null.cc (test for excess errors)
FAIL: ext/new_allocator/check_delete.cc (test for excess errors)
FAIL: ext/new_allocator/check_new.cc (test for excess errors)
FAIL: ext/new_allocator/deallocate_global.cc (test for excess errors)
FAIL: ext/new_allocator/deallocate_local.cc (test for excess errors)
FAIL: ext/pb_assoc/example/basic_map.cc (test for excess errors)
FAIL: ext/pb_assoc/example/basic_multimap.cc (test for excess errors)
FAIL: ext/pb_assoc/example/basic_set.cc (test for excess errors)
FAIL: ext/pb_assoc/example/ds_traits.cc (test for excess errors)
FAIL: ext/pb_assoc/example/erase_if.cc (test for excess errors)
FAIL: ext/pb_assoc/example/extract_key.cc (test for excess errors)
FAIL: ext/pb_assoc/example/hash_illegal_resize.cc (test for excess errors)
FAIL: ext/pb_assoc/example/hash_initial_size.cc (test for excess errors)
FAIL: ext/pb_assoc/example/hash_load_set_change.cc (test for excess errors)
FAIL: ext/pb_assoc/example/hash_mod.cc (test for excess errors)
FAIL: ext/pb_assoc/example/hash_resize.cc (test for excess errors)
FAIL: ext/pb_assoc/example/hash_shift_mask.cc (test for excess errors)
FAIL: ext/pb_assoc/example/mapping_level.cc (test for excess errors)
FAIL: ext/pb_assoc/example/ms_traits.cc (test for excess errors)
FAIL: ext/pb_assoc/example/ranged_hash.cc (test for excess errors)
FAIL: ext/pb_assoc/example/store_hash.cc (test for excess errors)
FAIL: ext/pb_assoc/example/tree_intervals.cc (test for excess errors)
FAIL: ext/pb_assoc/example/tree_join.cc (test for excess errors)
FAIL: ext/pb_assoc/example/tree_order_statistics.cc (test for excess errors)
FAIL: ext/pb_assoc/example/tree_order_statistics_join.cc (test for excess errors)
FAIL: ext/pb_assoc/example/tree_split.cc (test for excess errors)
FAIL: ext/pod_char_traits.cc (test for excess errors)
FAIL: ext/pool_allocator/allocate_chunk.cc (test for excess errors)
FAIL: ext/pool_allocator/check_allocate_max_size.cc (test for excess errors)
FAIL: ext/pool_allocator/check_deallocate_null.cc (test for excess errors)
FAIL: ext/pool_allocator/check_delete.cc (test for excess errors)
FAIL: ext/pool_allocator/check_new.cc (test for excess errors)
FAIL: ext/rope/1.cc (test for excess errors)
FAIL: ext/rope/2.cc (test for excess errors)
FAIL: ext/rope/3.cc (test for excess errors)
FAIL: ext/rope/4.cc (test for excess errors)
FAIL: ext/slist/check_construct_destroy.cc (test for excess errors)
FAIL: ext/stdio_filebuf/char/10063-1.cc (test for excess errors)
FAIL: ext/stdio_filebuf/char/10063-2.cc (test for excess errors)
FAIL: ext/stdio_filebuf/char/10063-3.cc (test for excess errors)
FAIL: ext/stdio_filebuf/char/2.cc (test for excess errors)
FAIL: ext/stdio_sync_filebuf/char/1.cc (test for excess errors)
FAIL: ext/stdio_sync_filebuf/char/12048-1.cc (test for excess errors)
FAIL: ext/stdio_sync_filebuf/char/12048-2.cc (test for excess errors)
FAIL: ext/stdio_sync_filebuf/char/12048-3.cc (test for excess errors)
FAIL: ext/stdio_sync_filebuf/char/12048-4.cc (test for excess errors)
FAIL: ext/stdio_sync_filebuf/wchar_t/1.cc (test for excess errors)
FAIL: ext/stdio_sync_filebuf/wchar_t/12948-1.cc (test for excess errors)
FAIL: ext/stdio_sync_filebuf/wchar_t/12948-2.cc (test for excess errors)
FAIL: ext/stdio_sync_filebuf/wchar_t/12948-3.cc (test for excess errors)
FAIL: ext/stdio_sync_filebuf/wchar_t/12948-4.cc (test for excess errors)
FAIL: thread/18185.cc (test for excess errors)
FAIL: thread/pthread1.cc (test for excess errors)
FAIL: thread/pthread2.cc (test for excess errors)
FAIL: thread/pthread3.cc (test for excess errors)
FAIL: thread/pthread4.cc (test for excess errors)
FAIL: thread/pthread5.cc (test for excess errors)
FAIL: thread/pthread6.cc (test for excess errors)
FAIL: thread/pthread7-rope.cc (test for excess errors)
FAIL: tr1/3_function_objects/bind/all_bound.cc (test for excess errors)
FAIL: tr1/3_function_objects/bind/nested.cc (test for excess errors)
FAIL: tr1/3_function_objects/bind/placeholders.cc (test for excess errors)
FAIL: tr1/3_function_objects/bind/ref.cc (test for excess errors)
FAIL: tr1/3_function_objects/function/1.cc (test for excess errors)
FAIL: tr1/3_function_objects/function/2.cc (test for excess errors)
FAIL: tr1/3_function_objects/function/3.cc (test for excess errors)
FAIL: tr1/3_function_objects/function/4.cc (test for excess errors)
FAIL: tr1/3_function_objects/function/5.cc (test for excess errors)
FAIL: tr1/3_function_objects/function/6.cc (test for excess errors)
FAIL: tr1/3_function_objects/function/7.cc (test for excess errors)
FAIL: tr1/3_function_objects/function/8.cc (test for excess errors)
FAIL: tr1/3_function_objects/function/9.cc (test for excess errors)
FAIL: tr1/3_function_objects/mem_fn.cc (test for excess errors)
FAIL: tr1/3_function_objects/reference_wrapper/invoke.cc (test for excess errors)
FAIL: tr1/3_function_objects/reference_wrapper/typedefs.cc (test for excess errors)
FAIL: tr1/3_function_objects/result_of.cc (test for excess errors)
FAIL: tr1/4_metaprogramming/array_modifications/remove_all_extents.cc (test for excess errors)
FAIL: tr1/4_metaprogramming/array_modifications/remove_extent.cc (test for excess errors)
FAIL: tr1/4_metaprogramming/composite_type_traits/is_arithmetic/is_arithmetic.cc (test for excess errors)
FAIL: tr1/4_metaprogramming/composite_type_traits/is_compound/is_compound.cc (test for excess errors)
FAIL: tr1/4_metaprogramming/composite_type_traits/is_fundamental/is_fundamental.cc (test for excess errors)
FAIL: tr1/4_metaprogramming/composite_type_traits/is_member_pointer/is_member_pointer.cc (test for excess errors)
FAIL: tr1/4_metaprogramming/composite_type_traits/is_object/24808.cc (test for excess errors)
FAIL: tr1/4_metaprogramming/composite_type_traits/is_object/is_object.cc (test for excess errors)
FAIL: tr1/4_metaprogramming/composite_type_traits/is_scalar/is_scalar.cc (test for excess errors)
FAIL: tr1/4_metaprogramming/composite_type_traits/is_union_or_class/is_union_or_class.cc (test for excess errors)
FAIL: tr1/4_metaprogramming/const_volatile_modifications/add_const.cc (test for excess errors)
FAIL: tr1/4_metaprogramming/const_volatile_modifications/add_cv.cc (test for excess errors)
FAIL: tr1/4_metaprogramming/const_volatile_modifications/add_volatile.cc (test for excess errors)
FAIL: tr1/4_metaprogramming/const_volatile_modifications/remove_const.cc (test for excess errors)
FAIL: tr1/4_metaprogramming/const_volatile_modifications/remove_cv.cc (test for excess errors)
FAIL: tr1/4_metaprogramming/const_volatile_modifications/remove_volatile.cc (test for excess errors)
FAIL: tr1/4_metaprogramming/helper_classes/true_false_type.cc (test for excess errors)
FAIL: tr1/4_metaprogramming/other_transformations/aligned_storage/aligned_storage.cc (test for excess errors)
FAIL: tr1/4_metaprogramming/pointer_modifications/add_pointer.cc (test for excess errors)
FAIL: tr1/4_metaprogramming/pointer_modifications/remove_pointer.cc (test for excess errors)
FAIL: tr1/4_metaprogramming/primary_type_categories/is_array/is_array.cc (test for excess errors)
FAIL: tr1/4_metaprogramming/primary_type_categories/is_enum/24808.cc (test for excess errors)
FAIL: tr1/4_metaprogramming/primary_type_categories/is_enum/is_enum.cc (test for excess errors)
FAIL: tr1/4_metaprogramming/primary_type_categories/is_floating_point/is_floating_point.cc (test for excess errors)
FAIL: tr1/4_metaprogramming/primary_type_categories/is_function/24808.cc (test for excess errors)
FAIL: tr1/4_metaprogramming/primary_type_categories/is_function/is_function.cc (test for excess errors)
FAIL: tr1/4_metaprogramming/primary_type_categories/is_integral/is_integral.cc (test for excess errors)
FAIL: tr1/4_metaprogramming/primary_type_categories/is_member_function_pointer/is_member_function_pointer.cc (test for excess errors)
FAIL: tr1/4_metaprogramming/primary_type_categories/is_member_object_pointer/is_member_object_pointer.cc (test for excess errors)
FAIL: tr1/4_metaprogramming/primary_type_categories/is_pointer/is_pointer.cc (test for excess errors)
FAIL: tr1/4_metaprogramming/primary_type_categories/is_reference/is_reference.cc (test for excess errors)
FAIL: tr1/4_metaprogramming/primary_type_categories/is_void/is_void.cc (test for excess errors)
FAIL: tr1/4_metaprogramming/reference_modifications/add_reference.cc (test for excess errors)
FAIL: tr1/4_metaprogramming/reference_modifications/remove_reference.cc (test for excess errors)
FAIL: tr1/4_metaprogramming/relationships_between_types/is_base_of/is_base_of.cc (test for excess errors)
FAIL: tr1/4_metaprogramming/relationships_between_types/is_convertible/is_convertible.cc (test for excess errors)
FAIL: tr1/4_metaprogramming/relationships_between_types/is_same/is_same.cc (test for excess errors)
FAIL: tr1/4_metaprogramming/type_properties/alignment_of/alignment_of.cc (test for excess errors)
FAIL: tr1/4_metaprogramming/type_properties/extent/extent.cc (test for excess errors)
FAIL: tr1/4_metaprogramming/type_properties/has_nothrow_assign/has_nothrow_assign.cc (test for excess errors)
FAIL: tr1/4_metaprogramming/type_properties/has_nothrow_constructor/has_nothrow_constructor.cc (test for excess errors)
FAIL: tr1/4_metaprogramming/type_properties/has_nothrow_copy/has_nothrow_copy.cc (test for excess errors)
FAIL: tr1/4_metaprogramming/type_properties/has_trivial_assign/has_trivial_assign.cc (test for excess errors)
FAIL: tr1/4_metaprogramming/type_properties/has_trivial_constructor/has_trivial_constructor.cc (test for excess errors)
FAIL: tr1/4_metaprogramming/type_properties/has_trivial_copy/has_trivial_copy.cc (test for excess errors)
FAIL: tr1/4_metaprogramming/type_properties/has_trivial_destructor/has_trivial_destructor.cc (test for excess errors)
FAIL: tr1/4_metaprogramming/type_properties/is_abstract/is_abstract.cc (test for excess errors)
FAIL: tr1/4_metaprogramming/type_properties/is_const/is_const.cc (test for excess errors)
FAIL: tr1/4_metaprogramming/type_properties/is_empty/is_empty.cc (test for excess errors)
FAIL: tr1/4_metaprogramming/type_properties/is_pod/is_pod.cc (test for excess errors)
FAIL: tr1/4_metaprogramming/type_properties/is_polymorphic/is_polymorphic.cc (test for excess errors)
FAIL: tr1/4_metaprogramming/type_properties/is_signed/is_signed.cc (test for excess errors)
FAIL: tr1/4_metaprogramming/type_properties/is_unsigned/is_unsigned.cc (test for excess errors)
FAIL: tr1/4_metaprogramming/type_properties/is_volatile/is_volatile.cc (test for excess errors)
FAIL: tr1/4_metaprogramming/type_properties/rank/rank.cc (test for excess errors)
FAIL: tr1/6_containers/tuple/tuple_element.cc (test for excess errors)
FAIL: tr1/6_containers/tuple/tuple_size.cc (test for excess errors)
FAIL: tr1/6_containers/utility/19535.cc (test for excess errors)
FAIL: tr1/6_containers/utility/pair.cc (test for excess errors)

		=== libstdc++ Summary ===

# of expected passes		913
# of unexpected failures	637
# of unexpected successes	2
# of expected failures		5
# of unsupported tests		26

Compiler version: 4.1.0 20051113 (experimental) 
Platform: ia64-unknown-linux-gnu
configure flags: --prefix=/home/cygnus/dnovillo/perf/sbox/gcc/local.ia64/inst.tonic2 --srcdir=/home/cygnus/dnovillo/perf/sbox/gcc/local.ia64/src --enable-mpfr --disable-libunwind-exceptions --with-gmp=/home/cygnus/dnovillo/ia64 --enable-languages=c,c++,fortran,java,objc


Index Nav: [Date Index] [Subject Index] [Author Index] [Thread Index]
Message Nav: [Date Prev] [Date Next] [Thread Prev] [Thread Next]