This is the mail archive of the
gcc-testresults@gcc.gnu.org
mailing list for the GCC project.
Results for 4.1.0-gomp-20050608-branch 20051109 (experimental) (merged 20051109) testsuite on powerpc64-unknown-linux-gnu
- From: Diego Novillo <dnovillo at redhat dot com>
- To: gcc-testresults at gcc dot gnu dot org
- Date: Sat, 12 Nov 2005 17:38:23 -0500
- Subject: Results for 4.1.0-gomp-20050608-branch 20051109 (experimental) (merged 20051109) testsuite on powerpc64-unknown-linux-gnu
LAST_UPDATED:
Native configuration is powerpc64-unknown-linux-gnu
=== g++ tests ===
Running target unix
FAIL: g++.old-deja/g++.other/init5.C execution test
=== g++ Summary ===
# of expected passes 11881
# of unexpected failures 1
# of expected failures 67
# of unsupported tests 91
/notnfs/dnovillo/sbox/gomp/bld.torreja/gcc/testsuite/../g++ version 4.1.0-gomp-20050608-branch 20051109 (experimental) (merged 20051109)
=== gcc tests ===
Running target unix
WARNING: program timed out.
FAIL: gcc.c-torture/compile/20001226-1.c -O3 -g (test for excess errors)
FAIL: gcc.dg/ipa/ipa-1.c (test for excess errors)
FAIL: gcc.dg/ipa/ipa-2.c (test for excess errors)
FAIL: gcc.dg/ipa/ipa-3.c (test for excess errors)
FAIL: gcc.dg/ipa/ipa-4.c (test for excess errors)
FAIL: gcc.dg/ipa/ipa-5.c (test for excess errors)
XPASS: gcc.dg/tree-ssa/sra-2.c scan-tree-dump-times link_error 0
FAIL: gcc.target/powerpc/altivec-consts.c (test for excess errors)
WARNING: gcc.target/powerpc/altivec-consts.c compilation failed to produce executable
=== gcc Summary ===
# of expected passes 38716
# of unexpected failures 7
# of unexpected successes 1
# of expected failures 95
# of untested testcases 28
# of unsupported tests 338
/notnfs/dnovillo/sbox/gomp/bld.torreja/gcc/xgcc version 4.1.0-gomp-20050608-branch 20051109 (experimental) (merged 20051109)
=== gfortran tests ===
Running target unix
=== gfortran Summary ===
# of expected passes 10539
# of expected failures 18
# of unsupported tests 42
/notnfs/dnovillo/sbox/gomp/bld.torreja/gcc/testsuite/../gfortran version 4.1.0-gomp-20050608-branch 20051109 (experimental) (merged 20051109)
=== libgomp tests ===
Running target unix
=== libgomp Summary ===
# of expected passes 1270
=== libmudflap tests ===
Running target unix
FAIL: libmudflap.c/fail27-frag.c output pattern test
FAIL: libmudflap.c/fail27-frag.c (-static) output pattern test
FAIL: libmudflap.c/fail27-frag.c (-O2) output pattern test
FAIL: libmudflap.c/fail27-frag.c (-O3) output pattern test
=== libmudflap Summary ===
# of expected passes 1785
# of unexpected failures 4
=== libstdc++ tests ===
Running target unix
XPASS: 26_numerics/cmath/c99_classification_macros_c.cc (test for excess errors)
XPASS: 27_io/fpos/14320-1.cc execution test
XPASS: ext/array_allocator/2.cc execution test
=== libstdc++ Summary ===
# of expected passes 3984
# of unexpected successes 3
# of expected failures 14
# of unsupported tests 4
Compiler version: 4.1.0-gomp-20050608-branch 20051109 (experimental) (merged 20051109)
Platform: powerpc64-unknown-linux-gnu
configure flags: --prefix=/home/cygnus/dnovillo/perf/sbox/gomp/local.ppc64/inst.torreja --srcdir=/home/cygnus/dnovillo/perf/sbox/gomp/local.ppc64/src --enable-mpfr --with-gmp=/home/cygnus/dnovillo/ppc64 --enable-languages=c,c++,fortran