This is the mail archive of the gcc-testresults@gcc.gnu.org mailing list for the GCC project.
Index Nav: | [Date Index] [Subject Index] [Author Index] [Thread Index] | |
---|---|---|
Message Nav: | [Date Prev] [Date Next] | [Thread Prev] [Thread Next] |
Other format: | [Raw text] |
Remote host: linux 2.6.12 sh4 GNU C Library version 2.3.5 LAST_UPDATED: Tue Nov 8 00:56:50 UTC 2005 (revision 106630) Target is sh4-unknown-linux-gnu Host is i686-pc-linux-gnu === g++ tests === Running target unix WARNING: Assuming target board is the local machine (which is probably wrong). === g++ Summary === # of expected passes 11503 # of expected failures 67 # of unsupported tests 111 /exp/ldroot/dodes/xsh-gcc-orig/gcc/testsuite/../g++ version 4.1.0 20051108 (experimental) Host is i686-pc-linux-gnu === gcc tests === Running target unix WARNING: Assuming target board is the local machine (which is probably wrong). FAIL: gcc.c-torture/execute/builtin-prefetch-6.c execution, -O0 FAIL: gcc.c-torture/execute/builtin-prefetch-6.c execution, -O1 FAIL: gcc.c-torture/execute/builtin-prefetch-6.c execution, -O2 FAIL: gcc.c-torture/execute/builtin-prefetch-6.c execution, -O3 -fomit-frame-pointer FAIL: gcc.c-torture/execute/builtin-prefetch-6.c execution, -O3 -fomit-frame-pointer -funroll-loops FAIL: gcc.c-torture/execute/builtin-prefetch-6.c execution, -O3 -fomit-frame-pointer -funroll-all-loops -finline-functions FAIL: gcc.c-torture/execute/builtin-prefetch-6.c execution, -O3 -g FAIL: gcc.c-torture/execute/builtin-prefetch-6.c execution, -Os FAIL: tmpdir-gcc.dg-struct-layout-1/t004 c_compat_y_tst.o compile UNRESOLVED: tmpdir-gcc.dg-struct-layout-1/t004 c_compat_x_tst.o-c_compat_y_tst.o link UNRESOLVED: tmpdir-gcc.dg-struct-layout-1/t004 c_compat_x_tst.o-c_compat_y_tst.o execute FAIL: tmpdir-gcc.dg-struct-layout-1/t027 c_compat_y_tst.o compile UNRESOLVED: tmpdir-gcc.dg-struct-layout-1/t027 c_compat_x_tst.o-c_compat_y_tst.o link UNRESOLVED: tmpdir-gcc.dg-struct-layout-1/t027 c_compat_x_tst.o-c_compat_y_tst.o execute FAIL: tmpdir-gcc.dg-struct-layout-1/t028 c_compat_y_tst.o compile UNRESOLVED: tmpdir-gcc.dg-struct-layout-1/t028 c_compat_x_tst.o-c_compat_y_tst.o link UNRESOLVED: tmpdir-gcc.dg-struct-layout-1/t028 c_compat_x_tst.o-c_compat_y_tst.o execute FAIL: gcc.dg/ipa/ipa-5.c scan-ipa-dump-times versioned function 2 FAIL: gcc.dg/ipa/ipa-5.c scan-ipa-dump-times propagating const 2 === gcc Summary === # of expected passes 36539 # of unexpected failures 13 # of expected failures 76 # of unresolved testcases 6 # of untested testcases 28 # of unsupported tests 316 /exp/ldroot/dodes/xsh-gcc-orig/gcc/xgcc version 4.1.0 20051108 (experimental) Host is i686-pc-linux-gnu === gfortran tests === Running target unix WARNING: Assuming target board is the local machine (which is probably wrong). FAIL: gfortran.dg/common_5.f -O (test for warnings, line 6) FAIL: gfortran.fortran-torture/execute/intrinsic_rrspacing.f90 execution, -O3 -fomit-frame-pointer FAIL: gfortran.fortran-torture/execute/intrinsic_rrspacing.f90 execution, -O3 -fomit-frame-pointer -funroll-loops FAIL: gfortran.fortran-torture/execute/intrinsic_rrspacing.f90 execution, -O3 -fomit-frame-pointer -funroll-all-loops -finline-functions === gfortran Summary === # of expected passes 10242 # of unexpected failures 4 # of expected failures 12 # of unsupported tests 58 /exp/ldroot/dodes/xsh-gcc-orig/gcc/testsuite/../gfortran version 4.1.0 20051108 (experimental) Host is i686-pc-linux-gnu === objc tests === Running target unix WARNING: Assuming target board is the local machine (which is probably wrong). === objc Summary === # of expected passes 1672 # of unsupported tests 22 /exp/ldroot/dodes/xsh-gcc-orig/gcc/xgcc version 4.1.0 20051108 (experimental) Host is sh4-unknown-linux-gnu === libffi tests === Running target unix WARNING: Assuming target board is the local machine (which is probably wrong). === libffi Summary === # of expected passes 228 # of unsupported tests 2 Host is sh4-unknown-linux-gnu === libjava tests === Running target unix WARNING: Assuming target board is the local machine (which is probably wrong). === libjava Summary === # of expected passes 3115 # of expected failures 10 # of untested testcases 10 Host is sh4-unknown-linux-gnu === libmudflap tests === Running target unix WARNING: Assuming target board is the local machine (which is probably wrong). === libmudflap Summary === # of expected passes 1789 Host is sh4-unknown-linux-gnu === libstdc++ tests === Running target unix WARNING: Assuming target board is the local machine (which is probably wrong). FAIL: 22_locale/locale/cons/12658_thread-2.cc execution test XPASS: 26_numerics/cmath/c99_classification_macros_c.cc (test for excess errors) === libstdc++ Summary === # of expected passes 3981 # of unexpected failures 1 # of unexpected successes 1 # of expected failures 15 # of unsupported tests 5 Compiler version: 4.1.0 20051108 (experimental) Platform: sh4-unknown-linux-gnu configure flags: --host=i686-pc-linux-gnu --target=sh4-unknown-linux-gnu --enable-shared --enable-threads=posix --enable-clocale=gnu --enable-libgcj --with-ld=/usr/local/bin/sh4-unknown-linux-gnu-ld --with-sysroot=/exp/ldroot --enable-languages=c,c++,for tran,java,objc
Index Nav: | [Date Index] [Subject Index] [Author Index] [Thread Index] | |
---|---|---|
Message Nav: | [Date Prev] [Date Next] | [Thread Prev] [Thread Next] |