This is the mail archive of the
gcc-testresults@gcc.gnu.org
mailing list for the GCC project.
Results for 4.1.0 20051103 (experimental) testsuite oni686-pc-linux-gnu
- From: Laurent GUERBY <laurent at guerby dot net>
- To: gcc-test <gcc-testresults at gcc dot gnu dot org>
- Date: Thu, 03 Nov 2005 23:21:52 +0100
- Subject: Results for 4.1.0 20051103 (experimental) testsuite oni686-pc-linux-gnu
LAST_UPDATED: Thu Nov 3 19:39:14 UTC 2005 (revision 106441M)
=== acats tests ===
FAIL: c32001e
FAIL: c34007p
FAIL: c34007r
FAIL: c45282b
FAIL: c45532j
FAIL: c45532l
FAIL: c45532m
FAIL: c45532n
FAIL: c45532o
FAIL: c45532p
FAIL: c64105b
FAIL: c95086b
FAIL: ca11c01
FAIL: cdd2a02
FAIL: ce3806g
FAIL: ce3806h
FAIL: ce3810b
FAIL: cxaa008
FAIL: cxf2001
FAIL: cxf2002
FAIL: cxf2003
FAIL: cxf2004
FAIL: cxf2005
FAIL: cxf2a02
FAIL: cxg2022
=== acats Summary ===
# of expected passes 2294
# of unexpected failures 25
Native configuration is i686-pc-linux-gnu
=== gcc tests ===
Running target unix
FAIL: gcc.dg/ipa/ipa-5.c scan-ipa-dump-times versioned function 2
FAIL: gcc.dg/ipa/ipa-5.c scan-ipa-dump-times propagating const 2
=== gcc Summary ===
# of expected passes 37669
# of unexpected failures 2
# of expected failures 96
# of untested testcases 28
# of unsupported tests 344
/home/guerby/work/gcc/build/build-20051103T170656/gcc/xgcc version 4.1.0 20051103 (experimental)
Compiler version: 4.1.0 20051103 (experimental)
Platform: i686-pc-linux-gnu
configure flags: --prefix=/home/guerby/work/gcc/install/install-20051103T170656 --enable-__cxa_atexit --disable-nls --enable-threads=posix --disable-multilib --enable-checking --enable-languages=c,ada