This is the mail archive of the
gcc-testresults@gcc.gnu.org
mailing list for the GCC project.
Results for 3.4.4 (release) (CodeSourcery ARM Q3cvs 2005) testsuite on arm-unknown-eabi
- From: paul at nowt dot org (Paul Brook)
- To: gcc-testresults at gcc dot gnu dot org
- Date: Sun, 23 Oct 2005 11:54:40 +0100 (BST)
- Subject: Results for 3.4.4 (release) (CodeSourcery ARM Q3cvs 2005) testsuite on arm-unknown-eabi
LAST_UPDATED:
Target is arm-unknown-eabi
Host is arm-unknown-eabi
=== libstdc++ tests ===
Running target arm-sim/-mthumb/-march=armv6t2
FAIL: 26_numerics/c99_classification_macros_c.cc (test for excess errors)
FAIL: 27_io/basic_filebuf/imbue/char/13582-2.cc (test for excess errors)
WARNING: 27_io/basic_filebuf/imbue/char/13582-2.cc compilation failed to produce executable
FAIL: 27_io/basic_istream/extractors_arithmetic/char/12.cc execution test
FAIL: 27_io/basic_istream/getline/char/5.cc execution test
FAIL: 27_io/ios_base/sync_with_stdio/1.cc execution test
XPASS: ext/stdio_filebuf/char/10063-2.cc execution test
XPASS: ext/stdio_filebuf/char/10063-3.cc execution test
=== libstdc++ Summary ===
# of expected passes 2018
# of unexpected failures 5
# of unexpected successes 2
# of expected failures 9
# of unsupported tests 9
Host is i686-pc-linux-gnu
=== gcc tests ===
Running target arm-sim/-mthumb/-march=armv6t2
FAIL: gcc.c-torture/compile/20020129-1.c -O0 (test for excess errors)
FAIL: gcc.c-torture/compile/20020129-1.c -O1 (test for excess errors)
FAIL: gcc.c-torture/compile/20020129-1.c -O2 (test for excess errors)
FAIL: gcc.c-torture/compile/20020129-1.c -O3 -fomit-frame-pointer (test for excess errors)
FAIL: gcc.c-torture/compile/20020129-1.c -O3 -g (test for excess errors)
FAIL: gcc.c-torture/compile/20020129-1.c -Os (test for excess errors)
UNRESOLVED: gcc.c-torture/execute/20020720-1.c execution, -O1
UNRESOLVED: gcc.c-torture/execute/20020720-1.c execution, -O2
UNRESOLVED: gcc.c-torture/execute/20020720-1.c execution, -O3 -fomit-frame-pointer
UNRESOLVED: gcc.c-torture/execute/20020720-1.c execution, -O3 -g
UNRESOLVED: gcc.c-torture/execute/20020720-1.c execution, -Os
FAIL: gcc.c-torture/execute/builtin-types-compatible-p.c execution, -O0
FAIL: gcc.c-torture/execute/builtin-types-compatible-p.c execution, -O1
FAIL: gcc.c-torture/execute/builtin-types-compatible-p.c execution, -O2
FAIL: gcc.c-torture/execute/builtin-types-compatible-p.c execution, -O3 -fomit-frame-pointer
FAIL: gcc.c-torture/execute/builtin-types-compatible-p.c execution, -O3 -g
FAIL: gcc.c-torture/execute/builtin-types-compatible-p.c execution, -Os
FAIL: gcc.dg/cpp/trad/include.c (test for excess errors)
FAIL: gcc.dg/arm-mmx-1.c (test for excess errors)
FAIL: gcc.dg/compare1.c case 4 (test for warnings, line 38)
XPASS: gcc.dg/uninit-4.c uninitialized variable warning (test for bogus messages, line 26)
FAIL: gcc.dg/tls/alias-1.c (test for excess errors)
FAIL: gcc.dg/tls/opt-2.c (test for excess errors)
=== gcc Summary ===
# of expected passes 24612
# of unexpected failures 17
# of unexpected successes 1
# of expected failures 75
# of unresolved testcases 5
# of untested testcases 7
# of unsupported tests 381
/home/paul/arm/gcc-csl/obj-eabi/gcc/xgcc version 3.4.4 (release) (CodeSourcery ARM Q3cvs 2005)
Host is i686-pc-linux-gnu
=== g++ tests ===
Running target arm-sim/-mthumb/-march=armv6t2
FAIL: g++.dg/eh/forced1.C execution test
XPASS: g++.dg/other/packed1.C execution test
XPASS: g++.dg/rtti/tinfo1.C scan-assembler _ZTIP9CTemplateIhE:
XPASS: g++.dg/rtti/tinfo1.C scan-assembler-not .globl[ \\t]+_ZTIP9CTemplateIhE
FAIL: g++.dg/special/conpr-1.C (test for excess errors)
WARNING: g++.dg/special/conpr-1.C compilation failed to produce executable
FAIL: g++.dg/special/conpr-2.C (test for excess errors)
WARNING: g++.dg/special/conpr-2.C compilation failed to produce executable
FAIL: g++.dg/special/conpr-3.C (test for excess errors)
WARNING: g++.dg/special/conpr-3.C compilation failed to produce executable
FAIL: g++.dg/special/conpr-4.C (test for excess errors)
WARNING: g++.dg/special/conpr-4.C compilation failed to produce executable
FAIL: g++.dg/special/initp1.C (test for excess errors)
WARNING: g++.dg/special/initp1.C compilation failed to produce executable
WARNING: g++.old-deja/g++.mike/p10769a.C compilation failed to produce executable
WARNING: g++.old-deja/g++.other/enum5.C compilation failed to produce executable
XPASS: g++.old-deja/g++.other/init5.C execution test
WARNING: g++.old-deja/g++.pt/friend44.C compilation failed to produce executable
=== g++ Summary ===
# of expected passes 9802
# of unexpected failures 6
# of unexpected successes 4
# of expected failures 72
# of unsupported tests 87
/home/paul/arm/gcc-csl/obj-eabi/gcc/testsuite/../g++ version 3.4.4 (release) (CodeSourcery ARM Q3cvs 2005)
Compiler version: 3.4.4 (release) (CodeSourcery ARM Q3cvs 2005)
Platform: arm-unknown-eabi
configure flags: --target=arm-unknown-eabi --enable-languages=c,c++ --with-newlib --prefix=/home/paul/arm --enable-serial-configure