This is the mail archive of the
gcc-testresults@gcc.gnu.org
mailing list for the GCC project.
Results for 4.1.0 20051022 (experimental) testsuite on x86_64-unknown-linux-gnu
- From: Toon Moene <toon at moene dot indiv dot nluug dot nl>
- To: gcc-testresults at gcc dot gnu dot org
- Date: Sat, 22 Oct 2005 10:57:59 +0200
- Subject: Results for 4.1.0 20051022 (experimental) testsuite on x86_64-unknown-linux-gnu
LAST_UPDATED: Sat Oct 22 00:38:36 UTC 2005
Native configuration is x86_64-unknown-linux-gnu
=== gcc tests ===
Running target unix
FAIL: gcc.dg/tree-ssa/20041110-1.c (test for excess errors)
FAIL: gcc.dg/tree-ssa/loop-3.c scan-tree-dump-times step: 1
FAIL: gcc.dg/tree-ssa/pr17100.c scan-tree-dump-times Replacing one of the conditions 1
FAIL: gcc.dg/vect/vect-117.c (test for excess errors)
FAIL: gcc.dg/vect/vect-9.c scan-tree-dump-times vectorized 1 loops 1
FAIL: gcc.dg/vect/vect-widen-mult-sum.c execution test
=== gcc Summary ===
# of expected passes 37222
# of unexpected failures 6
# of expected failures 106
# of untested testcases 28
# of unsupported tests 461
/home/toon/compilers/autovect/obj/gcc/xgcc version 4.1.0 20051022 (experimental)
=== gfortran tests ===
Running target unix
=== gfortran Summary ===
# of expected passes 8534
# of expected failures 8
# of unsupported tests 16
/home/toon/compilers/autovect/obj/gcc/testsuite/../gfortran version 4.1.0 20051022 (experimental)
=== libmudflap tests ===
Running target unix
=== libmudflap Summary ===
# of expected passes 1680
# of unsupported tests 2
Compiler version: 4.1.0 20051022 (experimental)
Platform: x86_64-unknown-linux-gnu
configure flags: --prefix=/usr/vec --disable-nls --disable-multilib --enable-languages=c,f95