This is the mail archive of the
gcc-testresults@gcc.gnu.org
mailing list for the GCC project.
Results for 4.1.0 20051015 (experimental) testsuite on i686-pc-linux-gnu
- From: Diego Novillo <dnovillo at redhat dot com>
- To: gcc-testresults at gcc dot gnu dot org
- Date: Sat, 15 Oct 2005 05:32:22 -0400
- Subject: Results for 4.1.0 20051015 (experimental) testsuite on i686-pc-linux-gnu
LAST_UPDATED:
Native configuration is i686-pc-linux-gnu
=== g++ tests ===
Running target unix
FAIL: g++.dg/other/i386-1.C execution test
FAIL: g++.dg/other/switch2.C (test for errors, line 16)
FAIL: g++.dg/other/switch2.C (test for errors, line 17)
FAIL: g++.dg/other/switch2.C (test for errors, line 18)
FAIL: g++.dg/other/switch2.C (test for errors, line 19)
FAIL: g++.dg/other/switch2.C (test for errors, line 20)
=== g++ Summary ===
# of expected passes 11485
# of unexpected failures 6
# of expected failures 67
# of unsupported tests 62
/notnfs/dnovillo/sbox/gcc/bld.toribio/gcc/testsuite/../g++ version 4.1.0 20051015 (experimental)
=== gcc tests ===
Running target unix
FAIL: gcc.dg/i386-sse-vect-types.c (test for errors, line 17)
FAIL: gcc.dg/ipa/ipa-5.c scan-ipa-dump-times versioned function 2
FAIL: gcc.dg/ipa/ipa-5.c scan-ipa-dump-times propagating const 2
=== gcc Summary ===
# of expected passes 37590
# of unexpected failures 3
# of expected failures 96
# of untested testcases 28
# of unsupported tests 344
/notnfs/dnovillo/sbox/gcc/bld.toribio/gcc/xgcc version 4.1.0 20051015 (experimental)
=== gfortran tests ===
Running target unix
FAIL: gfortran.fortran-torture/execute/elemental.f90 execution, -O3 -fomit-frame-pointer -funroll-loops
FAIL: gfortran.fortran-torture/execute/elemental.f90 execution, -O3 -fomit-frame-pointer -funroll-all-loops -finline-functions
=== gfortran Summary ===
# of expected passes 9638
# of unexpected failures 2
# of expected failures 12
# of unsupported tests 16
/notnfs/dnovillo/sbox/gcc/bld.toribio/gcc/testsuite/../gfortran version 4.1.0 20051015 (experimental)
=== objc tests ===
Running target unix
=== objc Summary ===
# of expected passes 1672
# of unsupported tests 22
/notnfs/dnovillo/sbox/gcc/bld.toribio/gcc/xgcc version 4.1.0 20051015 (experimental)
=== libffi tests ===
Running target unix
=== libffi Summary ===
# of expected passes 228
# of unsupported tests 2
=== libjava tests ===
Running target unix
FAIL: LargeFile execution - source compiled test
FAIL: LargeFile execution - gij test
FAIL: LargeFile execution - bytecode->native test
FAIL: LargeFile -O3 execution - source compiled test
FAIL: LargeFile execution - gij test
FAIL: LargeFile -O3 execution - bytecode->native test
=== libjava Summary ===
# of expected passes 3974
# of unexpected failures 6
# of expected failures 10
# of untested testcases 14
=== libmudflap tests ===
Running target unix
=== libmudflap Summary ===
# of expected passes 1789
=== libstdc++ tests ===
Running target unix
FAIL: 23_containers/set/explicit_instantiation/2.cc (test for excess errors)
FAIL: 23_containers/set/explicit_instantiation/3.cc (test for excess errors)
XPASS: 26_numerics/cmath/c99_classification_macros_c.cc (test for excess errors)
FAIL: tr1/3_function_objects/bind/all_bound.cc (test for excess errors)
FAIL: tr1/3_function_objects/bind/nested.cc (test for excess errors)
FAIL: tr1/3_function_objects/bind/placeholders.cc (test for excess errors)
FAIL: tr1/3_function_objects/bind/ref.cc (test for excess errors)
FAIL: tr1/3_function_objects/function/1.cc (test for excess errors)
FAIL: tr1/3_function_objects/function/2.cc (test for excess errors)
FAIL: tr1/3_function_objects/function/3.cc (test for excess errors)
FAIL: tr1/3_function_objects/function/4.cc (test for excess errors)
FAIL: tr1/3_function_objects/function/5.cc (test for excess errors)
FAIL: tr1/3_function_objects/function/6.cc (test for excess errors)
FAIL: tr1/3_function_objects/function/7.cc (test for excess errors)
FAIL: tr1/3_function_objects/function/8.cc (test for excess errors)
FAIL: tr1/3_function_objects/function/9.cc (test for excess errors)
FAIL: tr1/3_function_objects/mem_fn.cc (test for excess errors)
FAIL: tr1/3_function_objects/reference_wrapper/invoke.cc (test for excess errors)
FAIL: tr1/3_function_objects/reference_wrapper/typedefs.cc (test for excess errors)
FAIL: tr1/3_function_objects/result_of.cc (test for excess errors)
FAIL: tr1/6_containers/tuple/comparison_operators/comparisons.cc (test for excess errors)
FAIL: tr1/6_containers/tuple/cons/assignment.cc (test for excess errors)
FAIL: tr1/6_containers/tuple/cons/big_tuples.cc (test for excess errors)
FAIL: tr1/6_containers/tuple/cons/constructor.cc (test for excess errors)
FAIL: tr1/6_containers/tuple/creation_functions/23978.cc (test for excess errors)
FAIL: tr1/6_containers/tuple/creation_functions/make_tuple.cc (test for excess errors)
FAIL: tr1/6_containers/tuple/creation_functions/tie.cc (test for excess errors)
FAIL: tr1/6_containers/tuple/element_access/get.cc (test for excess errors)
FAIL: tr1/6_containers/tuple/tuple_element.cc (test for excess errors)
FAIL: tr1/6_containers/tuple/tuple_size.cc (test for excess errors)
FAIL: tr1/6_containers/unordered/23781.cc (test for excess errors)
FAIL: tr1/6_containers/unordered/erase/24061-map.cc (test for excess errors)
FAIL: tr1/6_containers/unordered/erase/24061-multimap.cc (test for excess errors)
FAIL: tr1/6_containers/unordered/erase/24061-multiset.cc (test for excess errors)
FAIL: tr1/6_containers/unordered/erase/24061-set.cc (test for excess errors)
FAIL: tr1/6_containers/unordered/find/map1.cc (test for excess errors)
FAIL: tr1/6_containers/unordered/find/multimap1.cc (test for excess errors)
FAIL: tr1/6_containers/unordered/find/multiset1.cc (test for excess errors)
FAIL: tr1/6_containers/unordered/find/set1.cc (test for excess errors)
FAIL: tr1/6_containers/unordered/hashtable/23053.cc (test for excess errors)
FAIL: tr1/6_containers/unordered/hashtable/23465.cc (test for excess errors)
FAIL: tr1/6_containers/unordered/hashtable/24054.cc (test for excess errors)
FAIL: tr1/6_containers/unordered/hashtable/24064.cc (test for excess errors)
FAIL: tr1/6_containers/unordered/insert/24061-map.cc (test for excess errors)
FAIL: tr1/6_containers/unordered/insert/24061-multimap.cc (test for excess errors)
FAIL: tr1/6_containers/unordered/insert/24061-multiset.cc (test for excess errors)
FAIL: tr1/6_containers/unordered/insert/24061-set.cc (test for excess errors)
FAIL: tr1/6_containers/unordered/insert/array_syntax.cc (test for excess errors)
FAIL: tr1/6_containers/unordered/insert/map_range.cc (test for excess errors)
FAIL: tr1/6_containers/unordered/insert/map_single.cc (test for excess errors)
FAIL: tr1/6_containers/unordered/insert/multimap_range.cc (test for excess errors)
FAIL: tr1/6_containers/unordered/insert/multimap_single.cc (test for excess errors)
FAIL: tr1/6_containers/unordered/insert/multiset_range.cc (test for excess errors)
FAIL: tr1/6_containers/unordered/insert/multiset_single.cc (test for excess errors)
FAIL: tr1/6_containers/unordered/insert/set_range.cc (test for excess errors)
FAIL: tr1/6_containers/unordered/insert/set_single.cc (test for excess errors)
FAIL: tr1/6_containers/unordered/instantiate/hash.cc (test for excess errors)
FAIL: tr1/6_containers/unordered/instantiate/map.cc (test for excess errors)
FAIL: tr1/6_containers/unordered/instantiate/multimap.cc (test for excess errors)
FAIL: tr1/6_containers/unordered/instantiate/multiset.cc (test for excess errors)
FAIL: tr1/6_containers/unordered/instantiate/set.cc (test for excess errors)
FAIL: tr1/6_containers/unordered/types/map_iterator.cc (test for excess errors)
FAIL: tr1/6_containers/unordered/types/multimap_iterator.cc (test for excess errors)
FAIL: tr1/6_containers/unordered/types/multiset_iterator.cc (test for excess errors)
FAIL: tr1/6_containers/unordered/types/set_iterator.cc (test for excess errors)
=== libstdc++ Summary ===
# of expected passes 1571
# of unexpected failures 64
# of unexpected successes 1
# of expected failures 6
# of unsupported tests 4
Compiler version: 4.1.0 20051015 (experimental)
Platform: i686-pc-linux-gnu
configure flags: --prefix=/home/cygnus/dnovillo/perf/sbox/gcc/local.i686/inst.toribio --srcdir=/home/cygnus/dnovillo/perf/sbox/gcc/local.i686/src --enable-mpfr --with-gmp=/home/cygnus/dnovillo/i686 --disable-checking --enable-languages=c,c++,fortran,java,objc