This is the mail archive of the
gcc-testresults@gcc.gnu.org
mailing list for the GCC project.
Results for 4.0.2 testsuite on ia64-unknown-linux-gnu
- From: Rainer Emrich <r dot emrich at de dot tecosim dot com>
- To: gcc-testresults at gcc dot gnu dot org
- Date: Thu, 13 Oct 2005 19:07:59 +0200
- Subject: Results for 4.0.2 testsuite on ia64-unknown-linux-gnu
- Openpgp: id=4E8261E5;url=sks.keyserver.penguin.de
LAST_UPDATED: Obtained from CVS: -rgcc_4_0_2_release
=== acats tests ===
FAIL: c36204d
=== acats Summary ===
# of expected passes 2319
# of unexpected failures 1
Native configuration is ia64-unknown-linux-gnu
=== gcc tests ===
Running target unix
FAIL: gcc.dg/builtin-apply4.c execution test
XPASS: gcc.dg/tree-ssa/loop-1.c scan-assembler-times foo 5
XPASS: gcc.dg/vect/vect-22.c scan-tree-dump-times vectorized 3 loops 1
XPASS: gcc.dg/vect/vect-44.c scan-tree-dump-times Alignment of access
forced using peeling 1
XPASS: gcc.dg/vect/vect-50.c scan-tree-dump-times Alignment of access
forced using peeling 1
XPASS: gcc.dg/vect/vect-54.c scan-tree-dump-times Alignment of access
forced using peeling 1
XPASS: gcc.dg/vect/vect-58.c scan-tree-dump-times Alignment of access
forced using peeling 1
=== gcc Summary ===
# of expected passes 34226
# of unexpected failures 1
# of unexpected successes 6
# of expected failures 125
# of untested testcases 28
# of unsupported tests 483
/disk1/SCRATCH/gcc-build/Linux/ia64-unknown-linux-gnu/gcc-4.0.2/gcc-4.0.2/gcc/xgcc
version 4.0.2
=== gfortran tests ===
Running target unix
=== gfortran Summary ===
# of expected passes 8188
# of expected failures 1
# of unsupported tests 17
/disk1/SCRATCH/gcc-build/Linux/ia64-unknown-linux-gnu/gcc-4.0.2/gcc-4.0.2/gcc/testsuite/../gfortran
version 4.0.2
=== g++ tests ===
Running target unix
FAIL: g++.dg/other/stdarg3.C (test for excess errors)
FAIL: g++.dg/template/array14.C (test for excess errors)
XPASS: g++.old-deja/g++.other/init5.C execution test
=== g++ Summary ===
# of expected passes 10639
# of unexpected failures 2
# of unexpected successes 1
# of expected failures 68
# of unsupported tests 90
/disk1/SCRATCH/gcc-build/Linux/ia64-unknown-linux-gnu/gcc-4.0.2/gcc-4.0.2/gcc/testsuite/../g++
version 4.0.2
=== objc tests ===
Running target unix
=== objc Summary ===
# of expected passes 1534
# of unsupported tests 11
/disk1/SCRATCH/gcc-build/Linux/ia64-unknown-linux-gnu/gcc-4.0.2/gcc-4.0.2/gcc/xgcc
version 4.0.2
=== libffi tests ===
Running target unix
=== libffi Summary ===
# of expected passes 219
# of unsupported tests 2
=== libjava tests ===
Running target unix
=== libjava Summary ===
# of expected passes 3814
# of expected failures 14
# of untested testcases 16
=== libmudflap tests ===
Running target unix
=== libmudflap Summary ===
# of expected passes 1288
=== libstdc++ tests ===
Running target unix
XPASS: 22_locale/locale/cons/12658_thread-1.cc execution test
XPASS: 26_numerics/cmath/c99_classification_macros_c.cc (test for excess
errors)
XPASS: 27_io/fpos/14320-1.cc execution test
=== libstdc++ Summary ===
# of expected passes 3668
# of unexpected successes 3
# of expected failures 11
Compiler version: 4.0.2
Platform: ia64-unknown-linux-gnu
configure flags:
--prefix=/SCRATCH/gcc-build/Linux/ia64-unknown-linux-gnu/install
--with-gnu-as
--with-as=/SCRATCH/gcc-build/Linux/ia64-unknown-linux-gnu/install/bin/as
--with-gnu-ld
--with-ld=/SCRATCH/gcc-build/Linux/ia64-unknown-linux-gnu/install/bin/ld
--enable-threads=posix --enable-shared --enable-__cxa_atexit
--with-gmp=/appl/shared/gnu/Linux/ia64-unknown-linux-gnu
--with-mpfr=/appl/shared/gnu/Linux/ia64-unknown-linux-gnu
--enable-languages=c,ada,c++,f95,java,objc
binutils:
binutils-2.16.1
Build system:
Linux itanic 2.4.21-32.0.1.EL.cern #1 SMP Thu May 26 11:51:54 CEST 2005
ia64 ia64 ia64 GNU/Linux
cc for building:
gcc
gcc (GCC) 4.0.1
Copyright (C) 2005 Free Software Foundation, Inc.
This is free software; see the source for copying conditions. There is NO
warranty; not even for MERCHANTABILITY or FITNESS FOR A PARTICULAR PURPOSE.
as for building:
GNU assembler 2.16.1
Copyright 2005 Free Software Foundation, Inc.
This program is free software; you may redistribute it under the terms of
the GNU General Public License. This program has absolutely no warranty.
This assembler was configured for a target of \`ia64-unknown-linux-gnu'.
ld for building:
GNU ld version 2.16.1
Copyright 2005 Free Software Foundation, Inc.
This program is free software; you may redistribute it under the terms of
the GNU General Public License. This program has absolutely no warranty.