This is the mail archive of the gcc-testresults@gcc.gnu.org mailing list for the GCC project.


Index Nav: [Date Index] [Subject Index] [Author Index] [Thread Index]
Message Nav: [Date Prev] [Date Next] [Thread Prev] [Thread Next]
Other format: [Raw text]

Results for 3.4.5 20051013 (prerelease) testsuite on alphaev6-unknown-linux-gnu


LAST_UPDATED: Thu Oct 13 06:41:13 UTC 2005

Native configuration is alphaev6-unknown-linux-gnu

		=== libstdc++ tests ===


Running target unix
ERROR: tcl error sourcing /opt/builder/nightly-build/build/src/upstream/gcc-3.4/libstdc++-v3/testsuite/libstdc++-abi/abi.exp.
ERROR: could not compile abi_check.cc
FAIL: 17_intro/header_cassert.cc (test for excess errors)
FAIL: 17_intro/header_cerrno.cc (test for excess errors)
FAIL: 17_intro/header_csetjmp.cc (test for excess errors)
FAIL: 17_intro/header_cstdarg.cc (test for excess errors)
FAIL: 17_intro/header_cstddef.cc (test for excess errors)
FAIL: 17_intro/header_cstdio.cc (test for excess errors)
FAIL: 17_intro/header_cstdlib.cc (test for excess errors)
FAIL: 17_intro/header_cstring.cc (test for excess errors)
FAIL: 17_intro/header_ctime.cc (test for excess errors)
FAIL: 17_intro/header_cwchar.cc (test for excess errors)
FAIL: 17_intro/header_cwctype.cc (test for excess errors)
FAIL: 17_intro/header_fstream.cc (test for excess errors)
FAIL: 17_intro/header_iomanip.cc (test for excess errors)
FAIL: 17_intro/header_ios.cc (test for excess errors)
FAIL: 17_intro/header_iosfwd.cc (test for excess errors)
FAIL: 17_intro/header_iostream.cc (test for excess errors)
FAIL: 17_intro/header_istream.cc (test for excess errors)
FAIL: 17_intro/header_ostream.cc (test for excess errors)
FAIL: 17_intro/header_sstream.cc (test for excess errors)
FAIL: 17_intro/header_streambuf.cc (test for excess errors)
FAIL: 17_intro/headers.cc (test for excess errors)
FAIL: 17_intro/headers_c++.cc (test for excess errors)
FAIL: 17_intro/headers_c.cc (test for excess errors)
FAIL: 18_support/14026.cc (test for excess errors)
FAIL: 18_support/new_delete_placement.cc (test for excess errors)
FAIL: 18_support/numeric_limits.cc (test for excess errors)
FAIL: 19_diagnostics/stdexceptions.cc (test for excess errors)
FAIL: 20_util/allocator/1.cc (test for excess errors)
FAIL: 20_util/allocator/10378.cc (test for excess errors)
FAIL: 20_util/allocator/14176.cc (test for excess errors)
FAIL: 20_util/allocator/8230.cc (test for excess errors)
FAIL: 20_util/auto_ptr/1.cc (test for excess errors)
FAIL: 20_util/auto_ptr/2.cc (test for excess errors)
FAIL: 20_util/auto_ptr/3.cc (test for excess errors)
FAIL: 20_util/auto_ptr/3946.cc (test for excess errors)
FAIL: 20_util/auto_ptr/4.cc (test for excess errors)
FAIL: 20_util/auto_ptr/5.cc (test for excess errors)
FAIL: 20_util/auto_ptr/6.cc (test for excess errors)
FAIL: 20_util/auto_ptr/7.cc (test for excess errors)
FAIL: 20_util/binders.cc (test for excess errors)
FAIL: 20_util/comparisons.cc (test for excess errors)
FAIL: 20_util/pair/1.cc (test for excess errors)
FAIL: 20_util/pair/2.cc (test for excess errors)
FAIL: 20_util/pair/3.cc (test for excess errors)
FAIL: 20_util/pair/4.cc (test for excess errors)
FAIL: 20_util/raw_storage_iterator.cc (test for excess errors)
FAIL: 20_util/temporary_buffer.cc (test for excess errors)
FAIL: 21_strings/basic_string/append/char/1.cc (test for excess errors)
FAIL: 21_strings/basic_string/append/wchar_t/1.cc (test for excess errors)
FAIL: 21_strings/basic_string/assign/char/1.cc (test for excess errors)
FAIL: 21_strings/basic_string/assign/char/2.cc (test for excess errors)
FAIL: 21_strings/basic_string/assign/char/3.cc (test for excess errors)
FAIL: 21_strings/basic_string/assign/wchar_t/1.cc (test for excess errors)
FAIL: 21_strings/basic_string/assign/wchar_t/2.cc (test for excess errors)
FAIL: 21_strings/basic_string/assign/wchar_t/3.cc (test for excess errors)
FAIL: 21_strings/basic_string/capacity/1.cc (test for excess errors)
FAIL: 21_strings/basic_string/capacity/char/1.cc (test for excess errors)
FAIL: 21_strings/basic_string/capacity/char/2.cc (test for excess errors)
FAIL: 21_strings/basic_string/capacity/wchar_t/1.cc (test for excess errors)
FAIL: 21_strings/basic_string/capacity/wchar_t/2.cc (test for excess errors)
FAIL: 21_strings/basic_string/compare/char/1.cc (test for excess errors)
FAIL: 21_strings/basic_string/compare/char/13650.cc (test for excess errors)
FAIL: 21_strings/basic_string/compare/wchar_t/1.cc (test for excess errors)
FAIL: 21_strings/basic_string/compare/wchar_t/13650.cc (test for excess errors)
FAIL: 21_strings/basic_string/cons/char/1.cc (test for excess errors)
FAIL: 21_strings/basic_string/cons/char/2.cc (test for excess errors)
FAIL: 21_strings/basic_string/cons/char/3.cc (test for excess errors)
FAIL: 21_strings/basic_string/cons/char/4.cc (test for excess errors)
FAIL: 21_strings/basic_string/cons/char/5.cc (test for excess errors)
FAIL: 21_strings/basic_string/cons/char/6.cc (test for excess errors)
FAIL: 21_strings/basic_string/cons/wchar_t/1.cc (test for excess errors)
FAIL: 21_strings/basic_string/cons/wchar_t/2.cc (test for excess errors)
FAIL: 21_strings/basic_string/cons/wchar_t/3.cc (test for excess errors)
FAIL: 21_strings/basic_string/cons/wchar_t/4.cc (test for excess errors)
FAIL: 21_strings/basic_string/cons/wchar_t/5.cc (test for excess errors)
FAIL: 21_strings/basic_string/cons/wchar_t/6.cc (test for excess errors)
FAIL: 21_strings/basic_string/element_access/char/1.cc (test for excess errors)
FAIL: 21_strings/basic_string/element_access/char/2.cc (test for excess errors)
FAIL: 21_strings/basic_string/element_access/char/3.cc (test for excess errors)
FAIL: 21_strings/basic_string/element_access/char/4.cc (test for excess errors)
FAIL: 21_strings/basic_string/element_access/wchar_t/1.cc (test for excess errors)
FAIL: 21_strings/basic_string/element_access/wchar_t/2.cc (test for excess errors)
FAIL: 21_strings/basic_string/element_access/wchar_t/3.cc (test for excess errors)
FAIL: 21_strings/basic_string/element_access/wchar_t/4.cc (test for excess errors)
FAIL: 21_strings/basic_string/find/char/1.cc (test for excess errors)
FAIL: 21_strings/basic_string/find/char/2.cc (test for excess errors)
FAIL: 21_strings/basic_string/find/char/3.cc (test for excess errors)
FAIL: 21_strings/basic_string/find/wchar_t/1.cc (test for excess errors)
FAIL: 21_strings/basic_string/find/wchar_t/2.cc (test for excess errors)
FAIL: 21_strings/basic_string/find/wchar_t/3.cc (test for excess errors)
FAIL: 21_strings/basic_string/insert/char/1.cc (test for excess errors)
FAIL: 21_strings/basic_string/insert/char/2.cc (test for excess errors)
FAIL: 21_strings/basic_string/insert/wchar_t/1.cc (test for excess errors)
FAIL: 21_strings/basic_string/insert/wchar_t/2.cc (test for excess errors)
FAIL: 21_strings/basic_string/inserters_extractors/char/1.cc (test for excess errors)
FAIL: 21_strings/basic_string/inserters_extractors/char/10.cc (test for excess errors)
FAIL: 21_strings/basic_string/inserters_extractors/char/11.cc (test for excess errors)
FAIL: 21_strings/basic_string/inserters_extractors/char/4.cc (test for excess errors)
FAIL: 21_strings/basic_string/inserters_extractors/char/5.cc (test for excess errors)
FAIL: 21_strings/basic_string/inserters_extractors/char/6.cc (test for excess errors)
FAIL: 21_strings/basic_string/inserters_extractors/char/7.cc (test for excess errors)
FAIL: 21_strings/basic_string/inserters_extractors/char/8.cc (test for excess errors)
FAIL: 21_strings/basic_string/inserters_extractors/char/9.cc (test for excess errors)
FAIL: 21_strings/basic_string/inserters_extractors/pod/10081-in.cc (test for excess errors)
FAIL: 21_strings/basic_string/inserters_extractors/pod/10081-out.cc (test for excess errors)
FAIL: 21_strings/basic_string/inserters_extractors/wchar_t/1.cc (test for excess errors)
FAIL: 21_strings/basic_string/inserters_extractors/wchar_t/10.cc (test for excess errors)
FAIL: 21_strings/basic_string/inserters_extractors/wchar_t/11.cc (test for excess errors)
FAIL: 21_strings/basic_string/inserters_extractors/wchar_t/4.cc (test for excess errors)
FAIL: 21_strings/basic_string/inserters_extractors/wchar_t/5.cc (test for excess errors)
FAIL: 21_strings/basic_string/inserters_extractors/wchar_t/6.cc (test for excess errors)
FAIL: 21_strings/basic_string/inserters_extractors/wchar_t/7.cc (test for excess errors)
FAIL: 21_strings/basic_string/inserters_extractors/wchar_t/8.cc (test for excess errors)
FAIL: 21_strings/basic_string/inserters_extractors/wchar_t/9.cc (test for excess errors)
FAIL: 21_strings/basic_string/operators/char/1.cc (test for excess errors)
FAIL: 21_strings/basic_string/operators/char/2.cc (test for excess errors)
FAIL: 21_strings/basic_string/operators/wchar_t/1.cc (test for excess errors)
FAIL: 21_strings/basic_string/operators/wchar_t/2.cc (test for excess errors)
FAIL: 21_strings/basic_string/replace/char/1.cc (test for excess errors)
FAIL: 21_strings/basic_string/replace/char/2.cc (test for excess errors)
FAIL: 21_strings/basic_string/replace/char/3.cc (test for excess errors)
FAIL: 21_strings/basic_string/replace/char/4.cc (test for excess errors)
FAIL: 21_strings/basic_string/replace/char/5.cc (test for excess errors)
FAIL: 21_strings/basic_string/replace/char/6.cc (test for excess errors)
FAIL: 21_strings/basic_string/replace/wchar_t/1.cc (test for excess errors)
FAIL: 21_strings/basic_string/replace/wchar_t/2.cc (test for excess errors)
FAIL: 21_strings/basic_string/replace/wchar_t/3.cc (test for excess errors)
FAIL: 21_strings/basic_string/replace/wchar_t/4.cc (test for excess errors)
FAIL: 21_strings/basic_string/replace/wchar_t/5.cc (test for excess errors)
FAIL: 21_strings/basic_string/replace/wchar_t/6.cc (test for excess errors)
FAIL: 21_strings/basic_string/rfind/char/1.cc (test for excess errors)
FAIL: 21_strings/basic_string/rfind/char/2.cc (test for excess errors)
FAIL: 21_strings/basic_string/rfind/char/3.cc (test for excess errors)
FAIL: 21_strings/basic_string/rfind/wchar_t/1.cc (test for excess errors)
FAIL: 21_strings/basic_string/rfind/wchar_t/2.cc (test for excess errors)
FAIL: 21_strings/basic_string/rfind/wchar_t/3.cc (test for excess errors)
FAIL: 21_strings/basic_string/substr/char/1.cc (test for excess errors)
FAIL: 21_strings/basic_string/substr/wchar_t/1.cc (test for excess errors)
FAIL: 21_strings/c_strings/char/1.cc (test for excess errors)
FAIL: 21_strings/c_strings/char/2.cc (test for excess errors)
FAIL: 21_strings/c_strings/wchar_t/1.cc (test for excess errors)
FAIL: 21_strings/c_strings/wchar_t/2.cc (test for excess errors)
FAIL: 21_strings/char_traits/requirements/char/1.cc (test for excess errors)
FAIL: 21_strings/char_traits/requirements/short/1.cc (test for excess errors)
FAIL: 21_strings/char_traits/requirements/wchar_t/1.cc (test for excess errors)
FAIL: 21_strings/char_traits/typedefs/char/1.cc (test for excess errors)
FAIL: 22_locale/codecvt/always_noconv/char/1.cc (test for excess errors)
FAIL: 22_locale/codecvt/always_noconv/char/wrapped_env.cc (test for excess errors)
FAIL: 22_locale/codecvt/always_noconv/char/wrapped_locale.cc (test for excess errors)
FAIL: 22_locale/codecvt/always_noconv/wchar_t/1.cc (test for excess errors)
FAIL: 22_locale/codecvt/always_noconv/wchar_t/2.cc (test for excess errors)
FAIL: 22_locale/codecvt/always_noconv/wchar_t/3.cc (test for excess errors)
FAIL: 22_locale/codecvt/always_noconv/wchar_t/4.cc (test for excess errors)
FAIL: 22_locale/codecvt/always_noconv/wchar_t/wrapped_env.cc (test for excess errors)
FAIL: 22_locale/codecvt/always_noconv/wchar_t/wrapped_locale.cc (test for excess errors)
FAIL: 22_locale/codecvt/encoding/char/1.cc (test for excess errors)
FAIL: 22_locale/codecvt/encoding/char/wrapped_env.cc (test for excess errors)
FAIL: 22_locale/codecvt/encoding/char/wrapped_locale.cc (test for excess errors)
FAIL: 22_locale/codecvt/encoding/wchar_t/1.cc (test for excess errors)
FAIL: 22_locale/codecvt/encoding/wchar_t/2.cc (test for excess errors)
FAIL: 22_locale/codecvt/encoding/wchar_t/3.cc (test for excess errors)
FAIL: 22_locale/codecvt/encoding/wchar_t/4.cc (test for excess errors)
FAIL: 22_locale/codecvt/encoding/wchar_t/wrapped_env.cc (test for excess errors)
FAIL: 22_locale/codecvt/encoding/wchar_t/wrapped_locale.cc (test for excess errors)
FAIL: 22_locale/codecvt/in/char/1.cc (test for excess errors)
FAIL: 22_locale/codecvt/in/char/wrapped_env.cc (test for excess errors)
FAIL: 22_locale/codecvt/in/char/wrapped_locale.cc (test for excess errors)
FAIL: 22_locale/codecvt/in/wchar_t/1.cc (test for excess errors)
FAIL: 22_locale/codecvt/in/wchar_t/2.cc (test for excess errors)
FAIL: 22_locale/codecvt/in/wchar_t/3.cc (test for excess errors)
FAIL: 22_locale/codecvt/in/wchar_t/4.cc (test for excess errors)
FAIL: 22_locale/codecvt/in/wchar_t/5.cc (test for excess errors)
FAIL: 22_locale/codecvt/in/wchar_t/6.cc (test for excess errors)
FAIL: 22_locale/codecvt/in/wchar_t/7.cc (test for excess errors)
FAIL: 22_locale/codecvt/in/wchar_t/8.cc (test for excess errors)
FAIL: 22_locale/codecvt/in/wchar_t/9.cc (test for excess errors)
FAIL: 22_locale/codecvt/in/wchar_t/wrapped_env.cc (test for excess errors)
FAIL: 22_locale/codecvt/in/wchar_t/wrapped_locale.cc (test for excess errors)
FAIL: 22_locale/codecvt/length/char/1.cc (test for excess errors)
FAIL: 22_locale/codecvt/length/char/2.cc (test for excess errors)
FAIL: 22_locale/codecvt/length/char/wrapped_env.cc (test for excess errors)
FAIL: 22_locale/codecvt/length/char/wrapped_locale.cc (test for excess errors)
FAIL: 22_locale/codecvt/length/wchar_t/1.cc (test for excess errors)
FAIL: 22_locale/codecvt/length/wchar_t/2.cc (test for excess errors)
FAIL: 22_locale/codecvt/length/wchar_t/3.cc (test for excess errors)
FAIL: 22_locale/codecvt/length/wchar_t/4.cc (test for excess errors)
FAIL: 22_locale/codecvt/length/wchar_t/5.cc (test for excess errors)
FAIL: 22_locale/codecvt/length/wchar_t/6.cc (test for excess errors)
FAIL: 22_locale/codecvt/length/wchar_t/7.cc (test for excess errors)
FAIL: 22_locale/codecvt/length/wchar_t/wrapped_env.cc (test for excess errors)
FAIL: 22_locale/codecvt/length/wchar_t/wrapped_locale.cc (test for excess errors)
FAIL: 22_locale/codecvt/max_length/char/1.cc (test for excess errors)
FAIL: 22_locale/codecvt/max_length/char/wrapped_env.cc (test for excess errors)
FAIL: 22_locale/codecvt/max_length/char/wrapped_locale.cc (test for excess errors)
FAIL: 22_locale/codecvt/max_length/wchar_t/1.cc (test for excess errors)
FAIL: 22_locale/codecvt/max_length/wchar_t/2.cc (test for excess errors)
FAIL: 22_locale/codecvt/max_length/wchar_t/3.cc (test for excess errors)
FAIL: 22_locale/codecvt/max_length/wchar_t/4.cc (test for excess errors)
FAIL: 22_locale/codecvt/max_length/wchar_t/wrapped_env.cc (test for excess errors)
FAIL: 22_locale/codecvt/max_length/wchar_t/wrapped_locale.cc (test for excess errors)
FAIL: 22_locale/codecvt/out/char/1.cc (test for excess errors)
FAIL: 22_locale/codecvt/out/char/wrapped_env.cc (test for excess errors)
FAIL: 22_locale/codecvt/out/char/wrapped_locale.cc (test for excess errors)
FAIL: 22_locale/codecvt/out/wchar_t/1.cc (test for excess errors)
FAIL: 22_locale/codecvt/out/wchar_t/2.cc (test for excess errors)
FAIL: 22_locale/codecvt/out/wchar_t/3.cc (test for excess errors)
FAIL: 22_locale/codecvt/out/wchar_t/4.cc (test for excess errors)
FAIL: 22_locale/codecvt/out/wchar_t/5.cc (test for excess errors)
FAIL: 22_locale/codecvt/out/wchar_t/6.cc (test for excess errors)
FAIL: 22_locale/codecvt/out/wchar_t/7.cc (test for excess errors)
FAIL: 22_locale/codecvt/out/wchar_t/wrapped_env.cc (test for excess errors)
FAIL: 22_locale/codecvt/out/wchar_t/wrapped_locale.cc (test for excess errors)
FAIL: 22_locale/codecvt/unicode/1.cc (test for excess errors)
FAIL: 22_locale/codecvt/unicode/char.cc (test for excess errors)
FAIL: 22_locale/codecvt/unicode/wchar_t.cc (test for excess errors)
FAIL: 22_locale/codecvt/unshift/char/1.cc (test for excess errors)
FAIL: 22_locale/codecvt/unshift/char/wrapped_env.cc (test for excess errors)
FAIL: 22_locale/codecvt/unshift/char/wrapped_locale.cc (test for excess errors)
FAIL: 22_locale/codecvt/unshift/wchar_t/1.cc (test for excess errors)
FAIL: 22_locale/codecvt/unshift/wchar_t/2.cc (test for excess errors)
FAIL: 22_locale/codecvt/unshift/wchar_t/3.cc (test for excess errors)
FAIL: 22_locale/codecvt/unshift/wchar_t/4.cc (test for excess errors)
FAIL: 22_locale/codecvt/unshift/wchar_t/wrapped_env.cc (test for excess errors)
FAIL: 22_locale/codecvt/unshift/wchar_t/wrapped_locale.cc (test for excess errors)
FAIL: 22_locale/collate/compare/char/1.cc (test for excess errors)
FAIL: 22_locale/collate/compare/char/2.cc (test for excess errors)
FAIL: 22_locale/collate/compare/char/3.cc (test for excess errors)
FAIL: 22_locale/collate/compare/char/wrapped_env.cc (test for excess errors)
FAIL: 22_locale/collate/compare/char/wrapped_locale.cc (test for excess errors)
FAIL: 22_locale/collate/compare/wchar_t/1.cc (test for excess errors)
FAIL: 22_locale/collate/compare/wchar_t/2.cc (test for excess errors)
FAIL: 22_locale/collate/compare/wchar_t/3.cc (test for excess errors)
FAIL: 22_locale/collate/compare/wchar_t/wrapped_env.cc (test for excess errors)
FAIL: 22_locale/collate/compare/wchar_t/wrapped_locale.cc (test for excess errors)
FAIL: 22_locale/collate/hash/char/1.cc (test for excess errors)
FAIL: 22_locale/collate/hash/char/2.cc (test for excess errors)
FAIL: 22_locale/collate/hash/char/wrapped_env.cc (test for excess errors)
FAIL: 22_locale/collate/hash/char/wrapped_locale.cc (test for excess errors)
FAIL: 22_locale/collate/hash/wchar_t/1.cc (test for excess errors)
FAIL: 22_locale/collate/hash/wchar_t/2.cc (test for excess errors)
FAIL: 22_locale/collate/hash/wchar_t/wrapped_env.cc (test for excess errors)
FAIL: 22_locale/collate/hash/wchar_t/wrapped_locale.cc (test for excess errors)
FAIL: 22_locale/collate/transform/char/2.cc (test for excess errors)
FAIL: 22_locale/collate/transform/char/3.cc (test for excess errors)
FAIL: 22_locale/collate/transform/char/wrapped_env.cc (test for excess errors)
FAIL: 22_locale/collate/transform/char/wrapped_locale.cc (test for excess errors)
FAIL: 22_locale/collate/transform/wchar_t/2.cc (test for excess errors)
FAIL: 22_locale/collate/transform/wchar_t/3.cc (test for excess errors)
FAIL: 22_locale/collate/transform/wchar_t/wrapped_env.cc (test for excess errors)
FAIL: 22_locale/collate/transform/wchar_t/wrapped_locale.cc (test for excess errors)
FAIL: 22_locale/collate_byname/named_equivalence.cc (test for excess errors)
FAIL: 22_locale/ctype/cons/char/1.cc (test for excess errors)
FAIL: 22_locale/ctype/cons/char/wrapped_env.cc (test for excess errors)
FAIL: 22_locale/ctype/cons/char/wrapped_locale.cc (test for excess errors)
FAIL: 22_locale/ctype/is/char/1.cc (test for excess errors)
FAIL: 22_locale/ctype/is/char/2.cc (test for excess errors)
FAIL: 22_locale/ctype/is/char/3.cc (test for excess errors)
FAIL: 22_locale/ctype/is/char/9858.cc (test for excess errors)
FAIL: 22_locale/ctype/is/char/wrapped_env.cc (test for excess errors)
FAIL: 22_locale/ctype/is/char/wrapped_locale.cc (test for excess errors)
FAIL: 22_locale/ctype/is/wchar_t/1.cc (test for excess errors)
FAIL: 22_locale/ctype/is/wchar_t/11740.cc (test for excess errors)
FAIL: 22_locale/ctype/is/wchar_t/2.cc (test for excess errors)
FAIL: 22_locale/ctype/is/wchar_t/wrapped_env.cc (test for excess errors)
FAIL: 22_locale/ctype/is/wchar_t/wrapped_locale.cc (test for excess errors)
FAIL: 22_locale/ctype/narrow/char/1.cc (test for excess errors)
FAIL: 22_locale/ctype/narrow/char/19955.cc (test for excess errors)
FAIL: 22_locale/ctype/narrow/char/2.cc (test for excess errors)
FAIL: 22_locale/ctype/narrow/char/wrapped_env.cc (test for excess errors)
FAIL: 22_locale/ctype/narrow/char/wrapped_locale.cc (test for excess errors)
FAIL: 22_locale/ctype/narrow/wchar_t/1.cc (test for excess errors)
FAIL: 22_locale/ctype/narrow/wchar_t/2.cc (test for excess errors)
FAIL: 22_locale/ctype/narrow/wchar_t/3.cc (test for excess errors)
FAIL: 22_locale/ctype/narrow/wchar_t/wrapped_env.cc (test for excess errors)
FAIL: 22_locale/ctype/narrow/wchar_t/wrapped_locale.cc (test for excess errors)
FAIL: 22_locale/ctype/scan/char/1.cc (test for excess errors)
FAIL: 22_locale/ctype/scan/char/wrapped_env.cc (test for excess errors)
FAIL: 22_locale/ctype/scan/char/wrapped_locale.cc (test for excess errors)
FAIL: 22_locale/ctype/scan/wchar_t/1.cc (test for excess errors)
FAIL: 22_locale/ctype/scan/wchar_t/wrapped_env.cc (test for excess errors)
FAIL: 22_locale/ctype/scan/wchar_t/wrapped_locale.cc (test for excess errors)
FAIL: 22_locale/ctype/to/char/1.cc (test for excess errors)
FAIL: 22_locale/ctype/to/char/wrapped_env.cc (test for excess errors)
FAIL: 22_locale/ctype/to/char/wrapped_locale.cc (test for excess errors)
FAIL: 22_locale/ctype/to/wchar_t/1.cc (test for excess errors)
FAIL: 22_locale/ctype/to/wchar_t/wrapped_env.cc (test for excess errors)
FAIL: 22_locale/ctype/to/wchar_t/wrapped_locale.cc (test for excess errors)
FAIL: 22_locale/ctype/widen/char/1.cc (test for excess errors)
FAIL: 22_locale/ctype/widen/char/wrapped_env.cc (test for excess errors)
FAIL: 22_locale/ctype/widen/char/wrapped_locale.cc (test for excess errors)
FAIL: 22_locale/ctype/widen/wchar_t/1.cc (test for excess errors)
FAIL: 22_locale/ctype/widen/wchar_t/2.cc (test for excess errors)
FAIL: 22_locale/ctype/widen/wchar_t/3.cc (test for excess errors)
FAIL: 22_locale/ctype/widen/wchar_t/wrapped_env.cc (test for excess errors)
FAIL: 22_locale/ctype/widen/wchar_t/wrapped_locale.cc (test for excess errors)
FAIL: 22_locale/ctype_base/11844.cc (test for excess errors)
FAIL: 22_locale/facet/1.cc (test for excess errors)
FAIL: 22_locale/facet/2.cc (test for excess errors)
FAIL: 22_locale/global_templates/1.cc (test for excess errors)
FAIL: 22_locale/locale/13630.cc (test for excess errors)
FAIL: 22_locale/locale/cons/1.cc (test for excess errors)
FAIL: 22_locale/locale/cons/12352.cc (test for excess errors)
FAIL: 22_locale/locale/cons/12438.cc (test for excess errors)
FAIL: 22_locale/locale/cons/12658_thread.cc (test for excess errors)
XPASS: 22_locale/locale/cons/12658_thread.cc execution test
FAIL: 22_locale/locale/cons/2.cc (test for excess errors)
FAIL: 22_locale/locale/cons/4.cc (test for excess errors)
FAIL: 22_locale/locale/cons/5.cc (test for excess errors)
FAIL: 22_locale/locale/cons/6.cc (test for excess errors)
FAIL: 22_locale/locale/cons/7.cc (test for excess errors)
FAIL: 22_locale/locale/cons/7222-c.cc (test for excess errors)
FAIL: 22_locale/locale/cons/7222-env.cc (test for excess errors)
FAIL: 22_locale/locale/cons/8.cc (test for excess errors)
FAIL: 22_locale/locale/global_locale_objects/1.cc (test for excess errors)
FAIL: 22_locale/locale/global_locale_objects/14071.cc (test for excess errors)
FAIL: 22_locale/locale/global_locale_objects/2.cc (test for excess errors)
FAIL: 22_locale/locale/global_locale_objects/3.cc (test for excess errors)
FAIL: 22_locale/locale/operations/1.cc (test for excess errors)
FAIL: 22_locale/locale/operations/2.cc (test for excess errors)
FAIL: 22_locale/messages/members/char/1.cc (test for excess errors)
FAIL: 22_locale/messages/members/char/2.cc (test for excess errors)
FAIL: 22_locale/messages/members/char/3.cc (test for excess errors)
FAIL: 22_locale/messages/members/char/wrapped_env.cc (test for excess errors)
FAIL: 22_locale/messages/members/char/wrapped_locale.cc (test for excess errors)
FAIL: 22_locale/messages_byname/named_equivalence.cc (test for excess errors)
FAIL: 22_locale/money_get/get/char/1.cc (test for excess errors)
FAIL: 22_locale/money_get/get/char/10.cc (test for excess errors)
FAIL: 22_locale/money_get/get/char/11.cc (test for excess errors)
FAIL: 22_locale/money_get/get/char/11528.cc (test for excess errors)
FAIL: 22_locale/money_get/get/char/12.cc (test for excess errors)
FAIL: 22_locale/money_get/get/char/13.cc (test for excess errors)
FAIL: 22_locale/money_get/get/char/14.cc (test for excess errors)
FAIL: 22_locale/money_get/get/char/15.cc (test for excess errors)
FAIL: 22_locale/money_get/get/char/16.cc (test for excess errors)
FAIL: 22_locale/money_get/get/char/17.cc (test for excess errors)
FAIL: 22_locale/money_get/get/char/18.cc (test for excess errors)
FAIL: 22_locale/money_get/get/char/19.cc (test for excess errors)
FAIL: 22_locale/money_get/get/char/2.cc (test for excess errors)
FAIL: 22_locale/money_get/get/char/3.cc (test for excess errors)
FAIL: 22_locale/money_get/get/char/4.cc (test for excess errors)
FAIL: 22_locale/money_get/get/char/5.cc (test for excess errors)
FAIL: 22_locale/money_get/get/char/6.cc (test for excess errors)
FAIL: 22_locale/money_get/get/char/7.cc (test for excess errors)
FAIL: 22_locale/money_get/get/char/8.cc (test for excess errors)
FAIL: 22_locale/money_get/get/char/9.cc (test for excess errors)
FAIL: 22_locale/money_get/get/char/wrapped_env.cc (test for excess errors)
FAIL: 22_locale/money_get/get/char/wrapped_locale.cc (test for excess errors)
FAIL: 22_locale/money_get/get/wchar_t/1.cc (test for excess errors)
FAIL: 22_locale/money_get/get/wchar_t/10.cc (test for excess errors)
FAIL: 22_locale/money_get/get/wchar_t/11.cc (test for excess errors)
FAIL: 22_locale/money_get/get/wchar_t/11528.cc (test for excess errors)
FAIL: 22_locale/money_get/get/wchar_t/12.cc (test for excess errors)
FAIL: 22_locale/money_get/get/wchar_t/13.cc (test for excess errors)
FAIL: 22_locale/money_get/get/wchar_t/14.cc (test for excess errors)
FAIL: 22_locale/money_get/get/wchar_t/15.cc (test for excess errors)
FAIL: 22_locale/money_get/get/wchar_t/16.cc (test for excess errors)
FAIL: 22_locale/money_get/get/wchar_t/17.cc (test for excess errors)
FAIL: 22_locale/money_get/get/wchar_t/18.cc (test for excess errors)
FAIL: 22_locale/money_get/get/wchar_t/19.cc (test for excess errors)
FAIL: 22_locale/money_get/get/wchar_t/2.cc (test for excess errors)
FAIL: 22_locale/money_get/get/wchar_t/3.cc (test for excess errors)
FAIL: 22_locale/money_get/get/wchar_t/4.cc (test for excess errors)
FAIL: 22_locale/money_get/get/wchar_t/5.cc (test for excess errors)
FAIL: 22_locale/money_get/get/wchar_t/6.cc (test for excess errors)
FAIL: 22_locale/money_get/get/wchar_t/7.cc (test for excess errors)
FAIL: 22_locale/money_get/get/wchar_t/8.cc (test for excess errors)
FAIL: 22_locale/money_get/get/wchar_t/9.cc (test for excess errors)
FAIL: 22_locale/money_get/get/wchar_t/wrapped_env.cc (test for excess errors)
FAIL: 22_locale/money_get/get/wchar_t/wrapped_locale.cc (test for excess errors)
FAIL: 22_locale/money_put/put/char/1.cc (test for excess errors)
FAIL: 22_locale/money_put/put/char/12971.cc (test for excess errors)
FAIL: 22_locale/money_put/put/char/2.cc (test for excess errors)
FAIL: 22_locale/money_put/put/char/3.cc (test for excess errors)
FAIL: 22_locale/money_put/put/char/4.cc (test for excess errors)
FAIL: 22_locale/money_put/put/char/5.cc (test for excess errors)
FAIL: 22_locale/money_put/put/char/6.cc (test for excess errors)
FAIL: 22_locale/money_put/put/char/9780-3.cc (test for excess errors)
FAIL: 22_locale/money_put/put/char/wrapped_env.cc (test for excess errors)
FAIL: 22_locale/money_put/put/char/wrapped_locale.cc (test for excess errors)
FAIL: 22_locale/money_put/put/wchar_t/1.cc (test for excess errors)
FAIL: 22_locale/money_put/put/wchar_t/12971.cc (test for excess errors)
FAIL: 22_locale/money_put/put/wchar_t/2.cc (test for excess errors)
FAIL: 22_locale/money_put/put/wchar_t/3.cc (test for excess errors)
FAIL: 22_locale/money_put/put/wchar_t/4.cc (test for excess errors)
FAIL: 22_locale/money_put/put/wchar_t/5.cc (test for excess errors)
FAIL: 22_locale/money_put/put/wchar_t/6.cc (test for excess errors)
FAIL: 22_locale/money_put/put/wchar_t/wrapped_env.cc (test for excess errors)
FAIL: 22_locale/money_put/put/wchar_t/wrapped_locale.cc (test for excess errors)
FAIL: 22_locale/moneypunct/members/char/1.cc (test for excess errors)
FAIL: 22_locale/moneypunct/members/char/2.cc (test for excess errors)
FAIL: 22_locale/moneypunct/members/char/wrapped_env.cc (test for excess errors)
FAIL: 22_locale/moneypunct/members/char/wrapped_locale.cc (test for excess errors)
FAIL: 22_locale/moneypunct/members/wchar_t/1.cc (test for excess errors)
FAIL: 22_locale/moneypunct/members/wchar_t/2.cc (test for excess errors)
FAIL: 22_locale/moneypunct/members/wchar_t/wrapped_env.cc (test for excess errors)
FAIL: 22_locale/moneypunct/members/wchar_t/wrapped_locale.cc (test for excess errors)
FAIL: 22_locale/moneypunct_byname/named_equivalence.cc (test for excess errors)
FAIL: 22_locale/num_get/get/char/1.cc (test for excess errors)
FAIL: 22_locale/num_get/get/char/10.cc (test for excess errors)
FAIL: 22_locale/num_get/get/char/11.cc (test for excess errors)
FAIL: 22_locale/num_get/get/char/12.cc (test for excess errors)
FAIL: 22_locale/num_get/get/char/13.cc (test for excess errors)
FAIL: 22_locale/num_get/get/char/14.cc (test for excess errors)
FAIL: 22_locale/num_get/get/char/15.cc (test for excess errors)
FAIL: 22_locale/num_get/get/char/2.cc (test for excess errors)
FAIL: 22_locale/num_get/get/char/3.cc (test for excess errors)
FAIL: 22_locale/num_get/get/char/4.cc (test for excess errors)
FAIL: 22_locale/num_get/get/char/5.cc (test for excess errors)
FAIL: 22_locale/num_get/get/char/6.cc (test for excess errors)
FAIL: 22_locale/num_get/get/char/7.cc (test for excess errors)
FAIL: 22_locale/num_get/get/char/8.cc (test for excess errors)
FAIL: 22_locale/num_get/get/char/9.cc (test for excess errors)
FAIL: 22_locale/num_get/get/char/wrapped_env.cc (test for excess errors)
FAIL: 22_locale/num_get/get/char/wrapped_locale.cc (test for excess errors)
FAIL: 22_locale/num_get/get/wchar_t/1.cc (test for excess errors)
FAIL: 22_locale/num_get/get/wchar_t/10.cc (test for excess errors)
FAIL: 22_locale/num_get/get/wchar_t/11.cc (test for excess errors)
FAIL: 22_locale/num_get/get/wchar_t/12.cc (test for excess errors)
FAIL: 22_locale/num_get/get/wchar_t/13.cc (test for excess errors)
FAIL: 22_locale/num_get/get/wchar_t/14.cc (test for excess errors)
FAIL: 22_locale/num_get/get/wchar_t/15.cc (test for excess errors)
FAIL: 22_locale/num_get/get/wchar_t/2.cc (test for excess errors)
FAIL: 22_locale/num_get/get/wchar_t/3.cc (test for excess errors)
FAIL: 22_locale/num_get/get/wchar_t/4.cc (test for excess errors)
FAIL: 22_locale/num_get/get/wchar_t/5.cc (test for excess errors)
FAIL: 22_locale/num_get/get/wchar_t/6.cc (test for excess errors)
FAIL: 22_locale/num_get/get/wchar_t/7.cc (test for excess errors)
FAIL: 22_locale/num_get/get/wchar_t/8.cc (test for excess errors)
FAIL: 22_locale/num_get/get/wchar_t/9.cc (test for excess errors)
FAIL: 22_locale/num_get/get/wchar_t/wrapped_env.cc (test for excess errors)
FAIL: 22_locale/num_get/get/wchar_t/wrapped_locale.cc (test for excess errors)
FAIL: 22_locale/num_put/put/char/1.cc (test for excess errors)
FAIL: 22_locale/num_put/put/char/14220.cc (test for excess errors)
FAIL: 22_locale/num_put/put/char/15565.cc (test for excess errors)
FAIL: 22_locale/num_put/put/char/2.cc (test for excess errors)
FAIL: 22_locale/num_put/put/char/3.cc (test for excess errors)
FAIL: 22_locale/num_put/put/char/4.cc (test for excess errors)
FAIL: 22_locale/num_put/put/char/5.cc (test for excess errors)
FAIL: 22_locale/num_put/put/char/6.cc (test for excess errors)
FAIL: 22_locale/num_put/put/char/7.cc (test for excess errors)
FAIL: 22_locale/num_put/put/char/8.cc (test for excess errors)
FAIL: 22_locale/num_put/put/char/9.cc (test for excess errors)
FAIL: 22_locale/num_put/put/char/9780-2.cc (test for excess errors)
FAIL: 22_locale/num_put/put/char/wrapped_env.cc (test for excess errors)
FAIL: 22_locale/num_put/put/char/wrapped_locale.cc (test for excess errors)
FAIL: 22_locale/num_put/put/wchar_t/1.cc (test for excess errors)
FAIL: 22_locale/num_put/put/wchar_t/14220.cc (test for excess errors)
FAIL: 22_locale/num_put/put/wchar_t/15565.cc (test for excess errors)
FAIL: 22_locale/num_put/put/wchar_t/2.cc (test for excess errors)
FAIL: 22_locale/num_put/put/wchar_t/3.cc (test for excess errors)
FAIL: 22_locale/num_put/put/wchar_t/4.cc (test for excess errors)
FAIL: 22_locale/num_put/put/wchar_t/5.cc (test for excess errors)
FAIL: 22_locale/num_put/put/wchar_t/6.cc (test for excess errors)
FAIL: 22_locale/num_put/put/wchar_t/7.cc (test for excess errors)
FAIL: 22_locale/num_put/put/wchar_t/8.cc (test for excess errors)
FAIL: 22_locale/num_put/put/wchar_t/9.cc (test for excess errors)
FAIL: 22_locale/num_put/put/wchar_t/wrapped_env.cc (test for excess errors)
FAIL: 22_locale/num_put/put/wchar_t/wrapped_locale.cc (test for excess errors)
FAIL: 22_locale/numpunct/members/char/1.cc (test for excess errors)
FAIL: 22_locale/numpunct/members/char/2.cc (test for excess errors)
FAIL: 22_locale/numpunct/members/char/3.cc (test for excess errors)
FAIL: 22_locale/numpunct/members/char/cache_1.cc (test for excess errors)
FAIL: 22_locale/numpunct/members/char/cache_2.cc (test for excess errors)
FAIL: 22_locale/numpunct/members/char/wrapped_env.cc (test for excess errors)
FAIL: 22_locale/numpunct/members/char/wrapped_locale.cc (test for excess errors)
FAIL: 22_locale/numpunct/members/pod/1.cc (test for excess errors)
FAIL: 22_locale/numpunct/members/pod/2.cc (test for excess errors)
FAIL: 22_locale/numpunct/members/wchar_t/1.cc (test for excess errors)
FAIL: 22_locale/numpunct/members/wchar_t/2.cc (test for excess errors)
FAIL: 22_locale/numpunct/members/wchar_t/cache_1.cc (test for excess errors)
FAIL: 22_locale/numpunct/members/wchar_t/cache_2.cc (test for excess errors)
FAIL: 22_locale/numpunct/members/wchar_t/wrapped_env.cc (test for excess errors)
FAIL: 22_locale/numpunct/members/wchar_t/wrapped_locale.cc (test for excess errors)
FAIL: 22_locale/numpunct_byname/named_equivalence.cc (test for excess errors)
FAIL: 22_locale/time_get/date_order/char/1.cc (test for excess errors)
FAIL: 22_locale/time_get/date_order/char/wrapped_env.cc (test for excess errors)
FAIL: 22_locale/time_get/date_order/char/wrapped_locale.cc (test for excess errors)
FAIL: 22_locale/time_get/date_order/wchar_t/1.cc (test for excess errors)
FAIL: 22_locale/time_get/date_order/wchar_t/wrapped_env.cc (test for excess errors)
FAIL: 22_locale/time_get/date_order/wchar_t/wrapped_locale.cc (test for excess errors)
FAIL: 22_locale/time_get/get_date/char/1.cc (test for excess errors)
FAIL: 22_locale/time_get/get_date/char/12750.cc (test for excess errors)
FAIL: 22_locale/time_get/get_date/char/12791.cc (test for excess errors)
FAIL: 22_locale/time_get/get_date/char/2.cc (test for excess errors)
FAIL: 22_locale/time_get/get_date/char/3.cc (test for excess errors)
FAIL: 22_locale/time_get/get_date/char/wrapped_env.cc (test for excess errors)
FAIL: 22_locale/time_get/get_date/char/wrapped_locale.cc (test for excess errors)
FAIL: 22_locale/time_get/get_date/wchar_t/1.cc (test for excess errors)
FAIL: 22_locale/time_get/get_date/wchar_t/12750.cc (test for excess errors)
FAIL: 22_locale/time_get/get_date/wchar_t/12791.cc (test for excess errors)
FAIL: 22_locale/time_get/get_date/wchar_t/2.cc (test for excess errors)
FAIL: 22_locale/time_get/get_date/wchar_t/3.cc (test for excess errors)
FAIL: 22_locale/time_get/get_date/wchar_t/4.cc (test for excess errors)
FAIL: 22_locale/time_get/get_date/wchar_t/wrapped_env.cc (test for excess errors)
FAIL: 22_locale/time_get/get_date/wchar_t/wrapped_locale.cc (test for excess errors)
FAIL: 22_locale/time_get/get_monthname/char/1.cc (test for excess errors)
FAIL: 22_locale/time_get/get_monthname/char/2.cc (test for excess errors)
FAIL: 22_locale/time_get/get_monthname/char/3.cc (test for excess errors)
FAIL: 22_locale/time_get/get_monthname/char/4.cc (test for excess errors)
FAIL: 22_locale/time_get/get_monthname/char/wrapped_env.cc (test for excess errors)
FAIL: 22_locale/time_get/get_monthname/char/wrapped_locale.cc (test for excess errors)
FAIL: 22_locale/time_get/get_monthname/wchar_t/1.cc (test for excess errors)
FAIL: 22_locale/time_get/get_monthname/wchar_t/2.cc (test for excess errors)
FAIL: 22_locale/time_get/get_monthname/wchar_t/3.cc (test for excess errors)
FAIL: 22_locale/time_get/get_monthname/wchar_t/4.cc (test for excess errors)
FAIL: 22_locale/time_get/get_monthname/wchar_t/wrapped_env.cc (test for excess errors)
FAIL: 22_locale/time_get/get_monthname/wchar_t/wrapped_locale.cc (test for excess errors)
FAIL: 22_locale/time_get/get_time/char/1.cc (test for excess errors)
FAIL: 22_locale/time_get/get_time/char/2.cc (test for excess errors)
FAIL: 22_locale/time_get/get_time/char/3.cc (test for excess errors)
FAIL: 22_locale/time_get/get_time/char/4.cc (test for excess errors)
FAIL: 22_locale/time_get/get_time/char/wrapped_env.cc (test for excess errors)
FAIL: 22_locale/time_get/get_time/char/wrapped_locale.cc (test for excess errors)
FAIL: 22_locale/time_get/get_time/wchar_t/1.cc (test for excess errors)
FAIL: 22_locale/time_get/get_time/wchar_t/2.cc (test for excess errors)
FAIL: 22_locale/time_get/get_time/wchar_t/3.cc (test for excess errors)
FAIL: 22_locale/time_get/get_time/wchar_t/4.cc (test for excess errors)
FAIL: 22_locale/time_get/get_time/wchar_t/wrapped_env.cc (test for excess errors)
FAIL: 22_locale/time_get/get_time/wchar_t/wrapped_locale.cc (test for excess errors)
FAIL: 22_locale/time_get/get_weekday/char/1.cc (test for excess errors)
FAIL: 22_locale/time_get/get_weekday/char/2.cc (test for excess errors)
FAIL: 22_locale/time_get/get_weekday/char/3.cc (test for excess errors)
FAIL: 22_locale/time_get/get_weekday/char/wrapped_env.cc (test for excess errors)
FAIL: 22_locale/time_get/get_weekday/char/wrapped_locale.cc (test for excess errors)
FAIL: 22_locale/time_get/get_weekday/wchar_t/1.cc (test for excess errors)
FAIL: 22_locale/time_get/get_weekday/wchar_t/2.cc (test for excess errors)
FAIL: 22_locale/time_get/get_weekday/wchar_t/3.cc (test for excess errors)
FAIL: 22_locale/time_get/get_weekday/wchar_t/wrapped_env.cc (test for excess errors)
FAIL: 22_locale/time_get/get_weekday/wchar_t/wrapped_locale.cc (test for excess errors)
FAIL: 22_locale/time_get/get_year/char/1.cc (test for excess errors)
FAIL: 22_locale/time_get/get_year/char/3.cc (test for excess errors)
FAIL: 22_locale/time_get/get_year/char/wrapped_env.cc (test for excess errors)
FAIL: 22_locale/time_get/get_year/char/wrapped_locale.cc (test for excess errors)
FAIL: 22_locale/time_get/get_year/wchar_t/1.cc (test for excess errors)
FAIL: 22_locale/time_get/get_year/wchar_t/3.cc (test for excess errors)
FAIL: 22_locale/time_get/get_year/wchar_t/wrapped_env.cc (test for excess errors)
FAIL: 22_locale/time_get/get_year/wchar_t/wrapped_locale.cc (test for excess errors)
FAIL: 22_locale/time_put/put/char/1.cc (test for excess errors)
FAIL: 22_locale/time_put/put/char/10.cc (test for excess errors)
FAIL: 22_locale/time_put/put/char/12439_1.cc (test for excess errors)
FAIL: 22_locale/time_put/put/char/12439_3.cc (test for excess errors)
FAIL: 22_locale/time_put/put/char/17038.cc (test for excess errors)
FAIL: 22_locale/time_put/put/char/2.cc (test for excess errors)
FAIL: 22_locale/time_put/put/char/3.cc (test for excess errors)
FAIL: 22_locale/time_put/put/char/4.cc (test for excess errors)
FAIL: 22_locale/time_put/put/char/5.cc (test for excess errors)
FAIL: 22_locale/time_put/put/char/6.cc (test for excess errors)
FAIL: 22_locale/time_put/put/char/7.cc (test for excess errors)
FAIL: 22_locale/time_put/put/char/8.cc (test for excess errors)
FAIL: 22_locale/time_put/put/char/9.cc (test for excess errors)
FAIL: 22_locale/time_put/put/char/9780-1.cc (test for excess errors)
FAIL: 22_locale/time_put/put/char/wrapped_env.cc (test for excess errors)
FAIL: 22_locale/time_put/put/char/wrapped_locale.cc (test for excess errors)
FAIL: 22_locale/time_put/put/wchar_t/1.cc (test for excess errors)
FAIL: 22_locale/time_put/put/wchar_t/10.cc (test for excess errors)
FAIL: 22_locale/time_put/put/wchar_t/12439_1.cc (test for excess errors)
FAIL: 22_locale/time_put/put/wchar_t/12439_2.cc (test for excess errors)
FAIL: 22_locale/time_put/put/wchar_t/12439_3.cc (test for excess errors)
FAIL: 22_locale/time_put/put/wchar_t/17038.cc (test for excess errors)
FAIL: 22_locale/time_put/put/wchar_t/2.cc (test for excess errors)
FAIL: 22_locale/time_put/put/wchar_t/3.cc (test for excess errors)
FAIL: 22_locale/time_put/put/wchar_t/4.cc (test for excess errors)
FAIL: 22_locale/time_put/put/wchar_t/5.cc (test for excess errors)
FAIL: 22_locale/time_put/put/wchar_t/6.cc (test for excess errors)
FAIL: 22_locale/time_put/put/wchar_t/7.cc (test for excess errors)
FAIL: 22_locale/time_put/put/wchar_t/8.cc (test for excess errors)
FAIL: 22_locale/time_put/put/wchar_t/9.cc (test for excess errors)
FAIL: 22_locale/time_put/put/wchar_t/wrapped_env.cc (test for excess errors)
FAIL: 22_locale/time_put/put/wchar_t/wrapped_locale.cc (test for excess errors)
FAIL: 23_containers/bitset/cons/1.cc (test for excess errors)
FAIL: 23_containers/bitset/cons/16020.cc (test for excess errors)
FAIL: 23_containers/bitset/cons/6282.cc (test for excess errors)
FAIL: 23_containers/bitset/count/6124.cc (test for excess errors)
FAIL: 23_containers/bitset/ext/15361.cc (test for excess errors)
FAIL: 23_containers/bitset/input/1.cc (test for excess errors)
FAIL: 23_containers/bitset/invalidation/1.cc (test for excess errors)
FAIL: 23_containers/bitset/operations/1.cc (test for excess errors)
FAIL: 23_containers/bitset/operations/13838.cc (test for excess errors)
FAIL: 23_containers/bitset/operations/2.cc (test for excess errors)
FAIL: 23_containers/bitset/test/1.cc (test for excess errors)
FAIL: 23_containers/bitset/to_ulong/1.cc (test for excess errors)
FAIL: 23_containers/deque/cons/1.cc (test for excess errors)
FAIL: 23_containers/deque/cons/2.cc (test for excess errors)
FAIL: 23_containers/deque/cons/clear_allocator.cc (test for excess errors)
FAIL: 23_containers/deque/invalidation/1.cc (test for excess errors)
FAIL: 23_containers/deque/invalidation/2.cc (test for excess errors)
FAIL: 23_containers/deque/invalidation/3.cc (test for excess errors)
FAIL: 23_containers/deque/invalidation/4.cc (test for excess errors)
FAIL: 23_containers/deque/modifiers/swap.cc (test for excess errors)
FAIL: 23_containers/deque/operators/1.cc (test for excess errors)
FAIL: 23_containers/list/capacity/1.cc (test for excess errors)
FAIL: 23_containers/list/cons/1.cc (test for excess errors)
FAIL: 23_containers/list/cons/2.cc (test for excess errors)
FAIL: 23_containers/list/cons/3.cc (test for excess errors)
FAIL: 23_containers/list/cons/4.cc (test for excess errors)
FAIL: 23_containers/list/cons/5.cc (test for excess errors)
FAIL: 23_containers/list/cons/6.cc (test for excess errors)
FAIL: 23_containers/list/cons/7.cc (test for excess errors)
FAIL: 23_containers/list/cons/8.cc (test for excess errors)
FAIL: 23_containers/list/cons/9.cc (test for excess errors)
FAIL: 23_containers/list/cons/clear_allocator.cc (test for excess errors)
FAIL: 23_containers/list/invalidation/1.cc (test for excess errors)
FAIL: 23_containers/list/invalidation/2.cc (test for excess errors)
FAIL: 23_containers/list/invalidation/3.cc (test for excess errors)
FAIL: 23_containers/list/invalidation/4.cc (test for excess errors)
FAIL: 23_containers/list/modifiers/1.cc (test for excess errors)
FAIL: 23_containers/list/modifiers/2.cc (test for excess errors)
FAIL: 23_containers/list/modifiers/3.cc (test for excess errors)
FAIL: 23_containers/list/modifiers/swap.cc (test for excess errors)
FAIL: 23_containers/list/operators/1.cc (test for excess errors)
FAIL: 23_containers/list/operators/2.cc (test for excess errors)
FAIL: 23_containers/list/operators/3.cc (test for excess errors)
FAIL: 23_containers/list/operators/4.cc (test for excess errors)
FAIL: 23_containers/map/insert/1.cc (test for excess errors)
FAIL: 23_containers/map/insert/16813.cc (test for excess errors)
FAIL: 23_containers/map/invalidation/1.cc (test for excess errors)
FAIL: 23_containers/map/invalidation/2.cc (test for excess errors)
FAIL: 23_containers/map/modifiers/swap.cc (test for excess errors)
FAIL: 23_containers/map/operators/1.cc (test for excess errors)
FAIL: 23_containers/multimap/invalidation/1.cc (test for excess errors)
FAIL: 23_containers/multimap/invalidation/2.cc (test for excess errors)
FAIL: 23_containers/multimap/modifiers/swap.cc (test for excess errors)
FAIL: 23_containers/multiset/insert/1.cc (test for excess errors)
FAIL: 23_containers/multiset/invalidation/1.cc (test for excess errors)
FAIL: 23_containers/multiset/invalidation/2.cc (test for excess errors)
FAIL: 23_containers/multiset/modifiers/swap.cc (test for excess errors)
FAIL: 23_containers/priority_queue/members/7161.cc (test for excess errors)
FAIL: 23_containers/queue/members/7157.cc (test for excess errors)
FAIL: 23_containers/set/invalidation/1.cc (test for excess errors)
FAIL: 23_containers/set/invalidation/2.cc (test for excess errors)
FAIL: 23_containers/set/modifiers/swap.cc (test for excess errors)
FAIL: 23_containers/stack/members/7158.cc (test for excess errors)
FAIL: 23_containers/vector/bool/1.cc (test for excess errors)
FAIL: 23_containers/vector/bool/6886.cc (test for excess errors)
FAIL: 23_containers/vector/bool/clear_allocator.cc (test for excess errors)
FAIL: 23_containers/vector/capacity/1.cc (test for excess errors)
FAIL: 23_containers/vector/capacity/2.cc (test for excess errors)
FAIL: 23_containers/vector/capacity/8230.cc (test for excess errors)
FAIL: 23_containers/vector/cons/1.cc (test for excess errors)
FAIL: 23_containers/vector/cons/2.cc (test for excess errors)
FAIL: 23_containers/vector/cons/3.cc (test for excess errors)
FAIL: 23_containers/vector/cons/4.cc (test for excess errors)
FAIL: 23_containers/vector/cons/6513.cc (test for excess errors)
FAIL: 23_containers/vector/cons/clear_allocator.cc (test for excess errors)
FAIL: 23_containers/vector/element_access/1.cc (test for excess errors)
FAIL: 23_containers/vector/invalidation/1.cc (test for excess errors)
FAIL: 23_containers/vector/invalidation/2.cc (test for excess errors)
FAIL: 23_containers/vector/invalidation/3.cc (test for excess errors)
FAIL: 23_containers/vector/invalidation/4.cc (test for excess errors)
FAIL: 23_containers/vector/modifiers/1.cc (test for excess errors)
FAIL: 23_containers/vector/modifiers/2.cc (test for excess errors)
FAIL: 23_containers/vector/modifiers/swap.cc (test for excess errors)
FAIL: 23_containers/vector/resize/1.cc (test for excess errors)
FAIL: 24_iterators/back_insert_iterator.cc (test for excess errors)
FAIL: 24_iterators/front_insert_iterator.cc (test for excess errors)
FAIL: 24_iterators/insert_iterator.cc (test for excess errors)
FAIL: 24_iterators/istream_iterator.cc (test for excess errors)
FAIL: 24_iterators/istreambuf_iterator/2.cc (test for excess errors)
FAIL: 24_iterators/istreambuf_iterator/2627.cc (test for excess errors)
FAIL: 24_iterators/iterator.cc (test for excess errors)
FAIL: 24_iterators/ostream_iterator.cc (test for excess errors)
FAIL: 24_iterators/ostreambuf_iterator/2.cc (test for excess errors)
FAIL: 24_iterators/rel_ops.cc (test for excess errors)
FAIL: 24_iterators/reverse_iterator/2.cc (test for excess errors)
FAIL: 24_iterators/reverse_iterator/3.cc (test for excess errors)
FAIL: 25_algorithms/binary_search.cc (test for excess errors)
FAIL: 25_algorithms/copy.cc (test for excess errors)
FAIL: 25_algorithms/equal.cc (test for excess errors)
FAIL: 25_algorithms/heap.cc (test for excess errors)
FAIL: 25_algorithms/min_max.cc (test for excess errors)
FAIL: 25_algorithms/partition.cc (test for excess errors)
FAIL: 25_algorithms/rotate.cc (test for excess errors)
FAIL: 25_algorithms/sort.cc (test for excess errors)
FAIL: 25_algorithms/unique/1.cc (test for excess errors)
FAIL: 25_algorithms/unique/11480.cc (test for excess errors)
FAIL: 25_algorithms/unique/2.cc (test for excess errors)
FAIL: 26_numerics/binary_closure.cc (test for excess errors)
FAIL: 26_numerics/buggy_complex.cc (test for excess errors)
FAIL: 26_numerics/c_math.cc (test for excess errors)
FAIL: 26_numerics/c_math_dynamic.cc (test for excess errors)
FAIL: 26_numerics/cmath/overloads.cc (test for excess errors)
FAIL: 26_numerics/complex/13450.cc (test for excess errors)
FAIL: 26_numerics/complex/pow.cc (test for excess errors)
FAIL: 26_numerics/complex/pow.cc execution test
FAIL: 26_numerics/complex_inserters_extractors.cc (test for excess errors)
FAIL: 26_numerics/complex_value.cc (test for excess errors)
FAIL: 26_numerics/fabs_inline.cc (test for excess errors)
WARNING: 26_numerics/fabs_inline.cc compilation failed to produce executable
FAIL: 26_numerics/slice.cc (test for excess errors)
FAIL: 26_numerics/slice_array_assignment.cc (test for excess errors)
FAIL: 26_numerics/sum_diff.cc (test for excess errors)
FAIL: 26_numerics/valarray.cc (test for excess errors)
FAIL: 26_numerics/valarray_const_bracket.cc (test for excess errors)
FAIL: 26_numerics/valarray_operators.cc (test for excess errors)
FAIL: 26_numerics/valarray_subset_assignment.cc (test for excess errors)
FAIL: 27_io/basic_filebuf/3.cc (test for excess errors)
FAIL: 27_io/basic_filebuf/4.cc (test for excess errors)
FAIL: 27_io/basic_filebuf/close/12790-1.cc (test for excess errors)
FAIL: 27_io/basic_filebuf/close/char/1.cc (test for excess errors)
FAIL: 27_io/basic_filebuf/close/char/12790-1.cc (test for excess errors)
FAIL: 27_io/basic_filebuf/close/char/12790-2.cc (test for excess errors)
FAIL: 27_io/basic_filebuf/close/char/12790-3.cc (test for excess errors)
FAIL: 27_io/basic_filebuf/close/char/12790-4.cc (test for excess errors)
FAIL: 27_io/basic_filebuf/close/char/2.cc (test for excess errors)
FAIL: 27_io/basic_filebuf/close/char/3.cc (test for excess errors)
FAIL: 27_io/basic_filebuf/close/char/4.cc (test for excess errors)
FAIL: 27_io/basic_filebuf/close/char/4879.cc (test for excess errors)
FAIL: 27_io/basic_filebuf/close/char/5.cc (test for excess errors)
FAIL: 27_io/basic_filebuf/close/char/9964.cc (test for excess errors)
FAIL: 27_io/basic_filebuf/close/wchar_t/12790-1.cc (test for excess errors)
FAIL: 27_io/basic_filebuf/close/wchar_t/12790-2.cc (test for excess errors)
FAIL: 27_io/basic_filebuf/close/wchar_t/12790-3.cc (test for excess errors)
FAIL: 27_io/basic_filebuf/close/wchar_t/12790-4.cc (test for excess errors)
FAIL: 27_io/basic_filebuf/cons/char/1.cc (test for excess errors)
FAIL: 27_io/basic_filebuf/cons/wchar_t/10132-1.cc (test for excess errors)
FAIL: 27_io/basic_filebuf/imbue/12206.cc (test for excess errors)
FAIL: 27_io/basic_filebuf/imbue/char/1.cc (test for excess errors)
FAIL: 27_io/basic_filebuf/imbue/char/13007.cc (test for excess errors)
FAIL: 27_io/basic_filebuf/imbue/char/13171-1.cc (test for excess errors)
FAIL: 27_io/basic_filebuf/imbue/char/13171-2.cc (test for excess errors)
FAIL: 27_io/basic_filebuf/imbue/char/13171-4.cc (test for excess errors)
FAIL: 27_io/basic_filebuf/imbue/char/13582-2.cc (test for excess errors)
FAIL: 27_io/basic_filebuf/imbue/char/14975-1.cc (test for excess errors)
FAIL: 27_io/basic_filebuf/imbue/char/2.cc (test for excess errors)
FAIL: 27_io/basic_filebuf/imbue/char/3.cc (test for excess errors)
FAIL: 27_io/basic_filebuf/imbue/char/9322.cc (test for excess errors)
FAIL: 27_io/basic_filebuf/imbue/wchar_t/1.cc (test for excess errors)
FAIL: 27_io/basic_filebuf/imbue/wchar_t/12868.cc (test for excess errors)
FAIL: 27_io/basic_filebuf/imbue/wchar_t/13007.cc (test for excess errors)
FAIL: 27_io/basic_filebuf/imbue/wchar_t/13171-3.cc (test for excess errors)
FAIL: 27_io/basic_filebuf/imbue/wchar_t/13582-2.cc (test for excess errors)
FAIL: 27_io/basic_filebuf/imbue/wchar_t/13582-3.cc (test for excess errors)
FAIL: 27_io/basic_filebuf/imbue/wchar_t/14975-2.cc (test for excess errors)
FAIL: 27_io/basic_filebuf/imbue/wchar_t/2.cc (test for excess errors)
FAIL: 27_io/basic_filebuf/imbue/wchar_t/3.cc (test for excess errors)
FAIL: 27_io/basic_filebuf/imbue/wchar_t/9322.cc (test for excess errors)
FAIL: 27_io/basic_filebuf/in_avail/char/1.cc (test for excess errors)
FAIL: 27_io/basic_filebuf/is_open/char/1.cc (test for excess errors)
FAIL: 27_io/basic_filebuf/open/12790-1.cc (test for excess errors)
FAIL: 27_io/basic_filebuf/open/char/1.cc (test for excess errors)
FAIL: 27_io/basic_filebuf/open/char/2.cc (test for excess errors)
FAIL: 27_io/basic_filebuf/open/char/3.cc (test for excess errors)
FAIL: 27_io/basic_filebuf/open/char/9507.cc (test for excess errors)
FAIL: 27_io/basic_filebuf/overflow/char/1.cc (test for excess errors)
FAIL: 27_io/basic_filebuf/overflow/char/13858.cc (test for excess errors)
FAIL: 27_io/basic_filebuf/overflow/char/2-unbuf.cc (test for excess errors)
FAIL: 27_io/basic_filebuf/overflow/char/2.cc (test for excess errors)
FAIL: 27_io/basic_filebuf/overflow/char/3599.cc (test for excess errors)
FAIL: 27_io/basic_filebuf/overflow/char/9169.cc (test for excess errors)
FAIL: 27_io/basic_filebuf/overflow/char/9182-2.cc (test for excess errors)
FAIL: 27_io/basic_filebuf/overflow/char/9988.cc (test for excess errors)
FAIL: 27_io/basic_filebuf/overflow/wchar_t/11305-1.cc (test for excess errors)
FAIL: 27_io/basic_filebuf/overflow/wchar_t/11305-2.cc (test for excess errors)
FAIL: 27_io/basic_filebuf/overflow/wchar_t/11305-3.cc (test for excess errors)
FAIL: 27_io/basic_filebuf/overflow/wchar_t/11305-4.cc (test for excess errors)
FAIL: 27_io/basic_filebuf/overflow/wchar_t/13858.cc (test for excess errors)
FAIL: 27_io/basic_filebuf/pbackfail/char/9761.cc (test for excess errors)
FAIL: 27_io/basic_filebuf/sbumpc/char/1-in.cc (test for excess errors)
FAIL: 27_io/basic_filebuf/sbumpc/char/1-io.cc (test for excess errors)
FAIL: 27_io/basic_filebuf/sbumpc/char/1-out.cc (test for excess errors)
FAIL: 27_io/basic_filebuf/sbumpc/char/2-in.cc (test for excess errors)
FAIL: 27_io/basic_filebuf/sbumpc/char/2-io.cc (test for excess errors)
FAIL: 27_io/basic_filebuf/sbumpc/char/2-out.cc (test for excess errors)
FAIL: 27_io/basic_filebuf/sbumpc/char/9825.cc (test for excess errors)
FAIL: 27_io/basic_filebuf/seekoff/10132-2.cc (test for excess errors)
FAIL: 27_io/basic_filebuf/seekoff/12790-1.cc (test for excess errors)
FAIL: 27_io/basic_filebuf/seekoff/12790-2.cc (test for excess errors)
FAIL: 27_io/basic_filebuf/seekoff/12790-3.cc (test for excess errors)
FAIL: 27_io/basic_filebuf/seekoff/12790-4.cc (test for excess errors)
FAIL: 27_io/basic_filebuf/seekoff/char/1-in.cc (test for excess errors)
FAIL: 27_io/basic_filebuf/seekoff/char/1-io.cc (test for excess errors)
FAIL: 27_io/basic_filebuf/seekoff/char/1-out.cc (test for excess errors)
FAIL: 27_io/basic_filebuf/seekoff/char/11543.cc (test for excess errors)
FAIL: 27_io/basic_filebuf/seekoff/char/12232.cc (test for excess errors)
FAIL: 27_io/basic_filebuf/seekoff/char/12790-1.cc (test for excess errors)
FAIL: 27_io/basic_filebuf/seekoff/char/12790-2.cc (test for excess errors)
FAIL: 27_io/basic_filebuf/seekoff/char/12790-3.cc (test for excess errors)
FAIL: 27_io/basic_filebuf/seekoff/char/12790-4.cc (test for excess errors)
FAIL: 27_io/basic_filebuf/seekoff/char/2-in.cc (test for excess errors)
FAIL: 27_io/basic_filebuf/seekoff/char/2-io.cc (test for excess errors)
FAIL: 27_io/basic_filebuf/seekoff/char/2-out.cc (test for excess errors)
FAIL: 27_io/basic_filebuf/seekoff/char/3-in.cc (test for excess errors)
FAIL: 27_io/basic_filebuf/seekoff/char/3-io.cc (test for excess errors)
FAIL: 27_io/basic_filebuf/seekoff/char/3-out.cc (test for excess errors)
FAIL: 27_io/basic_filebuf/seekoff/wchar_t/1.cc (test for excess errors)
FAIL: 27_io/basic_filebuf/seekoff/wchar_t/11543.cc (test for excess errors)
FAIL: 27_io/basic_filebuf/seekoff/wchar_t/12790-1.cc (test for excess errors)
FAIL: 27_io/basic_filebuf/seekoff/wchar_t/12790-2.cc (test for excess errors)
FAIL: 27_io/basic_filebuf/seekoff/wchar_t/12790-3.cc (test for excess errors)
FAIL: 27_io/basic_filebuf/seekoff/wchar_t/12790-4.cc (test for excess errors)
FAIL: 27_io/basic_filebuf/seekoff/wchar_t/2.cc (test for excess errors)
FAIL: 27_io/basic_filebuf/seekoff/wchar_t/3.cc (test for excess errors)
FAIL: 27_io/basic_filebuf/seekoff/wchar_t/9875_seekoff.cc (test for excess errors)
FAIL: 27_io/basic_filebuf/seekpos/10132-3.cc (test for excess errors)
FAIL: 27_io/basic_filebuf/seekpos/12790-1.cc (test for excess errors)
FAIL: 27_io/basic_filebuf/seekpos/12790-2.cc (test for excess errors)
FAIL: 27_io/basic_filebuf/seekpos/12790-3.cc (test for excess errors)
FAIL: 27_io/basic_filebuf/seekpos/char/1-in.cc (test for excess errors)
FAIL: 27_io/basic_filebuf/seekpos/char/1-io.cc (test for excess errors)
FAIL: 27_io/basic_filebuf/seekpos/char/1-out.cc (test for excess errors)
FAIL: 27_io/basic_filebuf/seekpos/char/12790-1.cc (test for excess errors)
FAIL: 27_io/basic_filebuf/seekpos/char/12790-2.cc (test for excess errors)
FAIL: 27_io/basic_filebuf/seekpos/char/12790-3.cc (test for excess errors)
FAIL: 27_io/basic_filebuf/seekpos/char/12790-4.cc (test for excess errors)
FAIL: 27_io/basic_filebuf/seekpos/char/2-in.cc (test for excess errors)
FAIL: 27_io/basic_filebuf/seekpos/char/2-io.cc (test for excess errors)
FAIL: 27_io/basic_filebuf/seekpos/char/2-out.cc (test for excess errors)
FAIL: 27_io/basic_filebuf/seekpos/char/3-in.cc (test for excess errors)
FAIL: 27_io/basic_filebuf/seekpos/char/3-io.cc (test for excess errors)
FAIL: 27_io/basic_filebuf/seekpos/char/3-out.cc (test for excess errors)
FAIL: 27_io/basic_filebuf/seekpos/wchar_t/1.cc (test for excess errors)
FAIL: 27_io/basic_filebuf/seekpos/wchar_t/12790-1.cc (test for excess errors)
FAIL: 27_io/basic_filebuf/seekpos/wchar_t/12790-2.cc (test for excess errors)
FAIL: 27_io/basic_filebuf/seekpos/wchar_t/12790-3.cc (test for excess errors)
FAIL: 27_io/basic_filebuf/seekpos/wchar_t/12790-4.cc (test for excess errors)
FAIL: 27_io/basic_filebuf/seekpos/wchar_t/9874.cc (test for excess errors)
FAIL: 27_io/basic_filebuf/seekpos/wchar_t/9875_seekpos.cc (test for excess errors)
FAIL: 27_io/basic_filebuf/setbuf/char/1.cc (test for excess errors)
FAIL: 27_io/basic_filebuf/setbuf/char/12875-1.cc (test for excess errors)
FAIL: 27_io/basic_filebuf/setbuf/char/12875-2.cc (test for excess errors)
FAIL: 27_io/basic_filebuf/setbuf/char/2.cc (test for excess errors)
FAIL: 27_io/basic_filebuf/setbuf/char/3.cc (test for excess errors)
FAIL: 27_io/basic_filebuf/sgetc/char/1-in.cc (test for excess errors)
FAIL: 27_io/basic_filebuf/sgetc/char/1-io.cc (test for excess errors)
FAIL: 27_io/basic_filebuf/sgetc/char/1-out.cc (test for excess errors)
FAIL: 27_io/basic_filebuf/sgetc/char/2-in.cc (test for excess errors)
FAIL: 27_io/basic_filebuf/sgetc/char/2-io.cc (test for excess errors)
FAIL: 27_io/basic_filebuf/sgetc/char/2-out.cc (test for excess errors)
FAIL: 27_io/basic_filebuf/sgetn/char/1-in.cc (test for excess errors)
FAIL: 27_io/basic_filebuf/sgetn/char/1-io.cc (test for excess errors)
FAIL: 27_io/basic_filebuf/sgetn/char/1-out.cc (test for excess errors)
FAIL: 27_io/basic_filebuf/sgetn/char/2-in.cc (test for excess errors)
FAIL: 27_io/basic_filebuf/sgetn/char/2-io.cc (test for excess errors)
FAIL: 27_io/basic_filebuf/sgetn/char/2-out.cc (test for excess errors)
FAIL: 27_io/basic_filebuf/sgetn/char/3.cc (test for excess errors)
FAIL: 27_io/basic_filebuf/showmanyc/char/9533-1.cc (test for excess errors)
FAIL: 27_io/basic_filebuf/showmanyc/char/9533-2.cc (test for excess errors)
FAIL: 27_io/basic_filebuf/snextc/char/1-in.cc (test for excess errors)
FAIL: 27_io/basic_filebuf/snextc/char/1-io.cc (test for excess errors)
FAIL: 27_io/basic_filebuf/snextc/char/1-out.cc (test for excess errors)
FAIL: 27_io/basic_filebuf/snextc/char/2-in.cc (test for excess errors)
FAIL: 27_io/basic_filebuf/snextc/char/2-io.cc (test for excess errors)
FAIL: 27_io/basic_filebuf/snextc/char/2-out.cc (test for excess errors)
FAIL: 27_io/basic_filebuf/sputbackc/char/1-in.cc (test for excess errors)
FAIL: 27_io/basic_filebuf/sputbackc/char/1-io.cc (test for excess errors)
FAIL: 27_io/basic_filebuf/sputbackc/char/1-out.cc (test for excess errors)
FAIL: 27_io/basic_filebuf/sputbackc/char/2-in.cc (test for excess errors)
FAIL: 27_io/basic_filebuf/sputbackc/char/2-io.cc (test for excess errors)
FAIL: 27_io/basic_filebuf/sputbackc/char/2-out.cc (test for excess errors)
FAIL: 27_io/basic_filebuf/sputbackc/char/9425.cc (test for excess errors)
FAIL: 27_io/basic_filebuf/sputc/char/1-in.cc (test for excess errors)
FAIL: 27_io/basic_filebuf/sputc/char/1-io.cc (test for excess errors)
FAIL: 27_io/basic_filebuf/sputc/char/1-out.cc (test for excess errors)
FAIL: 27_io/basic_filebuf/sputc/char/1057.cc (test for excess errors)
FAIL: 27_io/basic_filebuf/sputc/char/2-in.cc (test for excess errors)
FAIL: 27_io/basic_filebuf/sputc/char/2-io.cc (test for excess errors)
FAIL: 27_io/basic_filebuf/sputc/char/2-out.cc (test for excess errors)
FAIL: 27_io/basic_filebuf/sputc/char/9701-2.cc (test for excess errors)
FAIL: 27_io/basic_filebuf/sputn/char/1-in.cc (test for excess errors)
FAIL: 27_io/basic_filebuf/sputn/char/1-io.cc (test for excess errors)
FAIL: 27_io/basic_filebuf/sputn/char/1-out.cc (test for excess errors)
FAIL: 27_io/basic_filebuf/sputn/char/1057.cc (test for excess errors)
FAIL: 27_io/basic_filebuf/sputn/char/2-in.cc (test for excess errors)
FAIL: 27_io/basic_filebuf/sputn/char/2-io.cc (test for excess errors)
FAIL: 27_io/basic_filebuf/sputn/char/2-out.cc (test for excess errors)
FAIL: 27_io/basic_filebuf/sputn/char/9339.cc (test for excess errors)
FAIL: 27_io/basic_filebuf/sputn/char/9701-1.cc (test for excess errors)
FAIL: 27_io/basic_filebuf/sungetc/char/1-in.cc (test for excess errors)
FAIL: 27_io/basic_filebuf/sungetc/char/1-io.cc (test for excess errors)
FAIL: 27_io/basic_filebuf/sungetc/char/1-out.cc (test for excess errors)
FAIL: 27_io/basic_filebuf/sungetc/char/2-in.cc (test for excess errors)
FAIL: 27_io/basic_filebuf/sungetc/char/2-io.cc (test for excess errors)
FAIL: 27_io/basic_filebuf/sungetc/char/2-out.cc (test for excess errors)
FAIL: 27_io/basic_filebuf/sync/char/1.cc (test for excess errors)
FAIL: 27_io/basic_filebuf/sync/char/1057.cc (test for excess errors)
FAIL: 27_io/basic_filebuf/sync/char/9182-1.cc (test for excess errors)
FAIL: 27_io/basic_filebuf/sync/wchar_t/1.cc (test for excess errors)
FAIL: 27_io/basic_filebuf/underflow/10096.cc (test for excess errors)
FAIL: 27_io/basic_filebuf/underflow/char/1.cc (test for excess errors)
FAIL: 27_io/basic_filebuf/underflow/char/10097.cc (test for excess errors)
FAIL: 27_io/basic_filebuf/underflow/char/2.cc (test for excess errors)
FAIL: 27_io/basic_filebuf/underflow/char/9027.cc (test for excess errors)
FAIL: 27_io/basic_filebuf/underflow/wchar_t/1.cc (test for excess errors)
FAIL: 27_io/basic_filebuf/underflow/wchar_t/11389-1.cc (test for excess errors)
FAIL: 27_io/basic_filebuf/underflow/wchar_t/11389-2.cc (test for excess errors)
FAIL: 27_io/basic_filebuf/underflow/wchar_t/11389-3.cc (test for excess errors)
FAIL: 27_io/basic_filebuf/underflow/wchar_t/11389-4.cc (test for excess errors)
FAIL: 27_io/basic_filebuf/underflow/wchar_t/11544-1.cc (test for excess errors)
FAIL: 27_io/basic_filebuf/underflow/wchar_t/11544-2.cc (test for excess errors)
FAIL: 27_io/basic_filebuf/underflow/wchar_t/11603.cc (test for excess errors)
FAIL: 27_io/basic_filebuf/underflow/wchar_t/2.cc (test for excess errors)
FAIL: 27_io/basic_filebuf/underflow/wchar_t/3.cc (test for excess errors)
FAIL: 27_io/basic_filebuf/underflow/wchar_t/4.cc (test for excess errors)
FAIL: 27_io/basic_filebuf/underflow/wchar_t/5.cc (test for excess errors)
FAIL: 27_io/basic_filebuf/underflow/wchar_t/9178.cc (test for excess errors)
FAIL: 27_io/basic_filebuf/underflow/wchar_t/9520.cc (test for excess errors)
FAIL: 27_io/basic_fstream/4.cc (test for excess errors)
FAIL: 27_io/basic_fstream/rdbuf/char/2832.cc (test for excess errors)
FAIL: 27_io/basic_ifstream/4.cc (test for excess errors)
FAIL: 27_io/basic_ifstream/cons/char/1.cc (test for excess errors)
FAIL: 27_io/basic_ifstream/open/char/1.cc (test for excess errors)
FAIL: 27_io/basic_ifstream/rdbuf/char/2832.cc (test for excess errors)
FAIL: 27_io/basic_ios/3.cc (test for excess errors)
FAIL: 27_io/basic_ios/4.cc (test for excess errors)
FAIL: 27_io/basic_ios/clear/char/1.cc (test for excess errors)
FAIL: 27_io/basic_ios/cons/char/1.cc (test for excess errors)
FAIL: 27_io/basic_ios/cons/char/2.cc (test for excess errors)
FAIL: 27_io/basic_ios/cons/char/3.cc (test for excess errors)
FAIL: 27_io/basic_ios/copyfmt/char/1.cc (test for excess errors)
FAIL: 27_io/basic_ios/copyfmt/char/2.cc (test for excess errors)
FAIL: 27_io/basic_ios/exceptions/char/1.cc (test for excess errors)
FAIL: 27_io/basic_ios/exceptions/char/2.cc (test for excess errors)
FAIL: 27_io/basic_ios/imbue/14072.cc (test for excess errors)
FAIL: 27_io/basic_ios/locales/char/1.cc (test for excess errors)
FAIL: 27_io/basic_iostream/4.cc (test for excess errors)
FAIL: 27_io/basic_istream/4.cc (test for excess errors)
FAIL: 27_io/basic_istream/exceptions/char/9561.cc (test for excess errors)
FAIL: 27_io/basic_istream/extractors_arithmetic/char/01.cc (test for excess errors)
FAIL: 27_io/basic_istream/extractors_arithmetic/char/02.cc (test for excess errors)
FAIL: 27_io/basic_istream/extractors_arithmetic/char/03.cc (test for excess errors)
FAIL: 27_io/basic_istream/extractors_arithmetic/char/06.cc (test for excess errors)
FAIL: 27_io/basic_istream/extractors_arithmetic/char/07.cc (test for excess errors)
FAIL: 27_io/basic_istream/extractors_arithmetic/char/08.cc (test for excess errors)
FAIL: 27_io/basic_istream/extractors_arithmetic/char/09.cc (test for excess errors)
FAIL: 27_io/basic_istream/extractors_arithmetic/char/10.cc (test for excess errors)
FAIL: 27_io/basic_istream/extractors_arithmetic/char/11.cc (test for excess errors)
FAIL: 27_io/basic_istream/extractors_arithmetic/char/12.cc (test for excess errors)
FAIL: 27_io/basic_istream/extractors_arithmetic/char/13.cc (test for excess errors)
FAIL: 27_io/basic_istream/extractors_arithmetic/char/9555-ia.cc (test for excess errors)
FAIL: 27_io/basic_istream/extractors_arithmetic/char/exceptions_badbit_throw.cc (test for excess errors)
FAIL: 27_io/basic_istream/extractors_arithmetic/char/exceptions_failbit.cc (test for excess errors)
FAIL: 27_io/basic_istream/extractors_arithmetic/char/exceptions_failbit_throw.cc (test for excess errors)
FAIL: 27_io/basic_istream/extractors_arithmetic/pod/3983-1.cc (test for excess errors)
FAIL: 27_io/basic_istream/extractors_character/char/1.cc (test for excess errors)
FAIL: 27_io/basic_istream/extractors_character/char/11095-i.cc (test for excess errors)
FAIL: 27_io/basic_istream/extractors_character/char/2.cc (test for excess errors)
FAIL: 27_io/basic_istream/extractors_character/char/3.cc (test for excess errors)
FAIL: 27_io/basic_istream/extractors_character/char/9555-ic.cc (test for excess errors)
FAIL: 27_io/basic_istream/extractors_character/pod/3983-2.cc (test for excess errors)
FAIL: 27_io/basic_istream/extractors_other/char/1.cc (test for excess errors)
FAIL: 27_io/basic_istream/extractors_other/char/2.cc (test for excess errors)
FAIL: 27_io/basic_istream/extractors_other/char/3.cc (test for excess errors)
FAIL: 27_io/basic_istream/extractors_other/char/9318-in.cc (test for excess errors)
FAIL: 27_io/basic_istream/extractors_other/char/9424-in.cc (test for excess errors)
FAIL: 27_io/basic_istream/extractors_other/char/9555-io.cc (test for excess errors)
FAIL: 27_io/basic_istream/extractors_other/char/error_failbit.cc (test for excess errors)
FAIL: 27_io/basic_istream/extractors_other/char/exceptions_badbit_throw.cc (test for excess errors)
FAIL: 27_io/basic_istream/extractors_other/char/exceptions_failbit_throw.cc (test for excess errors)
FAIL: 27_io/basic_istream/extractors_other/char/exceptions_null.cc (test for excess errors)
FAIL: 27_io/basic_istream/extractors_other/pod/3983-3.cc (test for excess errors)
FAIL: 27_io/basic_istream/get/char/1.cc (test for excess errors)
FAIL: 27_io/basic_istream/get/char/2.cc (test for excess errors)
FAIL: 27_io/basic_istream/getline/char/1.cc (test for excess errors)
FAIL: 27_io/basic_istream/getline/char/2.cc (test for excess errors)
FAIL: 27_io/basic_istream/getline/char/3.cc (test for excess errors)
FAIL: 27_io/basic_istream/getline/char/4.cc (test for excess errors)
FAIL: 27_io/basic_istream/getline/char/5.cc (test for excess errors)
FAIL: 27_io/basic_istream/ignore/char/1.cc (test for excess errors)
FAIL: 27_io/basic_istream/ignore/char/2.cc (test for excess errors)
FAIL: 27_io/basic_istream/ignore/char/6360.cc (test for excess errors)
FAIL: 27_io/basic_istream/ignore/char/7220.cc (test for excess errors)
FAIL: 27_io/basic_istream/peek/char/1.cc (test for excess errors)
FAIL: 27_io/basic_istream/peek/char/12296.cc (test for excess errors)
FAIL: 27_io/basic_istream/peek/char/6414.cc (test for excess errors)
FAIL: 27_io/basic_istream/putback/char/1.cc (test for excess errors)
FAIL: 27_io/basic_istream/read/char/1.cc (test for excess errors)
FAIL: 27_io/basic_istream/read/char/2.cc (test for excess errors)
FAIL: 27_io/basic_istream/read/char/3.cc (test for excess errors)
FAIL: 27_io/basic_istream/readsome/char/6746-1.cc (test for excess errors)
FAIL: 27_io/basic_istream/readsome/char/6746-2.cc (test for excess errors)
FAIL: 27_io/basic_istream/readsome/char/8258.cc (test for excess errors)
FAIL: 27_io/basic_istream/seekg/char/2.cc (test for excess errors)
FAIL: 27_io/basic_istream/seekg/char/8348-1.cc (test for excess errors)
FAIL: 27_io/basic_istream/seekg/char/8348-2.cc (test for excess errors)
FAIL: 27_io/basic_istream/seekg/char/exceptions_badbit_throw.cc (test for excess errors)
FAIL: 27_io/basic_istream/seekg/char/fstream.cc (test for excess errors)
FAIL: 27_io/basic_istream/seekg/char/sstream.cc (test for excess errors)
FAIL: 27_io/basic_istream/sentry/char/1.cc (test for excess errors)
FAIL: 27_io/basic_istream/sentry/char/12297.cc (test for excess errors)
FAIL: 27_io/basic_istream/sentry/char/2.cc (test for excess errors)
FAIL: 27_io/basic_istream/sentry/char/3.cc (test for excess errors)
FAIL: 27_io/basic_istream/sentry/pod/1.cc (test for excess errors)
FAIL: 27_io/basic_istream/tellg/char/1.cc (test for excess errors)
FAIL: 27_io/basic_istream/tellg/char/2.cc (test for excess errors)
FAIL: 27_io/basic_istream/tellg/char/8348.cc (test for excess errors)
FAIL: 27_io/basic_istream/tellg/char/exceptions_badbit_throw.cc (test for excess errors)
FAIL: 27_io/basic_istream/tellg/char/fstream.cc (test for excess errors)
FAIL: 27_io/basic_istream/tellg/char/sstream.cc (test for excess errors)
FAIL: 27_io/basic_istream/ws/char/1.cc (test for excess errors)
FAIL: 27_io/basic_istringstream/4.cc (test for excess errors)
FAIL: 27_io/basic_istringstream/rdbuf/char/2832.cc (test for excess errors)
FAIL: 27_io/basic_istringstream/str/char/1.cc (test for excess errors)
FAIL: 27_io/basic_ofstream/4.cc (test for excess errors)
FAIL: 27_io/basic_ofstream/cons/char/2.cc (test for excess errors)
FAIL: 27_io/basic_ofstream/open/char/1.cc (test for excess errors)
FAIL: 27_io/basic_ofstream/rdbuf/char/2832.cc (test for excess errors)
FAIL: 27_io/basic_ostream/4.cc (test for excess errors)
FAIL: 27_io/basic_ostream/cons/char/9827.cc (test for excess errors)
FAIL: 27_io/basic_ostream/endl/char/1.cc (test for excess errors)
FAIL: 27_io/basic_ostream/ends/char/1.cc (test for excess errors)
FAIL: 27_io/basic_ostream/ends/char/2.cc (test for excess errors)
FAIL: 27_io/basic_ostream/exceptions/char/9561.cc (test for excess errors)
FAIL: 27_io/basic_ostream/flush/char/1.cc (test for excess errors)
FAIL: 27_io/basic_ostream/flush/char/2.cc (test for excess errors)
FAIL: 27_io/basic_ostream/flush/char/exceptions_badbit_throw.cc (test for excess errors)
FAIL: 27_io/basic_ostream/inserters_arithmetic/char/1.cc (test for excess errors)
FAIL: 27_io/basic_ostream/inserters_arithmetic/char/2.cc (test for excess errors)
FAIL: 27_io/basic_ostream/inserters_arithmetic/char/3.cc (test for excess errors)
FAIL: 27_io/basic_ostream/inserters_arithmetic/char/4.cc (test for excess errors)
FAIL: 27_io/basic_ostream/inserters_arithmetic/char/4402.cc (test for excess errors)
FAIL: 27_io/basic_ostream/inserters_arithmetic/char/5.cc (test for excess errors)
FAIL: 27_io/basic_ostream/inserters_arithmetic/char/6.cc (test for excess errors)
FAIL: 27_io/basic_ostream/inserters_arithmetic/char/9555-oa.cc (test for excess errors)
FAIL: 27_io/basic_ostream/inserters_arithmetic/char/exceptions_badbit_throw.cc (test for excess errors)
FAIL: 27_io/basic_ostream/inserters_arithmetic/char/exceptions_failbit_throw.cc (test for excess errors)
FAIL: 27_io/basic_ostream/inserters_arithmetic/wchar_t/1.cc (test for excess errors)
FAIL: 27_io/basic_ostream/inserters_character/char/1.cc (test for excess errors)
FAIL: 27_io/basic_ostream/inserters_character/char/11095-oa.cc (test for excess errors)
FAIL: 27_io/basic_ostream/inserters_character/char/11095-ob.cc (test for excess errors)
FAIL: 27_io/basic_ostream/inserters_character/char/11095-oc.cc (test for excess errors)
FAIL: 27_io/basic_ostream/inserters_character/char/2.cc (test for excess errors)
FAIL: 27_io/basic_ostream/inserters_character/char/3.cc (test for excess errors)
FAIL: 27_io/basic_ostream/inserters_character/char/4.cc (test for excess errors)
FAIL: 27_io/basic_ostream/inserters_character/char/5.cc (test for excess errors)
FAIL: 27_io/basic_ostream/inserters_character/char/6.cc (test for excess errors)
FAIL: 27_io/basic_ostream/inserters_character/char/8.cc (test for excess errors)
FAIL: 27_io/basic_ostream/inserters_character/char/9555-oc.cc (test for excess errors)
FAIL: 27_io/basic_ostream/inserters_character/wchar_t/11095-od.cc (test for excess errors)
FAIL: 27_io/basic_ostream/inserters_character/wchar_t/11095-oe.cc (test for excess errors)
FAIL: 27_io/basic_ostream/inserters_character/wchar_t/11095-of.cc (test for excess errors)
FAIL: 27_io/basic_ostream/inserters_character/wchar_t/7.cc (test for excess errors)
FAIL: 27_io/basic_ostream/inserters_character/wchar_t/8.cc (test for excess errors)
FAIL: 27_io/basic_ostream/inserters_other/char/1.cc (test for excess errors)
FAIL: 27_io/basic_ostream/inserters_other/char/2.cc (test for excess errors)
FAIL: 27_io/basic_ostream/inserters_other/char/3.cc (test for excess errors)
FAIL: 27_io/basic_ostream/inserters_other/char/4.cc (test for excess errors)
FAIL: 27_io/basic_ostream/inserters_other/char/5.cc (test for excess errors)
FAIL: 27_io/basic_ostream/inserters_other/char/9318-out.cc (test for excess errors)
FAIL: 27_io/basic_ostream/inserters_other/char/9424-out.cc (test for excess errors)
FAIL: 27_io/basic_ostream/inserters_other/char/9555-oo.cc (test for excess errors)
FAIL: 27_io/basic_ostream/inserters_other/char/error_failbit.cc (test for excess errors)
FAIL: 27_io/basic_ostream/inserters_other/char/exceptions_badbit_throw.cc (test for excess errors)
FAIL: 27_io/basic_ostream/inserters_other/char/exceptions_failbit_throw.cc (test for excess errors)
FAIL: 27_io/basic_ostream/inserters_other/char/exceptions_null.cc (test for excess errors)
FAIL: 27_io/basic_ostream/put/char/1.cc (test for excess errors)
FAIL: 27_io/basic_ostream/seekp/char/2346-fstream.cc (test for excess errors)
FAIL: 27_io/basic_ostream/seekp/char/2346-sstream.cc (test for excess errors)
FAIL: 27_io/basic_ostream/seekp/char/exceptions_badbit_throw.cc (test for excess errors)
FAIL: 27_io/basic_ostream/sentry/char/1.cc (test for excess errors)
FAIL: 27_io/basic_ostream/sentry/char/2.cc (test for excess errors)
FAIL: 27_io/basic_ostream/sentry/pod/1.cc (test for excess errors)
FAIL: 27_io/basic_ostream/tellp/char/1.cc (test for excess errors)
FAIL: 27_io/basic_ostream/tellp/char/2.cc (test for excess errors)
FAIL: 27_io/basic_ostream/tellp/char/exceptions_badbit_throw.cc (test for excess errors)
FAIL: 27_io/basic_ostream/write/char/1.cc (test for excess errors)
FAIL: 27_io/basic_ostringstream/4.cc (test for excess errors)
FAIL: 27_io/basic_ostringstream/cons/char/3.cc (test for excess errors)
FAIL: 27_io/basic_ostringstream/rdbuf/char/2832.cc (test for excess errors)
FAIL: 27_io/basic_ostringstream/str/char/1.cc (test for excess errors)
FAIL: 27_io/basic_ostringstream/str/char/2.cc (test for excess errors)
FAIL: 27_io/basic_streambuf/3.cc (test for excess errors)
FAIL: 27_io/basic_streambuf/cons/char/1.cc (test for excess errors)
FAIL: 27_io/basic_streambuf/imbue/char/1.cc (test for excess errors)
FAIL: 27_io/basic_streambuf/imbue/char/13007-1.cc (test for excess errors)
FAIL: 27_io/basic_streambuf/imbue/char/13007-2.cc (test for excess errors)
FAIL: 27_io/basic_streambuf/imbue/char/9322.cc (test for excess errors)
FAIL: 27_io/basic_streambuf/imbue/wchar_t/13007-1.cc (test for excess errors)
FAIL: 27_io/basic_streambuf/imbue/wchar_t/13007-2.cc (test for excess errors)
FAIL: 27_io/basic_streambuf/in_avail/char/9701-3.cc (test for excess errors)
FAIL: 27_io/basic_streambuf/overflow/char/1.cc (test for excess errors)
FAIL: 27_io/basic_streambuf/overflow/char/2.cc (test for excess errors)
FAIL: 27_io/basic_streambuf/overflow/char/3599.cc (test for excess errors)
FAIL: 27_io/basic_streambuf/sgetc/char/1.cc (test for excess errors)
FAIL: 27_io/basic_streambuf/sgetn/char/1.cc (test for excess errors)
FAIL: 27_io/basic_streambuf/sputbackc/char/9538.cc (test for excess errors)
FAIL: 27_io/basic_streambuf/sputc/char/1057.cc (test for excess errors)
FAIL: 27_io/basic_streambuf/sputn/char/1.cc (test for excess errors)
FAIL: 27_io/basic_streambuf/sputn/char/1057.cc (test for excess errors)
FAIL: 27_io/basic_streambuf/sync/char/1057.cc (test for excess errors)
FAIL: 27_io/basic_stringbuf/3.cc (test for excess errors)
FAIL: 27_io/basic_stringbuf/5.cc (test for excess errors)
FAIL: 27_io/basic_stringbuf/cons/char/1.cc (test for excess errors)
FAIL: 27_io/basic_stringbuf/imbue/char/1.cc (test for excess errors)
FAIL: 27_io/basic_stringbuf/imbue/char/9322.cc (test for excess errors)
FAIL: 27_io/basic_stringbuf/in_avail/char/1.cc (test for excess errors)
FAIL: 27_io/basic_stringbuf/overflow/char/1.cc (test for excess errors)
FAIL: 27_io/basic_stringbuf/overflow/char/2.cc (test for excess errors)
FAIL: 27_io/basic_stringbuf/overflow/char/3599.cc (test for excess errors)
FAIL: 27_io/basic_stringbuf/overflow/char/9988.cc (test for excess errors)
FAIL: 27_io/basic_stringbuf/sbumpc/char/1.cc (test for excess errors)
FAIL: 27_io/basic_stringbuf/sbumpc/char/9825.cc (test for excess errors)
FAIL: 27_io/basic_stringbuf/seekoff/char/1.cc (test for excess errors)
FAIL: 27_io/basic_stringbuf/seekoff/char/10975.cc (test for excess errors)
FAIL: 27_io/basic_stringbuf/seekoff/char/2.cc (test for excess errors)
FAIL: 27_io/basic_stringbuf/seekpos/char/1.cc (test for excess errors)
FAIL: 27_io/basic_stringbuf/seekpos/char/2.cc (test for excess errors)
FAIL: 27_io/basic_stringbuf/seekpos/char/3.cc (test for excess errors)
FAIL: 27_io/basic_stringbuf/setbuf/char/1.cc (test for excess errors)
FAIL: 27_io/basic_stringbuf/setbuf/char/2.cc (test for excess errors)
FAIL: 27_io/basic_stringbuf/setbuf/char/3.cc (test for excess errors)
FAIL: 27_io/basic_stringbuf/sgetc/char/1.cc (test for excess errors)
FAIL: 27_io/basic_stringbuf/sgetn/char/1.cc (test for excess errors)
FAIL: 27_io/basic_stringbuf/snextc/char/1.cc (test for excess errors)
FAIL: 27_io/basic_stringbuf/sputbackc/char/1.cc (test for excess errors)
FAIL: 27_io/basic_stringbuf/sputbackc/char/9425.cc (test for excess errors)
FAIL: 27_io/basic_stringbuf/sputc/char/1.cc (test for excess errors)
FAIL: 27_io/basic_stringbuf/sputc/char/1057.cc (test for excess errors)
FAIL: 27_io/basic_stringbuf/sputc/char/9404-1.cc (test for excess errors)
FAIL: 27_io/basic_stringbuf/sputn/char/1.cc (test for excess errors)
FAIL: 27_io/basic_stringbuf/sputn/char/1057.cc (test for excess errors)
FAIL: 27_io/basic_stringbuf/sputn/char/9404-2.cc (test for excess errors)
FAIL: 27_io/basic_stringbuf/str/char/1.cc (test for excess errors)
FAIL: 27_io/basic_stringbuf/str/char/2.cc (test for excess errors)
FAIL: 27_io/basic_stringbuf/str/char/3.cc (test for excess errors)
FAIL: 27_io/basic_stringbuf/str/char/3955.cc (test for excess errors)
FAIL: 27_io/basic_stringbuf/sungetc/char/1.cc (test for excess errors)
FAIL: 27_io/basic_stringbuf/sync/char/1057.cc (test for excess errors)
FAIL: 27_io/basic_stringstream/4.cc (test for excess errors)
FAIL: 27_io/basic_stringstream/rdbuf/char/2832.cc (test for excess errors)
FAIL: 27_io/basic_stringstream/str/char/1.cc (test for excess errors)
FAIL: 27_io/basic_stringstream/str/char/2.cc (test for excess errors)
FAIL: 27_io/basic_stringstream/str/char/3.cc (test for excess errors)
FAIL: 27_io/basic_stringstream/str/char/4.cc (test for excess errors)
FAIL: 27_io/fpos/11450.cc (test for excess errors)
FAIL: 27_io/fpos/14252.cc (test for excess errors)
FAIL: 27_io/fpos/14320-1.cc (test for excess errors)
XPASS: 27_io/fpos/14320-1.cc execution test
FAIL: 27_io/fpos/14320-2.cc (test for excess errors)
FAIL: 27_io/fpos/14320-3.cc (test for excess errors)
FAIL: 27_io/fpos/14320-4.cc (test for excess errors)
FAIL: 27_io/fpos/14320-5.cc (test for excess errors)
FAIL: 27_io/fpos/14775.cc (test for excess errors)
FAIL: 27_io/fpos/mbstate_t/1.cc (test for excess errors)
FAIL: 27_io/fpos/mbstate_t/12065.cc (test for excess errors)
FAIL: 27_io/fpos/mbstate_t/2.cc (test for excess errors)
FAIL: 27_io/fpos/mbstate_t/3.cc (test for excess errors)
FAIL: 27_io/ios_base/callbacks/1.cc (test for excess errors)
FAIL: 27_io/ios_base/state/1.cc (test for excess errors)
FAIL: 27_io/ios_base/storage/1.cc (test for excess errors)
FAIL: 27_io/ios_base/storage/11584.cc (test for excess errors)
FAIL: 27_io/ios_base/storage/2.cc (test for excess errors)
FAIL: 27_io/ios_base/storage/3.cc (test for excess errors)
FAIL: 27_io/ios_base/sync_with_stdio/1.cc (test for excess errors)
FAIL: 27_io/ios_base/sync_with_stdio/16959.cc (test for excess errors)
FAIL: 27_io/ios_base/sync_with_stdio/2.cc (test for excess errors)
FAIL: 27_io/ios_base/sync_with_stdio/9523.cc (test for excess errors)
FAIL: 27_io/manipulators/adjustfield/char/1.cc (test for excess errors)
FAIL: 27_io/manipulators/adjustfield/char/2.cc (test for excess errors)
FAIL: 27_io/manipulators/basefield/char/1.cc (test for excess errors)
FAIL: 27_io/manipulators/standard/char/1.cc (test for excess errors)
FAIL: 27_io/manipulators/standard/char/2.cc (test for excess errors)
FAIL: 27_io/objects/char/1.cc (test for excess errors)
FAIL: 27_io/objects/char/10.cc (test for excess errors)
FAIL: 27_io/objects/char/12048-1.cc (test for excess errors)
FAIL: 27_io/objects/char/12048-2.cc (test for excess errors)
FAIL: 27_io/objects/char/12048-3.cc (test for excess errors)
FAIL: 27_io/objects/char/12048-4.cc (test for excess errors)
FAIL: 27_io/objects/char/12048-5.cc (test for excess errors)
FAIL: 27_io/objects/char/2.cc (test for excess errors)
FAIL: 27_io/objects/char/3045.cc (test for excess errors)
FAIL: 27_io/objects/char/3647.cc (test for excess errors)
FAIL: 27_io/objects/char/5.cc (test for excess errors)
FAIL: 27_io/objects/char/5268.cc (test for excess errors)
FAIL: 27_io/objects/char/6.cc (test for excess errors)
FAIL: 27_io/objects/char/7.cc (test for excess errors)
FAIL: 27_io/objects/char/8.cc (test for excess errors)
FAIL: 27_io/objects/char/9.cc (test for excess errors)
FAIL: 27_io/objects/char/9661-1.cc (test for excess errors)
FAIL: 27_io/objects/wchar_t/1.cc (test for excess errors)
FAIL: 27_io/objects/wchar_t/10.cc (test for excess errors)
FAIL: 27_io/objects/wchar_t/11.cc (test for excess errors)
FAIL: 27_io/objects/wchar_t/12.cc (test for excess errors)
FAIL: 27_io/objects/wchar_t/12048-1.cc (test for excess errors)
FAIL: 27_io/objects/wchar_t/12048-2.cc (test for excess errors)
FAIL: 27_io/objects/wchar_t/12048-3.cc (test for excess errors)
FAIL: 27_io/objects/wchar_t/12048-4.cc (test for excess errors)
FAIL: 27_io/objects/wchar_t/12048-5.cc (test for excess errors)
FAIL: 27_io/objects/wchar_t/13.cc (test for excess errors)
FAIL: 27_io/objects/wchar_t/2.cc (test for excess errors)
FAIL: 27_io/objects/wchar_t/3045.cc (test for excess errors)
FAIL: 27_io/objects/wchar_t/3647.cc (test for excess errors)
FAIL: 27_io/objects/wchar_t/5.cc (test for excess errors)
FAIL: 27_io/objects/wchar_t/5268.cc (test for excess errors)
FAIL: 27_io/objects/wchar_t/6.cc (test for excess errors)
FAIL: 27_io/objects/wchar_t/7.cc (test for excess errors)
FAIL: 27_io/objects/wchar_t/8.cc (test for excess errors)
FAIL: 27_io/objects/wchar_t/9520.cc (test for excess errors)
FAIL: 27_io/objects/wchar_t/9661-1.cc (test for excess errors)
FAIL: 27_io/objects/wchar_t/9662.cc (test for excess errors)
FAIL: 27_io/types/1.cc (test for excess errors)
FAIL: 27_io/types/2.cc (test for excess errors)
FAIL: 27_io/types/3.cc (test for excess errors)
FAIL: backward/11460.cc (test for excess errors)
FAIL: backward/header_deque_h.cc (test for excess errors)
FAIL: backward/header_hash_map_h.cc (test for excess errors)
FAIL: backward/header_hash_set_h.cc (test for excess errors)
FAIL: backward/header_hashtable_h.cc (test for excess errors)
FAIL: backward/header_iterator_h.cc (test for excess errors)
FAIL: backward/header_rope_h.cc (test for excess errors)
FAIL: backward/header_slist_h.cc (test for excess errors)
FAIL: backward/header_tempbuf_h.cc (test for excess errors)
FAIL: backward/strstream_members.cc (test for excess errors)
FAIL: demangle/abi_examples/01.cc (test for excess errors)
FAIL: demangle/abi_examples/02.cc (test for excess errors)
FAIL: demangle/abi_examples/03.cc (test for excess errors)
FAIL: demangle/abi_examples/04.cc (test for excess errors)
FAIL: demangle/abi_examples/05.cc (test for excess errors)
FAIL: demangle/abi_examples/06.cc (test for excess errors)
FAIL: demangle/abi_examples/07.cc (test for excess errors)
FAIL: demangle/abi_examples/08.cc (test for excess errors)
FAIL: demangle/abi_examples/09.cc (test for excess errors)
FAIL: demangle/abi_examples/10.cc (test for excess errors)
FAIL: demangle/abi_examples/11.cc (test for excess errors)
FAIL: demangle/abi_examples/12.cc (test for excess errors)
FAIL: demangle/abi_examples/13.cc (test for excess errors)
FAIL: demangle/abi_examples/14.cc (test for excess errors)
FAIL: demangle/abi_examples/15.cc (test for excess errors)
FAIL: demangle/abi_examples/16.cc (test for excess errors)
FAIL: demangle/abi_examples/17.cc (test for excess errors)
FAIL: demangle/abi_examples/18.cc (test for excess errors)
FAIL: demangle/abi_examples/19.cc (test for excess errors)
FAIL: demangle/abi_examples/20.cc (test for excess errors)
FAIL: demangle/abi_examples/21.cc (test for excess errors)
FAIL: demangle/abi_examples/22.cc (test for excess errors)
FAIL: demangle/abi_examples/23.cc (test for excess errors)
FAIL: demangle/abi_examples/24.cc (test for excess errors)
FAIL: demangle/abi_examples/25.cc (test for excess errors)
FAIL: demangle/abi_examples/26.cc (test for excess errors)
FAIL: demangle/abi_text/01.cc (test for excess errors)
FAIL: demangle/abi_text/02.cc (test for excess errors)
FAIL: demangle/abi_text/03.cc (test for excess errors)
FAIL: demangle/abi_text/04.cc (test for excess errors)
FAIL: demangle/abi_text/05.cc (test for excess errors)
FAIL: demangle/abi_text/06.cc (test for excess errors)
FAIL: demangle/abi_text/07.cc (test for excess errors)
FAIL: demangle/abi_text/08.cc (test for excess errors)
FAIL: demangle/abi_text/09.cc (test for excess errors)
FAIL: demangle/abi_text/10.cc (test for excess errors)
FAIL: demangle/abi_text/11.cc (test for excess errors)
FAIL: demangle/abi_text/12.cc (test for excess errors)
FAIL: demangle/abi_text/13.cc (test for excess errors)
FAIL: demangle/abi_text/14.cc (test for excess errors)
FAIL: demangle/regression/3111-1.cc (test for excess errors)
FAIL: demangle/regression/3111-2.cc (test for excess errors)
FAIL: demangle/regression/7986-01.cc (test for excess errors)
FAIL: demangle/regression/7986-02.cc (test for excess errors)
FAIL: demangle/regression/7986-03.cc (test for excess errors)
FAIL: demangle/regression/7986-04.cc (test for excess errors)
FAIL: demangle/regression/7986-05.cc (test for excess errors)
FAIL: demangle/regression/7986-06.cc (test for excess errors)
FAIL: demangle/regression/7986-07.cc (test for excess errors)
FAIL: demangle/regression/7986-08.cc (test for excess errors)
FAIL: demangle/regression/7986-09.cc (test for excess errors)
FAIL: demangle/regression/7986-10.cc (test for excess errors)
FAIL: demangle/regression/7986-11.cc (test for excess errors)
FAIL: demangle/regression/7986-12.cc (test for excess errors)
FAIL: demangle/regression/7986.cc (test for excess errors)
FAIL: demangle/regression/8897.cc (test for excess errors)
FAIL: demangle/regression/cw-01.cc (test for excess errors)
FAIL: demangle/regression/cw-02.cc (test for excess errors)
FAIL: demangle/regression/cw-03.cc (test for excess errors)
FAIL: demangle/regression/cw-04.cc (test for excess errors)
FAIL: demangle/regression/cw-05.cc (test for excess errors)
FAIL: demangle/regression/cw-06.cc (test for excess errors)
FAIL: demangle/regression/cw-07.cc (test for excess errors)
FAIL: demangle/regression/cw-08.cc (test for excess errors)
FAIL: demangle/regression/cw-09.cc (test for excess errors)
FAIL: demangle/regression/cw-10.cc (test for excess errors)
FAIL: demangle/regression/cw-11.cc (test for excess errors)
FAIL: demangle/regression/cw-12.cc (test for excess errors)
FAIL: demangle/regression/cw-13.cc (test for excess errors)
FAIL: demangle/regression/cw-14.cc (test for excess errors)
FAIL: demangle/regression/cw-15.cc (test for excess errors)
FAIL: demangle/regression/cw-16.cc (test for excess errors)
FAIL: demangle/regression/old.cc (test for excess errors)
FAIL: ext/14648.cc (test for excess errors)
FAIL: ext/allocators.cc (test for excess errors)
FAIL: ext/concept_checks.cc (test for excess errors)
FAIL: ext/enc_filebuf/char/13189.cc (test for excess errors)
FAIL: ext/enc_filebuf/char/13598.cc (test for excess errors)
FAIL: ext/enc_filebuf/wchar_t/13189.cc (test for excess errors)
FAIL: ext/hash_map.cc (test for excess errors)
FAIL: ext/hash_set.cc (test for excess errors)
FAIL: ext/headers.cc (test for excess errors)
FAIL: ext/pod_char_traits.cc (test for excess errors)
FAIL: ext/pool_allocator/allocate_chunk.cc (test for excess errors)
FAIL: ext/rope/1.cc (test for excess errors)
FAIL: ext/rope/2.cc (test for excess errors)
FAIL: ext/rope/3.cc (test for excess errors)
FAIL: ext/rope/4.cc (test for excess errors)
FAIL: ext/stdio_filebuf/char/10063-1.cc (test for excess errors)
FAIL: ext/stdio_filebuf/char/10063-2.cc (test for excess errors)
FAIL: ext/stdio_filebuf/char/10063-3.cc (test for excess errors)
FAIL: ext/stdio_filebuf/char/2.cc (test for excess errors)
FAIL: ext/stdio_sync_filebuf/char/1.cc (test for excess errors)
FAIL: ext/stdio_sync_filebuf/char/12048-1.cc (test for excess errors)
FAIL: ext/stdio_sync_filebuf/char/12048-2.cc (test for excess errors)
FAIL: ext/stdio_sync_filebuf/char/12048-3.cc (test for excess errors)
FAIL: ext/stdio_sync_filebuf/char/12048-4.cc (test for excess errors)
FAIL: ext/stdio_sync_filebuf/wchar_t/1.cc (test for excess errors)
FAIL: ext/stdio_sync_filebuf/wchar_t/12077.cc (test for excess errors)
FAIL: ext/stdio_sync_filebuf/wchar_t/12948-1.cc (test for excess errors)
FAIL: ext/stdio_sync_filebuf/wchar_t/12948-2.cc (test for excess errors)
FAIL: ext/stdio_sync_filebuf/wchar_t/12948-3.cc (test for excess errors)
FAIL: ext/stdio_sync_filebuf/wchar_t/12948-4.cc (test for excess errors)
FAIL: thread/18185.cc (test for excess errors)
FAIL: thread/pthread1.cc (test for excess errors)
FAIL: thread/pthread2.cc (test for excess errors)
FAIL: thread/pthread3.cc (test for excess errors)
FAIL: thread/pthread4.cc (test for excess errors)
FAIL: thread/pthread5.cc (test for excess errors)
FAIL: thread/pthread6.cc (test for excess errors)
FAIL: thread/pthread7-rope.cc (test for excess errors)

		=== libstdc++ Summary ===

# of expected passes		1425
# of unexpected failures	1310
# of unexpected successes	2
# of expected failures		5
		=== g++ tests ===


Running target unix
FAIL: g++.dg/compat/abi/vbase8-10 cp_compat_x_tst.o-cp_compat_y_tst.o link
UNRESOLVED: g++.dg/compat/abi/vbase8-10 cp_compat_x_tst.o-cp_compat_y_tst.o execute 
FAIL: g++.dg/compat/abi/vbase8-21 cp_compat_x_tst.o-cp_compat_y_tst.o link
UNRESOLVED: g++.dg/compat/abi/vbase8-21 cp_compat_x_tst.o-cp_compat_y_tst.o execute 
FAIL: g++.dg/compat/abi/vbase8-22 cp_compat_x_tst.o-cp_compat_y_tst.o link
UNRESOLVED: g++.dg/compat/abi/vbase8-22 cp_compat_x_tst.o-cp_compat_y_tst.o execute 
FAIL: g++.dg/compat/abi/vbase8-4 cp_compat_x_tst.o-cp_compat_y_tst.o link
UNRESOLVED: g++.dg/compat/abi/vbase8-4 cp_compat_x_tst.o-cp_compat_y_tst.o execute 
FAIL: g++.dg/compat/break/bitfield5 cp_compat_x_tst.o-cp_compat_y_tst.o link
UNRESOLVED: g++.dg/compat/break/bitfield5 cp_compat_x_tst.o-cp_compat_y_tst.o execute 
FAIL: g++.dg/compat/break/empty6 cp_compat_x_tst.o-cp_compat_y_tst.o link
UNRESOLVED: g++.dg/compat/break/empty6 cp_compat_x_tst.o-cp_compat_y_tst.o execute 
FAIL: g++.dg/compat/break/vbase10 cp_compat_x_tst.o-cp_compat_y_tst.o link
UNRESOLVED: g++.dg/compat/break/vbase10 cp_compat_x_tst.o-cp_compat_y_tst.o execute 
FAIL: g++.dg/compat/break/vbase11 cp_compat_x_tst.o-cp_compat_y_tst.o link
UNRESOLVED: g++.dg/compat/break/vbase11 cp_compat_x_tst.o-cp_compat_y_tst.o execute 
FAIL: g++.dg/compat/eh/ctor2 cp_compat_x_tst.o-cp_compat_y_tst.o link
UNRESOLVED: g++.dg/compat/eh/ctor2 cp_compat_x_tst.o-cp_compat_y_tst.o execute 
FAIL: g++.dg/compat/eh/filter1 cp_compat_x_tst.o-cp_compat_y_tst.o link
UNRESOLVED: g++.dg/compat/eh/filter1 cp_compat_x_tst.o-cp_compat_y_tst.o execute 
FAIL: g++.dg/compat/eh/filter2 cp_compat_x_tst.o-cp_compat_y_tst.o link
UNRESOLVED: g++.dg/compat/eh/filter2 cp_compat_x_tst.o-cp_compat_y_tst.o execute 
FAIL: g++.dg/compat/eh/spec3 cp_compat_x_tst.o-cp_compat_y_tst.o link
UNRESOLVED: g++.dg/compat/eh/spec3 cp_compat_x_tst.o-cp_compat_y_tst.o execute 
FAIL: g++.dg/compat/eh/template1 cp_compat_x_tst.o-cp_compat_y_tst.o link
UNRESOLVED: g++.dg/compat/eh/template1 cp_compat_x_tst.o-cp_compat_y_tst.o execute 
FAIL: g++.dg/compat/eh/unexpected1 cp_compat_x_tst.o-cp_compat_y_tst.o link
UNRESOLVED: g++.dg/compat/eh/unexpected1 cp_compat_x_tst.o-cp_compat_y_tst.o execute 
FAIL: g++.dg/compat/init/dtor1 cp_compat_x_tst.o-cp_compat_y_tst.o link
UNRESOLVED: g++.dg/compat/init/dtor1 cp_compat_x_tst.o-cp_compat_y_tst.o execute 
FAIL: g++.dg/abi/covariant3.C (test for excess errors)
FAIL: g++.dg/abi/empty11.C (test for excess errors)
FAIL: g++.dg/abi/layout1.C (test for excess errors)
FAIL: g++.dg/abi/layout2.C (test for excess errors)
FAIL: g++.dg/abi/rtti2.C (test for excess errors)
FAIL: g++.dg/abi/vbase12.C (test for excess errors)
FAIL: g++.dg/abi/vbase13.C (test for excess errors)
FAIL: g++.dg/abi/vbase8-10.C (test for excess errors)
FAIL: g++.dg/abi/vbase8-21.C (test for excess errors)
FAIL: g++.dg/abi/vbase8-22.C (test for excess errors)
FAIL: g++.dg/abi/vbase8-4.C (test for excess errors)
FAIL: g++.dg/abi/vcall1.C (test for excess errors)
FAIL: g++.dg/abi/vthunk1.C (test for excess errors)
FAIL: g++.dg/eh/crossjump1.C (test for excess errors)
FAIL: g++.dg/eh/ctor2.C (test for excess errors)
FAIL: g++.dg/eh/delayslot1.C (test for excess errors)
FAIL: g++.dg/eh/filter1.C (test for excess errors)
FAIL: g++.dg/eh/filter2.C (test for excess errors)
FAIL: g++.dg/eh/omit-frame-pointer.C (test for excess errors)
FAIL: g++.dg/eh/spec3.C (test for excess errors)
FAIL: g++.dg/eh/spec7.C (test for excess errors)
FAIL: g++.dg/eh/template1.C (test for excess errors)
FAIL: g++.dg/eh/unexpected1.C (test for excess errors)
FAIL: g++.dg/inherit/covariant1.C (test for excess errors)
FAIL: g++.dg/inherit/covariant2.C (test for excess errors)
FAIL: g++.dg/inherit/covariant3.C (test for excess errors)
FAIL: g++.dg/inherit/covariant4.C (test for excess errors)
FAIL: g++.dg/inherit/covariant9.C (test for excess errors)
FAIL: g++.dg/inherit/operator1.C (test for excess errors)
FAIL: g++.dg/inherit/thunk1.C (test for excess errors)
FAIL: g++.dg/inherit/using2.C (test for excess errors)
FAIL: g++.dg/init/assign1.C (test for excess errors)
FAIL: g++.dg/init/ctor2.C (test for excess errors)
FAIL: g++.dg/init/dtor1.C (test for excess errors)
FAIL: g++.dg/init/ref9.C (test for excess errors)
FAIL: g++.dg/opt/cleanup1.C (test for excess errors)
FAIL: g++.dg/opt/pr23478.C (test for excess errors)
FAIL: g++.dg/opt/preinc1.C (test for excess errors)
FAIL: g++.dg/opt/reg-stack.C (test for excess errors)
FAIL: g++.dg/opt/rtti1.C (test for excess errors)
FAIL: g++.dg/opt/thunk1.C (test for excess errors)
FAIL: g++.dg/rtti/cv1.C (test for excess errors)
XPASS: g++.dg/rtti/tinfo1.C scan-assembler _ZTIP9CTemplateIhE:
XPASS: g++.dg/rtti/tinfo1.C scan-assembler-not .globl[ \\t]+_ZTIP9CTemplateIhE
FAIL: g++.dg/rtti/typeid2.C (test for excess errors)
FAIL: g++.dg/rtti/typeid4.C (test for excess errors)
FAIL: g++.dg/template/qual2.C (test for excess errors)
FAIL: g++.dg/template/vtable1.C (test for excess errors)
FAIL: g++.old-deja/g++.abi/arraynew.C (test for excess errors)
FAIL: g++.old-deja/g++.abi/primary.C (test for excess errors)
FAIL: g++.old-deja/g++.abi/primary2.C (test for excess errors)
FAIL: g++.old-deja/g++.abi/primary3.C (test for excess errors)
FAIL: g++.old-deja/g++.abi/primary4.C (test for excess errors)
FAIL: g++.old-deja/g++.abi/primary5.C (test for excess errors)
FAIL: g++.old-deja/g++.abi/ptrflags.C (test for excess errors)
FAIL: g++.old-deja/g++.abi/ptrmem.C (test for excess errors)
FAIL: g++.old-deja/g++.abi/vbase1.C (test for excess errors)
FAIL: g++.old-deja/g++.abi/vbase2.C (test for excess errors)
FAIL: g++.old-deja/g++.abi/vbase3.C (test for excess errors)
FAIL: g++.old-deja/g++.abi/vbase4.C (test for excess errors)
FAIL: g++.old-deja/g++.abi/vbase7.C (test for excess errors)
FAIL: g++.old-deja/g++.abi/vbase8-5.C (test for excess errors)
FAIL: g++.old-deja/g++.abi/vbase8-9.C (test for excess errors)
FAIL: g++.old-deja/g++.abi/vmihint.C (test for excess errors)
FAIL: g++.old-deja/g++.abi/vtable.C (test for excess errors)
FAIL: g++.old-deja/g++.abi/vtable2.C (test for excess errors)
FAIL: g++.old-deja/g++.abi/vtable3a.C (test for excess errors)
FAIL: g++.old-deja/g++.abi/vtable3b.C (test for excess errors)
FAIL: g++.old-deja/g++.abi/vtable3c.C (test for excess errors)
FAIL: g++.old-deja/g++.abi/vtable3d.C (test for excess errors)
FAIL: g++.old-deja/g++.abi/vtable3e.C (test for excess errors)
FAIL: g++.old-deja/g++.abi/vtable3f.C (test for excess errors)
FAIL: g++.old-deja/g++.abi/vtable3g.C (test for excess errors)
FAIL: g++.old-deja/g++.abi/vtable3h.C (test for excess errors)
FAIL: g++.old-deja/g++.abi/vtable3i.C (test for excess errors)
FAIL: g++.old-deja/g++.abi/vtable3j.C (test for excess errors)
FAIL: g++.old-deja/g++.benjamin/typeid01.C (test for excess errors)
FAIL: g++.old-deja/g++.brendan/copy5.C (test for excess errors)
FAIL: g++.old-deja/g++.brendan/dtors2.C (test for excess errors)
FAIL: g++.old-deja/g++.brendan/dtors3.C (test for excess errors)
FAIL: g++.old-deja/g++.brendan/nest21.C (test for excess errors)
FAIL: g++.old-deja/g++.brendan/overload2.C (test for excess errors)
FAIL: g++.old-deja/g++.brendan/vtables1.C (test for excess errors)
FAIL: g++.old-deja/g++.bugs/900207_03.C (test for excess errors)
FAIL: g++.old-deja/g++.bugs/900331_03.C (test for excess errors)
FAIL: g++.old-deja/g++.eh/badalloc1.C execution test
FAIL: g++.old-deja/g++.eh/catch11.C (test for excess errors)
FAIL: g++.old-deja/g++.eh/catch12.C (test for excess errors)
FAIL: g++.old-deja/g++.eh/catch3.C (test for excess errors)
FAIL: g++.old-deja/g++.eh/catch3p.C (test for excess errors)
FAIL: g++.old-deja/g++.eh/catch4.C (test for excess errors)
FAIL: g++.old-deja/g++.eh/catch4p.C (test for excess errors)
FAIL: g++.old-deja/g++.eh/catch5.C (test for excess errors)
FAIL: g++.old-deja/g++.eh/catch5p.C (test for excess errors)
FAIL: g++.old-deja/g++.eh/catch6.C (test for excess errors)
FAIL: g++.old-deja/g++.eh/catch6p.C (test for excess errors)
FAIL: g++.old-deja/g++.eh/catch7.C (test for excess errors)
FAIL: g++.old-deja/g++.eh/catch7p.C (test for excess errors)
FAIL: g++.old-deja/g++.eh/catch8.C (test for excess errors)
FAIL: g++.old-deja/g++.eh/catch8p.C (test for excess errors)
FAIL: g++.old-deja/g++.eh/catch9.C (test for excess errors)
FAIL: g++.old-deja/g++.eh/catch9p.C (test for excess errors)
FAIL: g++.old-deja/g++.eh/catchptr1.C (test for excess errors)
FAIL: g++.old-deja/g++.eh/cleanup1.C (test for excess errors)
FAIL: g++.old-deja/g++.eh/ptr1.C (test for excess errors)
FAIL: g++.old-deja/g++.eh/ptrmem1.C (test for excess errors)
FAIL: g++.old-deja/g++.eh/rethrow1.C (test for excess errors)
FAIL: g++.old-deja/g++.eh/rethrow2.C (test for excess errors)
FAIL: g++.old-deja/g++.eh/rethrow4.C (test for excess errors)
FAIL: g++.old-deja/g++.eh/rethrow5.C (test for excess errors)
FAIL: g++.old-deja/g++.eh/rethrow6.C (test for excess errors)
FAIL: g++.old-deja/g++.eh/terminate1.C (test for excess errors)
FAIL: g++.old-deja/g++.eh/vbase1.C (test for excess errors)
FAIL: g++.old-deja/g++.eh/vbase2.C (test for excess errors)
FAIL: g++.old-deja/g++.eh/vbase4.C (test for excess errors)
FAIL: g++.old-deja/g++.jason/dcast2.C (test for excess errors)
FAIL: g++.old-deja/g++.jason/dcast3.C (test for excess errors)
FAIL: g++.old-deja/g++.jason/mi.C (test for excess errors)
FAIL: g++.old-deja/g++.jason/opeq5.C (test for excess errors)
FAIL: g++.old-deja/g++.jason/overload13.C (test for excess errors)
FAIL: g++.old-deja/g++.jason/pmf7.C (test for excess errors)
FAIL: g++.old-deja/g++.jason/ref10.C (test for excess errors)
FAIL: g++.old-deja/g++.jason/ref8.C (test for excess errors)
FAIL: g++.old-deja/g++.jason/rvalue1.C (test for excess errors)
FAIL: g++.old-deja/g++.jason/synth5.C (test for excess errors)
FAIL: g++.old-deja/g++.jason/template41.C (test for excess errors)
FAIL: g++.old-deja/g++.jason/thunk1.C (test for excess errors)
FAIL: g++.old-deja/g++.jason/thunk3.C (test for excess errors)
FAIL: g++.old-deja/g++.jason/typeid2.C (test for excess errors)
FAIL: g++.old-deja/g++.jason/virtual2.C (test for excess errors)
FAIL: g++.old-deja/g++.law/code-gen2.C (test for excess errors)
FAIL: g++.old-deja/g++.law/ctors4.C (test for excess errors)
FAIL: g++.old-deja/g++.law/operators8.C (test for excess errors)
FAIL: g++.old-deja/g++.law/virtual2.C (test for excess errors)
FAIL: g++.old-deja/g++.law/virtual3.C (test for excess errors)
FAIL: g++.old-deja/g++.law/virtual4.C (test for excess errors)
FAIL: g++.old-deja/g++.law/vtable3.C (test for excess errors)
FAIL: g++.old-deja/g++.martin/new1.C (test for excess errors)
FAIL: g++.old-deja/g++.martin/pmf1.C (test for excess errors)
FAIL: g++.old-deja/g++.martin/pmf2.C (test for excess errors)
FAIL: g++.old-deja/g++.mike/align1.C (test for excess errors)
FAIL: g++.old-deja/g++.mike/align2.C (test for excess errors)
FAIL: g++.old-deja/g++.mike/dyncast1.C (test for excess errors)
FAIL: g++.old-deja/g++.mike/dyncast2.C (test for excess errors)
FAIL: g++.old-deja/g++.mike/dyncast3.C (test for excess errors)
FAIL: g++.old-deja/g++.mike/dyncast5.C (test for excess errors)
FAIL: g++.old-deja/g++.mike/dyncast7.C (test for excess errors)
FAIL: g++.old-deja/g++.mike/dyncast8.C (test for excess errors)
FAIL: g++.old-deja/g++.mike/dyncast9.C (test for excess errors)
FAIL: g++.old-deja/g++.mike/eh12.C (test for excess errors)
FAIL: g++.old-deja/g++.mike/eh14.C (test for excess errors)
FAIL: g++.old-deja/g++.mike/eh18.C (test for excess errors)
FAIL: g++.old-deja/g++.mike/eh2.C (test for excess errors)
FAIL: g++.old-deja/g++.mike/eh23.C (test for excess errors)
FAIL: g++.old-deja/g++.mike/eh26.C (test for excess errors)
FAIL: g++.old-deja/g++.mike/eh27.C (test for excess errors)
FAIL: g++.old-deja/g++.mike/eh28.C (test for excess errors)
FAIL: g++.old-deja/g++.mike/eh3.C (test for excess errors)
FAIL: g++.old-deja/g++.mike/eh31.C (test for excess errors)
FAIL: g++.old-deja/g++.mike/eh36.C (test for excess errors)
FAIL: g++.old-deja/g++.mike/eh37.C (test for excess errors)
FAIL: g++.old-deja/g++.mike/eh38.C (test for excess errors)
FAIL: g++.old-deja/g++.mike/eh44.C (test for excess errors)
FAIL: g++.old-deja/g++.mike/eh45.C (test for excess errors)
FAIL: g++.old-deja/g++.mike/mi1.C (test for excess errors)
FAIL: g++.old-deja/g++.mike/mi2.C (test for excess errors)
FAIL: g++.old-deja/g++.mike/misc13.C (test for excess errors)
FAIL: g++.old-deja/g++.mike/misc14.C (test for excess errors)
FAIL: g++.old-deja/g++.mike/net17.C (test for excess errors)
FAIL: g++.old-deja/g++.mike/net21.C (test for excess errors)
FAIL: g++.old-deja/g++.mike/net26.C (test for excess errors)
FAIL: g++.old-deja/g++.mike/net35.C (test for excess errors)
FAIL: g++.old-deja/g++.mike/net38.C (test for excess errors)
FAIL: g++.old-deja/g++.mike/net39.C (test for excess errors)
FAIL: g++.old-deja/g++.mike/offset1.C (test for excess errors)
FAIL: g++.old-deja/g++.mike/p10148.C (test for excess errors)
WARNING: g++.old-deja/g++.mike/p10769a.C compilation failed to produce executable
FAIL: g++.old-deja/g++.mike/p10849a.C (test for excess errors)
FAIL: g++.old-deja/g++.mike/p12306a.C (test for excess errors)
FAIL: g++.old-deja/g++.mike/p1248.C (test for excess errors)
FAIL: g++.old-deja/g++.mike/p1567.C (test for excess errors)
FAIL: g++.old-deja/g++.mike/p16146.C (test for excess errors)
FAIL: g++.old-deja/g++.mike/p1862.C (test for excess errors)
FAIL: g++.old-deja/g++.mike/p2846.C (test for excess errors)
FAIL: g++.old-deja/g++.mike/p2846a.C (test for excess errors)
FAIL: g++.old-deja/g++.mike/p2846b.C (test for excess errors)
FAIL: g++.old-deja/g++.mike/p2960.C (test for excess errors)
FAIL: g++.old-deja/g++.mike/p3041.C (test for excess errors)
FAIL: g++.old-deja/g++.mike/p3068.C (test for excess errors)
FAIL: g++.old-deja/g++.mike/p3139.C (test for excess errors)
FAIL: g++.old-deja/g++.mike/p3708.C (test for excess errors)
FAIL: g++.old-deja/g++.mike/p3708a.C (test for excess errors)
FAIL: g++.old-deja/g++.mike/p3708b.C (test for excess errors)
FAIL: g++.old-deja/g++.mike/p4246.C (test for excess errors)
FAIL: g++.old-deja/g++.mike/p4511.C (test for excess errors)
FAIL: g++.old-deja/g++.mike/p4623.C (test for excess errors)
FAIL: g++.old-deja/g++.mike/p4667.C (test for excess errors)
FAIL: g++.old-deja/g++.mike/p4736a.C (test for excess errors)
FAIL: g++.old-deja/g++.mike/p4736b.C (test for excess errors)
FAIL: g++.old-deja/g++.mike/p4736c.C (test for excess errors)
FAIL: g++.old-deja/g++.mike/p5571.C (test for excess errors)
FAIL: g++.old-deja/g++.mike/p6610a.C (test for excess errors)
FAIL: g++.old-deja/g++.mike/p6610b.C (test for excess errors)
FAIL: g++.old-deja/g++.mike/p789.C (test for excess errors)
FAIL: g++.old-deja/g++.mike/p789a.C (test for excess errors)
FAIL: g++.old-deja/g++.mike/p7912.C (test for excess errors)
FAIL: g++.old-deja/g++.mike/p8155.C (test for excess errors)
FAIL: g++.old-deja/g++.mike/p9706.C (test for excess errors)
FAIL: g++.old-deja/g++.mike/pmf2.C (test for excess errors)
FAIL: g++.old-deja/g++.mike/pmf8.C (test for excess errors)
FAIL: g++.old-deja/g++.mike/pt1.C (test for excess errors)
FAIL: g++.old-deja/g++.mike/pt2.C (test for excess errors)
FAIL: g++.old-deja/g++.mike/rtti3.C (test for excess errors)
FAIL: g++.old-deja/g++.mike/thunk2.C (test for excess errors)
FAIL: g++.old-deja/g++.mike/thunk3.C (test for excess errors)
FAIL: g++.old-deja/g++.mike/virt2.C (test for excess errors)
FAIL: g++.old-deja/g++.mike/virt4.C (test for excess errors)
FAIL: g++.old-deja/g++.mike/virt5.C (test for excess errors)
FAIL: g++.old-deja/g++.mike/virt6.C (test for excess errors)
FAIL: g++.old-deja/g++.mike/vtable1.C (test for excess errors)
FAIL: g++.old-deja/g++.oliva/delete2.C (test for excess errors)
FAIL: g++.old-deja/g++.oliva/delete3.C (test for excess errors)
FAIL: g++.old-deja/g++.oliva/delete4.C (test for excess errors)
FAIL: g++.old-deja/g++.oliva/delete5.C (test for excess errors)
FAIL: g++.old-deja/g++.oliva/thunk1.C (test for excess errors)
FAIL: g++.old-deja/g++.other/dtor5.C (test for excess errors)
FAIL: g++.old-deja/g++.other/dtor9.C (test for excess errors)
FAIL: g++.old-deja/g++.other/dyncast1.C (test for excess errors)
FAIL: g++.old-deja/g++.other/dyncast2.C (test for excess errors)
FAIL: g++.old-deja/g++.other/dyncast3.C (test for excess errors)
FAIL: g++.old-deja/g++.other/dyncast4.C (test for excess errors)
FAIL: g++.old-deja/g++.other/dyncast5.C (test for excess errors)
FAIL: g++.old-deja/g++.other/dyncast6.C (test for excess errors)
FAIL: g++.old-deja/g++.other/eh3.C (test for excess errors)
WARNING: g++.old-deja/g++.other/enum5.C compilation failed to produce executable
FAIL: g++.old-deja/g++.other/local1.C (test for excess errors)
FAIL: g++.old-deja/g++.other/local3.C (test for excess errors)
FAIL: g++.old-deja/g++.other/new3.C (test for excess errors)
FAIL: g++.old-deja/g++.other/optimize2.C (test for excess errors)
FAIL: g++.old-deja/g++.other/pmf4.C (test for excess errors)
FAIL: g++.old-deja/g++.other/pmf5.C (test for excess errors)
FAIL: g++.old-deja/g++.other/rtti1.C (test for excess errors)
FAIL: g++.old-deja/g++.other/rtti2.C (test for excess errors)
FAIL: g++.old-deja/g++.other/rtti3.C (test for excess errors)
FAIL: g++.old-deja/g++.other/rtti4.C (test for excess errors)
FAIL: g++.old-deja/g++.other/rttid3.C (test for excess errors)
FAIL: g++.old-deja/g++.other/rttid4.C (test for excess errors)
FAIL: g++.old-deja/g++.other/thunk1.C (test for excess errors)
FAIL: g++.old-deja/g++.other/vbase1.C (test for excess errors)
FAIL: g++.old-deja/g++.other/vbase2.C (test for excess errors)
FAIL: g++.old-deja/g++.other/vbase5.C (test for excess errors)
FAIL: g++.old-deja/g++.other/virtual2.C (test for excess errors)
FAIL: g++.old-deja/g++.other/virtual3.C (test for excess errors)
FAIL: g++.old-deja/g++.other/virtual8.C (test for excess errors)
FAIL: g++.old-deja/g++.other/virtual9.C (test for excess errors)
FAIL: g++.old-deja/g++.other/vtbl2.C (test for excess errors)
WARNING: g++.old-deja/g++.pt/friend44.C compilation failed to produce executable
FAIL: g++.old-deja/g++.pt/local6.C (test for excess errors)
FAIL: g++.old-deja/g++.pt/memclass4.C (test for excess errors)
FAIL: g++.old-deja/g++.pt/mi1.C (test for excess errors)
FAIL: g++.old-deja/g++.pt/spec3.C (test for excess errors)
FAIL: g++.old-deja/g++.pt/static8.C (test for excess errors)
FAIL: g++.old-deja/g++.pt/vbase1.C (test for excess errors)
FAIL: g++.old-deja/g++.pt/virtual1.C (test for excess errors)
FAIL: g++.old-deja/g++.pt/virtual4.C (test for excess errors)
FAIL: g++.old-deja/g++.robertl/eb118.C (test for excess errors)
FAIL: g++.old-deja/g++.robertl/eb17.C (test for excess errors)
FAIL: g++.old-deja/g++.robertl/eb46.C (test for excess errors)
FAIL: g++.old-deja/g++.robertl/eb50.C (test for excess errors)
FAIL: g++.old-deja/g++.robertl/eh990323-2.C (test for excess errors)
FAIL: g++.old-deja/g++.robertl/eh990323-3.C (test for excess errors)
FAIL: g++.old-deja/g++.robertl/eh990323-4.C (test for excess errors)
FAIL: g++.old-deja/g++.robertl/ice990323-2.C (test for excess errors)

		=== g++ Summary ===

# of expected passes		9564
# of unexpected failures	283
# of unexpected successes	2
# of expected failures		70
# of unresolved testcases	15
# of unsupported tests		81
/opt/builder/nightly-build/build/alpha/obj/upstream/gcc-3.4/gcc/testsuite/../g++  version 3.4.5 20051013 (prerelease)

		=== gcc tests ===


Running target unix
FAIL: gcc.dg/20040123-1.c scan-assembler abort
FAIL: gcc.dg/special/gcsec-1.c (test for excess errors)

		=== gcc Summary ===

# of expected passes		24926
# of unexpected failures	2
# of expected failures		79
# of untested testcases		7
# of unsupported tests		359
/opt/builder/nightly-build/build/alpha/obj/upstream/gcc-3.4/gcc/xgcc version 3.4.5 20051013 (prerelease)


Compiler version: 3.4.5 20051013 (prerelease) 
Platform: alphaev6-unknown-linux-gnu
configure flags: --prefix=/opt/toolchain/tot-20051013 --program-suffix=-3.4 --enable-languages=c,c++ --with-system-zlib --enable-nls --without-included-gettext
Counting all warnings,
there are 0 warnings in stage3 of this bootstrap.

Number of warnings per file:

Number of warning types:


Index Nav: [Date Index] [Subject Index] [Author Index] [Thread Index]
Message Nav: [Date Prev] [Date Next] [Thread Prev] [Thread Next]