This is the mail archive of the gcc-testresults@gcc.gnu.org mailing list for the GCC project.


Index Nav: [Date Index] [Subject Index] [Author Index] [Thread Index]
Message Nav: [Date Prev] [Date Next] [Thread Prev] [Thread Next]
Other format: [Raw text]

Results for 4.0.2 testsuite on mips-sgi-irix6.5


LAST_UPDATED: Obtained from CVS: -rgcc_4_0_2_release

		=== acats tests ===
FAIL:	a49027c
FAIL:	a83a02b
FAIL:	a85013b
FAIL:	a87b59a
FAIL:	a95001c
FAIL:	a95074d
FAIL:	a97106a
FAIL:	a99006a
FAIL:	aa2010a
FAIL:	ac3207a
FAIL:	ad7201a
FAIL:	ad7203b
FAIL:	ad7205b
FAIL:	ada101a
FAIL:	ae3702a
FAIL:	ae3709a
FAIL:	c23003b
FAIL:	c23003g
FAIL:	c250002
FAIL:	c34007j
FAIL:	c34008a
FAIL:	c35102a
FAIL:	c352001
FAIL:	c354002
FAIL:	c354003
FAIL:	c37402a
FAIL:	c37403a
FAIL:	c380003
FAIL:	c38102d
FAIL:	c38202a
FAIL:	c390010
FAIL:	c39008a
FAIL:	c39008b
FAIL:	c39008c
FAIL:	c391002
FAIL:	c392010
FAIL:	c392011
FAIL:	c392c05
FAIL:	c392c07
FAIL:	c393001
FAIL:	c393008
FAIL:	c393010
FAIL:	c393012
FAIL:	c3a0005
FAIL:	c3a0007
FAIL:	c3a0009
FAIL:	c3a1001
FAIL:	c3a1002
FAIL:	c3a2001
FAIL:	c410001
FAIL:	c41306a
FAIL:	c41306b
FAIL:	c41306c
FAIL:	c41307d
FAIL:	c41401a
FAIL:	c43204g
FAIL:	c450001
FAIL:	c45282b
FAIL:	c45291a
FAIL:	c46051a
FAIL:	c490001
FAIL:	c490002
FAIL:	c51004a
FAIL:	c59002c
FAIL:	c641001
FAIL:	c64201b
FAIL:	c64201c
FAIL:	c650001
FAIL:	c74004a
FAIL:	c74401k
FAIL:	c74406a
FAIL:	c760001
FAIL:	c760002
FAIL:	c760011
FAIL:	c760012
FAIL:	c761001
FAIL:	c761002
FAIL:	c761003
FAIL:	c761004
FAIL:	c761005
FAIL:	c761007
FAIL:	c83023a
FAIL:	c85004b
FAIL:	c85005a
FAIL:	c85005b
FAIL:	c85005c
FAIL:	c85005d
FAIL:	c85005e
FAIL:	c85006a
FAIL:	c85006b
FAIL:	c85006c
FAIL:	c85006d
FAIL:	c85006e
FAIL:	c85014a
FAIL:	c85014b
FAIL:	c85014c
FAIL:	c85018a
FAIL:	c85018b
FAIL:	c87b26b
FAIL:	c87b41a
FAIL:	c87b45c
FAIL:	c87b54a
FAIL:	c87b62d
FAIL:	c910001
FAIL:	c910002
FAIL:	c910003
FAIL:	c91004b
FAIL:	c91004c
FAIL:	c91006a
FAIL:	c91007a
FAIL:	c92002a
FAIL:	c92003a
FAIL:	c92005a
FAIL:	c92005b
FAIL:	c92006a
FAIL:	c930001
FAIL:	c93001a
FAIL:	c93002a
FAIL:	c93003a
FAIL:	c93004a
FAIL:	c93004b
FAIL:	c93004c
FAIL:	c93004d
FAIL:	c93004f
FAIL:	c93005a
FAIL:	c93005b
FAIL:	c93005c
FAIL:	c93005d
FAIL:	c93005e
FAIL:	c93005f
FAIL:	c93005g
FAIL:	c93005h
FAIL:	c93006a
FAIL:	c93007a
FAIL:	c93008a
FAIL:	c93008b
FAIL:	c940001
FAIL:	c940002
FAIL:	c940004
FAIL:	c940005
FAIL:	c940006
FAIL:	c940007
FAIL:	c940010
FAIL:	c940011
FAIL:	c940012
FAIL:	c940013
FAIL:	c940014
FAIL:	c940015
FAIL:	c940016
FAIL:	c94001a
FAIL:	c94001b
FAIL:	c94001c
FAIL:	c94001e
FAIL:	c94001f
FAIL:	c94001g
FAIL:	c94002a
FAIL:	c94002b
FAIL:	c94002d
FAIL:	c94002e
FAIL:	c94002f
FAIL:	c94002g
FAIL:	c94004a
FAIL:	c94004b
FAIL:	c94004c
FAIL:	c94005a
FAIL:	c94005b
FAIL:	c94006a
FAIL:	c94007a
FAIL:	c94007b
FAIL:	c94008a
FAIL:	c94008b
FAIL:	c94008c
FAIL:	c94008d
FAIL:	c94010a
FAIL:	c94011a
FAIL:	c94020a
FAIL:	c940a03
FAIL:	c95008a
FAIL:	c95009a
FAIL:	c95010a
FAIL:	c95011a
FAIL:	c95012a
FAIL:	c95021a
FAIL:	c95022a
FAIL:	c95022b
FAIL:	c95033a
FAIL:	c95033b
FAIL:	c95034a
FAIL:	c95034b
FAIL:	c95035a
FAIL:	c95040a
FAIL:	c95040b
FAIL:	c95040c
FAIL:	c95040d
FAIL:	c95041a
FAIL:	c95065a
FAIL:	c95065b
FAIL:	c95065c
FAIL:	c95065d
FAIL:	c95065e
FAIL:	c95065f
FAIL:	c95066a
FAIL:	c95067a
FAIL:	c95071a
FAIL:	c95072a
FAIL:	c95072b
FAIL:	c95073a
FAIL:	c95074c
FAIL:	c95076a
FAIL:	c95078a
FAIL:	c95080b
FAIL:	c95082g
FAIL:	c95085a
FAIL:	c95085b
FAIL:	c95085c
FAIL:	c95085d
FAIL:	c95085e
FAIL:	c95085f
FAIL:	c95085g
FAIL:	c95085h
FAIL:	c95085i
FAIL:	c95085j
FAIL:	c95085k
FAIL:	c95085l
FAIL:	c95085m
FAIL:	c95085n
FAIL:	c95085o
FAIL:	c95086a
FAIL:	c95086b
FAIL:	c95086c
FAIL:	c95086d
FAIL:	c95086e
FAIL:	c95086f
FAIL:	c95087a
FAIL:	c95087b
FAIL:	c95087c
FAIL:	c95087d
FAIL:	c95088a
FAIL:	c95089a
FAIL:	c95090a
FAIL:	c95092a
FAIL:	c95093a
FAIL:	c95095a
FAIL:	c95095b
FAIL:	c95095c
FAIL:	c95095d
FAIL:	c95095e
FAIL:	c951001
FAIL:	c951002
FAIL:	c953001
FAIL:	c953002
FAIL:	c953003
FAIL:	c954001
FAIL:	c954010
FAIL:	c954011
FAIL:	c954012
FAIL:	c954013
FAIL:	c954014
FAIL:	c954015
FAIL:	c954016
FAIL:	c954017
FAIL:	c954018
FAIL:	c954019
FAIL:	c954020
FAIL:	c954021
FAIL:	c954022
FAIL:	c954023
FAIL:	c954024
FAIL:	c954025
FAIL:	c954026
FAIL:	c954a01
FAIL:	c954a02
FAIL:	c954a03
FAIL:	c960001
FAIL:	c960002
FAIL:	c960004
FAIL:	c96001a
FAIL:	c97112a
FAIL:	c97113a
FAIL:	c97114a
FAIL:	c97115a
FAIL:	c97116a
FAIL:	c97117a
FAIL:	c97117b
FAIL:	c97117c
FAIL:	c97118a
FAIL:	c97120a
FAIL:	c97120b
FAIL:	c97201a
FAIL:	c97201b
FAIL:	c97201c
FAIL:	c97201d
FAIL:	c97201e
FAIL:	c97201g
FAIL:	c97201h
FAIL:	c97201x
FAIL:	c97202a
FAIL:	c97203a
FAIL:	c97203b
FAIL:	c97203c
FAIL:	c97204a
FAIL:	c97204b
FAIL:	c97205a
FAIL:	c97205b
FAIL:	c97301a
FAIL:	c97301b
FAIL:	c97301c
FAIL:	c97301d
FAIL:	c97301e
FAIL:	c97302a
FAIL:	c97303a
FAIL:	c97303b
FAIL:	c97303c
FAIL:	c97304a
FAIL:	c97304b
FAIL:	c97305a
FAIL:	c97305b
FAIL:	c97305c
FAIL:	c97305d
FAIL:	c97307a
FAIL:	c974001
FAIL:	c974002
FAIL:	c974003
FAIL:	c974004
FAIL:	c974005
FAIL:	c974006
FAIL:	c974007
FAIL:	c974008
FAIL:	c974009
FAIL:	c974010
FAIL:	c974011
FAIL:	c974012
FAIL:	c974013
FAIL:	c974014
FAIL:	c980001
FAIL:	c980002
FAIL:	c980003
FAIL:	c99004a
FAIL:	c99005a
FAIL:	c9a003a
FAIL:	c9a004a
FAIL:	c9a007a
FAIL:	c9a009a
FAIL:	c9a009c
FAIL:	c9a009f
FAIL:	c9a009g
FAIL:	c9a009h
FAIL:	c9a010a
FAIL:	c9a011a
FAIL:	c9a011b
FAIL:	ca13001
FAIL:	ca5004a
FAIL:	cb1010a
FAIL:	cb20001
FAIL:	cb20004
FAIL:	cb20005
FAIL:	cb20006
FAIL:	cb20007
FAIL:	cb40005
FAIL:	cb4013a
FAIL:	cb41002
FAIL:	cb5001a
FAIL:	cb5001b
FAIL:	cb5002a
FAIL:	cc1104c
FAIL:	cc1207b
FAIL:	cc1225a
FAIL:	cc1310a
FAIL:	cc3019c
FAIL:	cc3106b
FAIL:	cc3120b
FAIL:	cc3207b
FAIL:	cc3225a
FAIL:	cc3601c
FAIL:	cc3602a
FAIL:	cc40001
FAIL:	cd10001
FAIL:	cd10002
FAIL:	cd1009k
FAIL:	cd1009t
FAIL:	cd1009u
FAIL:	cd1c03e
FAIL:	cd1c06a
FAIL:	cd20001
FAIL:	cd2a91c
FAIL:	cd2c11a
FAIL:	cd2c11d
FAIL:	cd30002
FAIL:	cd30004
FAIL:	cd30005
FAIL:	cd33002
FAIL:	cd5003e
FAIL:	cd72a01
FAIL:	cd72a02
FAIL:	cdb0a01
FAIL:	cdb0a02
FAIL:	ce3701a
FAIL:	ce3704a
FAIL:	ce3704b
FAIL:	ce3704c
FAIL:	ce3704d
FAIL:	ce3704e
FAIL:	ce3704f
FAIL:	ce3704m
FAIL:	ce3704n
FAIL:	ce3704o
FAIL:	ce3705a
FAIL:	ce3705b
FAIL:	ce3705c
FAIL:	ce3705d
FAIL:	ce3705e
FAIL:	ce3706c
FAIL:	ce3706d
FAIL:	ce3706f
FAIL:	ce3706g
FAIL:	ce3707a
FAIL:	ce3708a
FAIL:	ce3801a
FAIL:	ce3801b
FAIL:	ce3804a
FAIL:	ce3804b
FAIL:	ce3804c
FAIL:	ce3804d
FAIL:	ce3804e
FAIL:	ce3804f
FAIL:	ce3804g
FAIL:	ce3804h
FAIL:	ce3804i
FAIL:	ce3804j
FAIL:	ce3804m
FAIL:	ce3804o
FAIL:	ce3804p
FAIL:	ce3805a
FAIL:	ce3805b
FAIL:	ce3806a
FAIL:	ce3806b
FAIL:	ce3806c
FAIL:	ce3806d
FAIL:	ce3806e
FAIL:	ce3806f
FAIL:	ce3806g
FAIL:	ce3806h
FAIL:	ce3809a
FAIL:	ce3809b
FAIL:	ce3810a
FAIL:	ce3810b
FAIL:	ce3815a
FAIL:	ce3901a
FAIL:	ce3902b
FAIL:	ce3904a
FAIL:	ce3904b
FAIL:	ce3905a
FAIL:	ce3905b
FAIL:	ce3905c
FAIL:	ce3905l
FAIL:	ce3906a
FAIL:	ce3906b
FAIL:	ce3906c
FAIL:	ce3906d
FAIL:	ce3906e
FAIL:	ce3906f
FAIL:	ce3907a
FAIL:	ce3908a
FAIL:	cxa4006
FAIL:	cxa4007
FAIL:	cxa4008
FAIL:	cxa4009
FAIL:	cxa4010
FAIL:	cxa4011
FAIL:	cxa4012
FAIL:	cxa4018
FAIL:	cxa4019
FAIL:	cxa4020
FAIL:	cxa4021
FAIL:	cxa4022
FAIL:	cxa4023
FAIL:	cxa4025
FAIL:	cxa4026
FAIL:	cxa4027
FAIL:	cxa4028
FAIL:	cxa4029
FAIL:	cxa4030
FAIL:	cxa4031
FAIL:	cxa4032
FAIL:	cxa4033
FAIL:	cxa4034
FAIL:	cxa5011
FAIL:	cxa5012
FAIL:	cxaa007
FAIL:	cxaa008
FAIL:	cxaa009
FAIL:	cxaa010
FAIL:	cxaa011
FAIL:	cxaa018
FAIL:	cxac004
FAIL:	cxaca01
FAIL:	cxb3004
FAIL:	cxb3007
FAIL:	cxb3013
FAIL:	cxb4002
FAIL:	cxb4005
FAIL:	cxb5002
FAIL:	cxb5003
FAIL:	cxf3001
FAIL:	cxf3002
FAIL:	cxf3003
FAIL:	cxf3004
FAIL:	cxf3a01
FAIL:	cxf3a02
FAIL:	cxf3a03
FAIL:	cxf3a04
FAIL:	cxf3a05
FAIL:	cxf3a06
FAIL:	cxf3a07
FAIL:	cxf3a08
FAIL:	cxg1003
FAIL:	cxg1005
FAIL:	cxg2001
FAIL:	cxg2002
FAIL:	cxg2003
FAIL:	cxg2004
FAIL:	cxg2005
FAIL:	cxg2006
FAIL:	cxg2007
FAIL:	cxg2008
FAIL:	cxg2009
FAIL:	cxg2010
FAIL:	cxg2011
FAIL:	cxg2012
FAIL:	cxg2013
FAIL:	cxg2014
FAIL:	cxg2015
FAIL:	cxg2016
FAIL:	cxg2017
FAIL:	cxg2018
FAIL:	cxg2019
FAIL:	cxg2020
FAIL:	cxg2021
FAIL:	cxg2024
FAIL:	cxh1001
FAIL:	cxh3001
FAIL:	cxh3002
FAIL:	cxh3003
FAIL:	la14010
FAIL:	la14027

		=== acats Summary ===
# of expected passes		1775
# of unexpected failures	545
Native configuration is mips-sgi-irix6.5

		=== g++ tests ===


Running target unix/
FAIL: g++.dg/template/array14.C (test for excess errors)

		=== g++ Summary for unix/ ===

# of expected passes		11015
# of unexpected failures	1
# of expected failures		69
# of unsupported tests		103

Running target unix/-mabi=32
FAIL: g++.dg/template/array14.C (test for excess errors)

		=== g++ Summary for unix/-mabi=32 ===

# of expected passes		11015
# of unexpected failures	1
# of expected failures		69
# of unsupported tests		103

Running target unix/-mabi=64
FAIL: g++.dg/template/array14.C (test for excess errors)

		=== g++ Summary for unix/-mabi=64 ===

# of expected passes		10983
# of unexpected failures	1
# of expected failures		69
# of unsupported tests		105

		=== g++ Summary ===

# of expected passes		33013
# of unexpected failures	3
# of expected failures		207
# of unsupported tests		311
/octane-3/disk1/SCRATCH/gcc-build/IRIX64/mips-sgi-irix6.5/gcc-4.0.2/gcc-4.0.2/gcc/testsuite/../g++
 version 4.0.2

		=== gcc tests ===


Running target unix/
FAIL: gcc.c-torture/execute/20010124-1.c compilation,  -O0
UNRESOLVED: gcc.c-torture/execute/20010124-1.c execution,  -O0
FAIL: gcc.dg/special/gcsec-1.c (test for excess errors)
WARNING: gcc.dg/special/gcsec-1.c compilation failed to produce executable

		=== gcc Summary for unix/ ===

# of expected passes		34433
# of unexpected failures	2
# of expected failures		68
# of unresolved testcases	1
# of untested testcases		28
# of unsupported tests		478

Running target unix/-mabi=32
FAIL: gcc.c-torture/execute/20010124-1.c compilation,  -O0
UNRESOLVED: gcc.c-torture/execute/20010124-1.c execution,  -O0
FAIL: gcc.c-torture/execute/ieee/copysign1.c execution,  -O0
FAIL: gcc.c-torture/execute/ieee/copysign1.c execution,  -O1
FAIL: gcc.c-torture/execute/ieee/copysign1.c execution,  -O2
FAIL: gcc.c-torture/execute/ieee/copysign1.c execution,  -O3
-fomit-frame-pointer
FAIL: gcc.c-torture/execute/ieee/copysign1.c execution,  -O3
-fomit-frame-pointer -funroll-loops
FAIL: gcc.c-torture/execute/ieee/copysign1.c execution,  -O3
-fomit-frame-pointer -funroll-all-loops -finline-functions
FAIL: gcc.c-torture/execute/ieee/copysign1.c execution,  -O3 -g
FAIL: gcc.c-torture/execute/ieee/copysign1.c execution,  -Os
FAIL: gcc.dg/special/gcsec-1.c (test for excess errors)
WARNING: gcc.dg/special/gcsec-1.c compilation failed to produce executable
FAIL: gcc.dg/tree-ssa/loop-1.c scan-assembler-times foo 5

		=== gcc Summary for unix/-mabi=32 ===

# of expected passes		34411
# of unexpected failures	11
# of expected failures		68
# of unresolved testcases	1
# of untested testcases		28
# of unsupported tests		482

Running target unix/-mabi=64
FAIL: gcc.c-torture/execute/20010124-1.c compilation,  -O0
UNRESOLVED: gcc.c-torture/execute/20010124-1.c execution,  -O0
WARNING: program timed out.
FAIL: gcc.dg/special/gcsec-1.c (test for excess errors)
WARNING: gcc.dg/special/gcsec-1.c compilation failed to produce executable

		=== gcc Summary for unix/-mabi=64 ===

# of expected passes		34427
# of unexpected failures	2
# of expected failures		68
# of unresolved testcases	1
# of untested testcases		28
# of unsupported tests		479

		=== gcc Summary ===

# of expected passes		103271
# of unexpected failures	15
# of expected failures		204
# of unresolved testcases	3
# of untested testcases		84
# of unsupported tests		1439
/octane-3/disk1/SCRATCH/gcc-build/IRIX64/mips-sgi-irix6.5/gcc-4.0.2/gcc-4.0.2/gcc/xgcc
 version 4.0.2

		=== gfortran tests ===


Running target unix/
FAIL: gfortran.fortran-torture/execute/intrinsic_abs.f90 execution,  -O0
FAIL: gfortran.fortran-torture/execute/intrinsic_abs.f90 execution,  -O1
FAIL: gfortran.fortran-torture/execute/intrinsic_abs.f90 execution,  -O2
FAIL: gfortran.fortran-torture/execute/intrinsic_abs.f90 execution,  -O3
-fomit-frame-pointer
FAIL: gfortran.fortran-torture/execute/intrinsic_abs.f90 execution,  -O3
-fomit-frame-pointer -funroll-loops
FAIL: gfortran.fortran-torture/execute/intrinsic_abs.f90 execution,  -O3
-fomit-frame-pointer -funroll-all-loops -finline-functions
FAIL: gfortran.fortran-torture/execute/intrinsic_abs.f90 execution,  -O3 -g
FAIL: gfortran.fortran-torture/execute/intrinsic_abs.f90 execution,  -Os
FAIL: gfortran.fortran-torture/execute/strarray_3.f90 execution,  -O2
FAIL: gfortran.fortran-torture/execute/strarray_3.f90 execution,  -O3
-fomit-frame-pointer
FAIL: gfortran.fortran-torture/execute/strarray_3.f90 execution,  -O3
-fomit-frame-pointer -funroll-loops
FAIL: gfortran.fortran-torture/execute/strarray_3.f90 execution,  -O3
-fomit-frame-pointer -funroll-all-loops -finline-functions
FAIL: gfortran.fortran-torture/execute/strarray_3.f90 execution,  -O3 -g

		=== gfortran Summary for unix/ ===

# of expected passes		8167
# of unexpected failures	13
# of expected failures		9
# of unsupported tests		17

Running target unix/-mabi=32
FAIL: gfortran.dg/PR19754_2.f90  -O0  execution test
FAIL: gfortran.dg/PR19754_2.f90  -O1  execution test
FAIL: gfortran.dg/PR19754_2.f90  -O2  execution test
FAIL: gfortran.dg/PR19754_2.f90  -O3 -fomit-frame-pointer  execution test
FAIL: gfortran.dg/PR19754_2.f90  -O3 -fomit-frame-pointer -funroll-loops
 execution test
FAIL: gfortran.dg/PR19754_2.f90  -O3 -fomit-frame-pointer
-funroll-all-loops -finline-functions  execution test
FAIL: gfortran.dg/PR19754_2.f90  -O3 -g  execution test
FAIL: gfortran.dg/PR19754_2.f90  -Os  execution test
FAIL: gfortran.dg/f2c_2.f90  -O0  execution test
XPASS: gfortran.dg/g77/cabs.f  -O0  execution test
XPASS: gfortran.dg/g77/cabs.f  -O1  execution test
XPASS: gfortran.dg/g77/cabs.f  -O2  execution test
XPASS: gfortran.dg/g77/cabs.f  -O3 -fomit-frame-pointer  execution test
XPASS: gfortran.dg/g77/cabs.f  -O3 -fomit-frame-pointer -funroll-loops
execution test
XPASS: gfortran.dg/g77/cabs.f  -O3 -fomit-frame-pointer
-funroll-all-loops -finline-functions  execution test
XPASS: gfortran.dg/g77/cabs.f  -O3 -g  execution test
XPASS: gfortran.dg/g77/cabs.f  -Os  execution test
FAIL: gfortran.dg/g77/erfc.f  -O0  execution test
FAIL: gfortran.dg/g77/erfc.f  -O1  execution test
FAIL: gfortran.dg/g77/erfc.f  -O2  execution test
FAIL: gfortran.dg/g77/erfc.f  -O3 -fomit-frame-pointer  execution test
FAIL: gfortran.dg/g77/erfc.f  -O3 -fomit-frame-pointer -funroll-loops
execution test
FAIL: gfortran.dg/g77/erfc.f  -O3 -fomit-frame-pointer
-funroll-all-loops -finline-functions  execution test
FAIL: gfortran.dg/g77/erfc.f  -O3 -g  execution test
FAIL: gfortran.dg/g77/erfc.f  -Os  execution test
FAIL: gfortran.dg/g77/intrinsic-unix-bessel.f  -O0  execution test
FAIL: gfortran.dg/g77/intrinsic-unix-bessel.f  -O1  execution test
FAIL: gfortran.dg/g77/intrinsic-unix-bessel.f  -O2  execution test
FAIL: gfortran.dg/g77/intrinsic-unix-bessel.f  -O3 -fomit-frame-pointer
 execution test
FAIL: gfortran.dg/g77/intrinsic-unix-bessel.f  -O3 -fomit-frame-pointer
-funroll-loops  execution test
FAIL: gfortran.dg/g77/intrinsic-unix-bessel.f  -O3 -fomit-frame-pointer
-funroll-all-loops -finline-functions  execution test
FAIL: gfortran.dg/g77/intrinsic-unix-bessel.f  -O3 -g  execution test
FAIL: gfortran.dg/g77/intrinsic-unix-bessel.f  -Os  execution test
FAIL: gfortran.dg/g77/intrinsic-unix-erf.f  -O0  execution test
FAIL: gfortran.dg/g77/intrinsic-unix-erf.f  -O1  execution test
FAIL: gfortran.dg/g77/intrinsic-unix-erf.f  -O2  execution test
FAIL: gfortran.dg/g77/intrinsic-unix-erf.f  -O3 -fomit-frame-pointer
execution test
FAIL: gfortran.dg/g77/intrinsic-unix-erf.f  -O3 -fomit-frame-pointer
-funroll-loops  execution test
FAIL: gfortran.dg/g77/intrinsic-unix-erf.f  -O3 -fomit-frame-pointer
-funroll-all-loops -finline-functions  execution test
FAIL: gfortran.dg/g77/intrinsic-unix-erf.f  -O3 -g  execution test
FAIL: gfortran.dg/g77/intrinsic-unix-erf.f  -Os  execution test
FAIL: gfortran.fortran-torture/execute/intrinsic_aint_anint.f90
execution,  -O0
FAIL: gfortran.fortran-torture/execute/intrinsic_aint_anint.f90
execution,  -O1
FAIL: gfortran.fortran-torture/execute/intrinsic_aint_anint.f90
execution,  -O2
FAIL: gfortran.fortran-torture/execute/intrinsic_aint_anint.f90
execution,  -O3 -fomit-frame-pointer
FAIL: gfortran.fortran-torture/execute/intrinsic_aint_anint.f90
execution,  -O3 -fomit-frame-pointer -funroll-loops
FAIL: gfortran.fortran-torture/execute/intrinsic_aint_anint.f90
execution,  -O3 -fomit-frame-pointer -funroll-all-loops -finline-functions
FAIL: gfortran.fortran-torture/execute/intrinsic_aint_anint.f90
execution,  -O3 -g
FAIL: gfortran.fortran-torture/execute/intrinsic_aint_anint.f90
execution,  -Os
FAIL: gfortran.fortran-torture/execute/intrinsic_set_exponent.f90
execution,  -O0
FAIL: gfortran.fortran-torture/execute/intrinsic_set_exponent.f90
execution,  -O1
FAIL: gfortran.fortran-torture/execute/intrinsic_set_exponent.f90
execution,  -O2
FAIL: gfortran.fortran-torture/execute/intrinsic_set_exponent.f90
execution,  -O3 -fomit-frame-pointer
FAIL: gfortran.fortran-torture/execute/intrinsic_set_exponent.f90
execution,  -O3 -fomit-frame-pointer -funroll-loops
FAIL: gfortran.fortran-torture/execute/intrinsic_set_exponent.f90
execution,  -O3 -fomit-frame-pointer -funroll-all-loops -finline-functions
FAIL: gfortran.fortran-torture/execute/intrinsic_set_exponent.f90
execution,  -O3 -g
FAIL: gfortran.fortran-torture/execute/intrinsic_set_exponent.f90
execution,  -Os
FAIL: gfortran.fortran-torture/execute/intrinsic_si_kind.f90 execution,
 -O0
FAIL: gfortran.fortran-torture/execute/intrinsic_si_kind.f90 execution,
 -O1
FAIL: gfortran.fortran-torture/execute/intrinsic_si_kind.f90 execution,
 -O2
FAIL: gfortran.fortran-torture/execute/intrinsic_si_kind.f90 execution,
 -O3 -fomit-frame-pointer
FAIL: gfortran.fortran-torture/execute/intrinsic_si_kind.f90 execution,
 -O3 -fomit-frame-pointer -funroll-loops
FAIL: gfortran.fortran-torture/execute/intrinsic_si_kind.f90 execution,
 -O3 -fomit-frame-pointer -funroll-all-loops -finline-functions
FAIL: gfortran.fortran-torture/execute/intrinsic_si_kind.f90 execution,
 -O3 -g
FAIL: gfortran.fortran-torture/execute/intrinsic_si_kind.f90 execution,
 -Os
FAIL: gfortran.fortran-torture/execute/math.f90 execution,  -O0
FAIL: gfortran.fortran-torture/execute/math.f90 execution,  -O1
FAIL: gfortran.fortran-torture/execute/math.f90 execution,  -O2
FAIL: gfortran.fortran-torture/execute/math.f90 execution,  -O3
-fomit-frame-pointer
FAIL: gfortran.fortran-torture/execute/math.f90 execution,  -O3
-fomit-frame-pointer -funroll-loops
FAIL: gfortran.fortran-torture/execute/math.f90 execution,  -O3
-fomit-frame-pointer -funroll-all-loops -finline-functions
FAIL: gfortran.fortran-torture/execute/math.f90 execution,  -O3 -g
FAIL: gfortran.fortran-torture/execute/math.f90 execution,  -Os
FAIL: gfortran.fortran-torture/execute/power.f90 execution,  -O0
FAIL: gfortran.fortran-torture/execute/specifics.f90 execution,  -O0
FAIL: gfortran.fortran-torture/execute/specifics.f90 execution,  -O1
FAIL: gfortran.fortran-torture/execute/specifics.f90 execution,  -O2
FAIL: gfortran.fortran-torture/execute/specifics.f90 execution,  -O3
-fomit-frame-pointer
FAIL: gfortran.fortran-torture/execute/specifics.f90 execution,  -O3
-fomit-frame-pointer -funroll-loops
FAIL: gfortran.fortran-torture/execute/specifics.f90 execution,  -O3
-fomit-frame-pointer -funroll-all-loops -finline-functions
FAIL: gfortran.fortran-torture/execute/specifics.f90 execution,  -O3 -g
FAIL: gfortran.fortran-torture/execute/specifics.f90 execution,  -Os

		=== gfortran Summary for unix/-mabi=32 ===

# of expected passes		8106
# of unexpected failures	74
# of unexpected successes	8
# of expected failures		1
# of unsupported tests		17

Running target unix/-mabi=64
FAIL: gfortran.fortran-torture/execute/intrinsic_abs.f90 execution,  -O0
FAIL: gfortran.fortran-torture/execute/intrinsic_abs.f90 execution,  -O1
FAIL: gfortran.fortran-torture/execute/intrinsic_abs.f90 execution,  -O2
FAIL: gfortran.fortran-torture/execute/intrinsic_abs.f90 execution,  -O3
-fomit-frame-pointer
FAIL: gfortran.fortran-torture/execute/intrinsic_abs.f90 execution,  -O3
-fomit-frame-pointer -funroll-loops
FAIL: gfortran.fortran-torture/execute/intrinsic_abs.f90 execution,  -O3
-fomit-frame-pointer -funroll-all-loops -finline-functions
FAIL: gfortran.fortran-torture/execute/intrinsic_abs.f90 execution,  -O3 -g
FAIL: gfortran.fortran-torture/execute/intrinsic_abs.f90 execution,  -Os
FAIL: gfortran.fortran-torture/execute/strarray_3.f90 execution,  -O2
FAIL: gfortran.fortran-torture/execute/strarray_3.f90 execution,  -O3
-fomit-frame-pointer
FAIL: gfortran.fortran-torture/execute/strarray_3.f90 execution,  -O3
-fomit-frame-pointer -funroll-loops
FAIL: gfortran.fortran-torture/execute/strarray_3.f90 execution,  -O3
-fomit-frame-pointer -funroll-all-loops -finline-functions
FAIL: gfortran.fortran-torture/execute/strarray_3.f90 execution,  -O3 -g

		=== gfortran Summary for unix/-mabi=64 ===

# of expected passes		8167
# of unexpected failures	13
# of expected failures		9
# of unsupported tests		17

		=== gfortran Summary ===

# of expected passes		24440
# of unexpected failures	100
# of unexpected successes	8
# of expected failures		19
# of unsupported tests		51
/octane-3/disk1/SCRATCH/gcc-build/IRIX64/mips-sgi-irix6.5/gcc-4.0.2/gcc-4.0.2/gcc/testsuite/../gfortran
 version 4.0.2

		=== objc tests ===


Running target unix/
FAIL: objc.dg/stabs-1.m scan-assembler
(.SUBSPA.*[\$]CODE[\$]|.text"?)\\n\\t.stabs.*100,0,0,(\\\\.)?L?L[\$]?etext[0-9]*\\n(\\\\.)?L?L[\$]?etext

		=== objc Summary for unix/ ===

# of expected passes		1535
# of unexpected failures	1
# of unsupported tests		10

Running target unix/-mabi=32
FAIL: objc.dg/stabs-1.m scan-assembler
(.SUBSPA.*[\$]CODE[\$]|.text"?)\\n\\t.stabs.*100,0,0,(\\\\.)?L?L[\$]?etext[0-9]*\\n(\\\\.)?L?L[\$]?etext

		=== objc Summary for unix/-mabi=32 ===

# of expected passes		1535
# of unexpected failures	1
# of unsupported tests		10

Running target unix/-mabi=64
FAIL: objc.dg/stabs-1.m scan-assembler
(.SUBSPA.*[\$]CODE[\$]|.text"?)\\n\\t.stabs.*100,0,0,(\\\\.)?L?L[\$]?etext[0-9]*\\n(\\\\.)?L?L[\$]?etext

		=== objc Summary for unix/-mabi=64 ===

# of expected passes		1535
# of unexpected failures	1
# of unsupported tests		10

		=== objc Summary ===

# of expected passes		4605
# of unexpected failures	3
# of unsupported tests		30
/octane-3/disk1/SCRATCH/gcc-build/IRIX64/mips-sgi-irix6.5/gcc-4.0.2/gcc-4.0.2/gcc/xgcc
 version 4.0.2

		=== libstdc++ tests ===


Running target unix/
FAIL: 18_support/numeric_limits.cc execution test
FAIL: 21_strings/basic_string/inserters_extractors/wchar_t/1.cc
execution test
FAIL: 21_strings/basic_string/inserters_extractors/wchar_t/11.cc
execution test
FAIL: 21_strings/basic_string/inserters_extractors/wchar_t/5.cc
execution test
FAIL: 22_locale/ctype/cons/char/1.cc execution test
FAIL: 22_locale/ctype/is/wchar_t/1.cc execution test
FAIL: 22_locale/ctype/scan/wchar_t/1.cc execution test
FAIL: 22_locale/money_get/get/wchar_t/19.cc execution test
FAIL: 22_locale/money_get/get/wchar_t/8.cc execution test
FAIL: 27_io/basic_istream/extractors_arithmetic/wchar_t/01.cc execution test
FAIL: 27_io/basic_istream/extractors_arithmetic/wchar_t/07.cc execution test
FAIL: 27_io/basic_istream/extractors_arithmetic/wchar_t/08.cc execution test
FAIL: 27_io/basic_istream/extractors_arithmetic/wchar_t/10.cc execution test
FAIL: 27_io/basic_istream/extractors_arithmetic/wchar_t/13.cc execution test
FAIL: 27_io/basic_istream/extractors_character/wchar_t/1.cc execution test
FAIL: 27_io/basic_istream/extractors_character/wchar_t/11095-i.cc
execution test
FAIL: 27_io/basic_istream/extractors_character/wchar_t/2.cc execution test
FAIL: 27_io/basic_istream/extractors_character/wchar_t/3.cc execution test
FAIL: 27_io/basic_istream/sentry/wchar_t/2.cc execution test
FAIL: 27_io/basic_istream/ws/wchar_t/1.cc execution test

		=== libstdc++ Summary for unix/ ===

# of expected passes		3629
# of unexpected failures	20
# of expected failures		12
# of unsupported tests		10

Running target unix/-mabi=32
FAIL: 22_locale/ctype/cons/char/1.cc execution test
FAIL: 22_locale/num_get/get/char/10.cc execution test
FAIL: 27_io/basic_istream/extractors_arithmetic/char/12.cc execution test

		=== libstdc++ Summary for unix/-mabi=32 ===

# of expected passes		2569
# of unexpected failures	3
# of expected failures		11
# of unsupported tests		10

Running target unix/-mabi=64
FAIL: 18_support/numeric_limits.cc execution test
FAIL: 21_strings/basic_string/inserters_extractors/wchar_t/1.cc
execution test
FAIL: 21_strings/basic_string/inserters_extractors/wchar_t/11.cc
execution test
FAIL: 21_strings/basic_string/inserters_extractors/wchar_t/5.cc
execution test
FAIL: 22_locale/ctype/cons/char/1.cc execution test
FAIL: 22_locale/ctype/is/wchar_t/1.cc execution test
FAIL: 22_locale/ctype/scan/wchar_t/1.cc execution test
FAIL: 22_locale/money_get/get/wchar_t/19.cc execution test
FAIL: 22_locale/money_get/get/wchar_t/8.cc execution test
FAIL: 27_io/basic_istream/extractors_arithmetic/wchar_t/01.cc execution test
FAIL: 27_io/basic_istream/extractors_arithmetic/wchar_t/07.cc execution test
FAIL: 27_io/basic_istream/extractors_arithmetic/wchar_t/08.cc execution test
FAIL: 27_io/basic_istream/extractors_arithmetic/wchar_t/10.cc execution test
FAIL: 27_io/basic_istream/extractors_arithmetic/wchar_t/13.cc execution test
FAIL: 27_io/basic_istream/extractors_character/wchar_t/1.cc execution test
FAIL: 27_io/basic_istream/extractors_character/wchar_t/11095-i.cc
execution test
FAIL: 27_io/basic_istream/extractors_character/wchar_t/2.cc execution test
FAIL: 27_io/basic_istream/extractors_character/wchar_t/3.cc execution test
FAIL: 27_io/basic_istream/sentry/wchar_t/2.cc execution test
FAIL: 27_io/basic_istream/ws/wchar_t/1.cc execution test

		=== libstdc++ Summary for unix/-mabi=64 ===

# of expected passes		3629
# of unexpected failures	20
# of expected failures		12
# of unsupported tests		10

		=== libstdc++ Summary ===

# of expected passes		9827
# of unexpected failures	43
# of expected failures		35
# of unsupported tests		30

Compiler version: 4.0.2
Platform: mips-sgi-irix6.5
configure flags:
--prefix=/SCRATCH/gcc-build/IRIX64/mips-sgi-irix6.5/install
--with-gnu-as
--with-as=/SCRATCH/gcc-build/IRIX64/mips-sgi-irix6.5/install/bin/as
--with-gnu-ld
--with-ld=/SCRATCH/gcc-build/IRIX64/mips-sgi-irix6.5/install/bin/ld
--disable-shared --enable-threads=posix --enable-haifa --disable-nls
--disable-libmudflap --with-gmp=/appl/shared/gnu/IRIX64/mips-sgi-irix6.5
--with-mpfr=/appl/shared/gnu/IRIX64/mips-sgi-irix6.5
--enable-languages=c,ada,c++,f95,objc

binutils:
binutils-2.16.1


Build system:
IRIX64 octane-3 6.5 10070055 IP30 mips unknown Irix

cc for building:
gcc
gcc (GCC) 4.0.1
Copyright (C) 2005 Free Software Foundation, Inc.
This is free software; see the source for copying conditions.  There is NO
warranty; not even for MERCHANTABILITY or FITNESS FOR A PARTICULAR PURPOSE.


as for building:
GNU assembler 2.16.1
Copyright 2005 Free Software Foundation, Inc.
This program is free software; you may redistribute it under the terms of
the GNU General Public License.  This program has absolutely no warranty.
This assembler was configured for a target of \`mips-sgi-irix6.5'.

ld for building:
GNU ld version 2.16.1
Copyright 2005 Free Software Foundation, Inc.
This program is free software; you may redistribute it under the terms of
the GNU General Public License.  This program has absolutely no warranty.


Index Nav: [Date Index] [Subject Index] [Author Index] [Thread Index]
Message Nav: [Date Prev] [Date Next] [Thread Prev] [Thread Next]