This is the mail archive of the gcc-testresults@gcc.gnu.org mailing list for the GCC project.
Index Nav: | [Date Index] [Subject Index] [Author Index] [Thread Index] | |
---|---|---|
Message Nav: | [Date Prev] [Date Next] | [Thread Prev] [Thread Next] |
Other format: | [Raw text] |
LAST_UPDATED: Mon Oct 10 18:06:48 UTC 2005 === acats tests === FAIL: c34007p FAIL: c34007r FAIL: c45282b FAIL: c45651a FAIL: c48009e FAIL: c52103x FAIL: c52104x FAIL: c52104y FAIL: c64104c FAIL: ca11c01 FAIL: cd10002 FAIL: cdd2a02 FAIL: cxaa017 === acats Summary === # of expected passes 2306 # of unexpected failures 13 Native configuration is x86_64-unknown-linux-gnu === g++ tests === Running target unix FAIL: g++.dg/init/struct3.C (test for excess errors) === g++ Summary === # of expected passes 11337 # of unexpected failures 1 # of expected failures 67 # of unsupported tests 92 /home/toon/compilers/snapshots/obj/gcc/testsuite/../g++ version 4.1.0 20051010 (experimental) === gcc tests === Running target unix WARNING: Could not execute gcc.dg/compat/struct-layout-1 generator FAIL: gcc.dg/i386-sse-vect-types.c (test for errors, line 17) FAIL: gcc.dg/tree-ssa/loop-3.c scan-tree-dump-times step: 1 === gcc Summary === # of expected passes 37248 # of unexpected failures 2 # of expected failures 95 # of untested testcases 28 # of unsupported tests 458 /home/toon/compilers/snapshots/obj/gcc/xgcc version 4.1.0 20051010 (experimental) === gfortran tests === Running target unix === gfortran Summary === # of expected passes 9619 # of expected failures 7 # of unsupported tests 16 /home/toon/compilers/snapshots/obj/gcc/testsuite/../gfortran version 4.1.0 20051010 (experimental) === objc tests === Running target unix === objc Summary === # of expected passes 1672 # of unsupported tests 22 /home/toon/compilers/snapshots/obj/gcc/xgcc version 4.1.0 20051010 (experimental) === libffi tests === Running target unix === libffi Summary === # of expected passes 228 # of unsupported tests 2 === libjava tests === Running target unix === libjava Summary === # of expected passes 3968 # of expected failures 10 # of untested testcases 8 === libmudflap tests === Running target unix === libmudflap Summary === # of expected passes 1789 === libstdc++ tests === Running target unix FAIL: abi_check XPASS: 26_numerics/cmath/c99_classification_macros_c.cc (test for excess errors) XPASS: 27_io/fpos/14320-1.cc execution test === libstdc++ Summary === # of expected passes 3351 # of unexpected failures 1 # of unexpected successes 2 # of expected failures 14 # of unsupported tests 319 Compiler version: 4.1.020051010(experimental) Platform: x86_64-unknown-linux-gnu configure flags: --prefix=/usr/snp --disable-nls --disable-multilib --enable-languages=c,ada,c++,fortran,java,objc
Index Nav: | [Date Index] [Subject Index] [Author Index] [Thread Index] | |
---|---|---|
Message Nav: | [Date Prev] [Date Next] | [Thread Prev] [Thread Next] |