This is the mail archive of the
gcc-testresults@gcc.gnu.org
mailing list for the GCC project.
Results for 4.1.0 20051008 (experimental) testsuite on i686-pc-linux-gnu
- From: CodeSourcery Automatic Testing System <gcc at codesourcery dot com>
- To: gcc-testresults at gcc dot gnu dot org
- Date: Sat, 8 Oct 2005 04:57:51 -0700
- Subject: Results for 4.1.0 20051008 (experimental) testsuite on i686-pc-linux-gnu
LAST_UPDATED: Sat Oct 8 07:43:58 UTC 2005
Native configuration is i686-pc-linux-gnu
=== g++ tests ===
Running target unix
=== g++ Summary ===
# of expected passes 11419
# of expected failures 67
# of unsupported tests 62
/scratch/gcc/nightly-2005-10-08-mainline/i686-pc-linux-gnu/build_gcc/install/bin/c++ version 4.1.0 20051008 (experimental)
=== gcc tests ===
Running target unix
WARNING: Could not execute gcc.dg/compat/struct-layout-1 generator
FAIL: gcc.dg/i386-sse-vect-types.c (test for errors, line 17)
=== gcc Summary ===
# of expected passes 37400
# of unexpected failures 1
# of expected failures 96
# of untested testcases 28
# of unsupported tests 343
/scratch/gcc/nightly-2005-10-08-mainline/i686-pc-linux-gnu/build_gcc/install/bin/gcc version 4.1.0 20051008 (experimental)
=== libstdc++ tests ===
Running target unix
FAIL: 22_locale/messages/members/char/1.cc execution test
FAIL: 22_locale/messages/members/char/2.cc execution test
FAIL: 22_locale/messages/members/char/wrapped_env.cc execution test
FAIL: 22_locale/messages/members/char/wrapped_locale.cc execution test
FAIL: 22_locale/messages_byname/named_equivalence.cc execution test
FAIL: 23_containers/set/explicit_instantiation/1.cc (test for excess errors)
FAIL: 23_containers/set/explicit_instantiation/3.cc (test for excess errors)
XPASS: 26_numerics/cmath/c99_classification_macros_c.cc (test for excess errors)
=== libstdc++ Summary ===
# of expected passes 3956
# of unexpected failures 7
# of unexpected successes 1
# of expected failures 15
# of unsupported tests 5
Compiler version: 4.1.0 20051008 (experimental)
Platform: i686-pc-linux-gnu
configure flags: --disable-nls --build=i686-pc-linux-gnu --host=i686-pc-linux-gnu --target=i686-pc-linux-gnu --enable-threads=posix --disable-libmudflap --disable-libssp --with-gnu-as --with-as=/scratch/gcc/nightly-2005-10-08-mainline/i686-pc-linux-gnu/build_gcc/install/bin/as --with-gnu-ld --with-ld=/scratch/gcc/nightly-2005-10-08-mainline/i686-pc-linux-gnu/build_gcc/install/bin/ld --prefix=/scratch/gcc/nightly-2005-10-08-mainline/i686-pc-linux-gnu/build_gcc/install --enable-languages=c,c++