This is the mail archive of the
gcc-testresults@gcc.gnu.org
mailing list for the GCC project.
Results for 4.1.0 20051005 (experimental) testsuite on ia64-hp-hpux11.23
- From: CodeSourcery Automatic Testing System <gcc at codesourcery dot com>
- To: gcc-testresults at gcc dot gnu dot org
- Date: Wed, 5 Oct 2005 08:54:39 -0700
- Subject: Results for 4.1.0 20051005 (experimental) testsuite on ia64-hp-hpux11.23
LAST_UPDATED: Wed Oct 5 07:54:05 UTC 2005
Native configuration is ia64-hp-hpux11.23
=== g++ tests ===
Running target unix/-milp32
XPASS: g++.dg/other/packed1.C execution test
FAIL: g++.dg/warn/weak1.C (test for excess errors)
WARNING: g++.dg/warn/weak1.C compilation failed to produce executable
=== g++ Summary for unix/-milp32 ===
# of expected passes 10878
# of unexpected failures 1
# of unexpected successes 1
# of expected failures 71
# of unsupported tests 106
Running target unix/-mlp64
FAIL: g++.dg/init/struct3.C (test for excess errors)
XPASS: g++.dg/other/packed1.C execution test
FAIL: g++.dg/warn/weak1.C (test for excess errors)
WARNING: g++.dg/warn/weak1.C compilation failed to produce executable
=== g++ Summary for unix/-mlp64 ===
# of expected passes 10845
# of unexpected failures 2
# of unexpected successes 1
# of expected failures 71
# of unsupported tests 108
=== g++ Summary ===
# of expected passes 21723
# of unexpected failures 3
# of unexpected successes 2
# of expected failures 142
# of unsupported tests 214
/scratch/gcc/nightly-2005-10-05-mainline/ia64-hp-hpux11.23/build_gcc/install/bin/c++ version 4.1.0 20051005 (experimental)
=== gcc tests ===
Running target unix/-milp32
FAIL: gcc.c-torture/execute/pr23135.c execution, -O0
FAIL: gcc.c-torture/execute/pr23135.c execution, -O1
FAIL: gcc.c-torture/execute/pr23135.c execution, -O2
FAIL: gcc.c-torture/execute/pr23135.c execution, -O3 -fomit-frame-pointer
FAIL: gcc.c-torture/execute/pr23135.c execution, -O3 -g
FAIL: gcc.c-torture/execute/pr23135.c execution, -Os
FAIL: gcc.dg/builtin-apply4.c execution test
FAIL: largefile.c -O0 -g (test for excess errors)
FAIL: largefile.c -O0 (test for excess errors)
FAIL: largefile.c -O1 (test for excess errors)
FAIL: largefile.c -O2 (test for excess errors)
FAIL: largefile.c -O3 -fomit-frame-pointer (test for excess errors)
FAIL: largefile.c -O3 -g (test for excess errors)
FAIL: largefile.c -Os (test for excess errors)
XPASS: gcc.dg/vect/pr16105.c scan-tree-dump-times vectorized 1 loops 1
XPASS: gcc.dg/vect/pr20122.c scan-tree-dump-times vectorized 1 loops 2
XPASS: gcc.dg/vect/vect-105.c scan-tree-dump-times vectorized 1 loops 1
XPASS: gcc.dg/vect/vect-30.c scan-tree-dump-times vectorized 1 loops 2
XPASS: gcc.dg/vect/vect-42.c scan-tree-dump-times vectorized 1 loops 1
XPASS: gcc.dg/vect/vect-43.c scan-tree-dump-times vectorized 1 loops 1
XPASS: gcc.dg/vect/vect-74.c scan-tree-dump-times vectorized 1 loops 1
XPASS: gcc.dg/vect/vect-75.c scan-tree-dump-times vectorized 1 loops 1
XPASS: gcc.dg/vect/vect-76.c scan-tree-dump-times vectorized 3 loops 1
FAIL: gcc.dg/vect/vect-76.c scan-tree-dump-times vectorized 1 loops 1
XPASS: gcc.dg/vect/vect-8.c scan-tree-dump-times vectorized 1 loops 1
FAIL: gcc.dg/vect/vect-shift-1.c execution test
FAIL: gcc.dg/vect/fast-math-vect-reduc-5.c execution test
=== gcc Summary for unix/-milp32 ===
# of expected passes 36303
# of unexpected failures 17
# of unexpected successes 10
# of expected failures 128
# of untested testcases 35
# of unsupported tests 550
Running target unix/-mlp64
FAIL: gcc.c-torture/execute/pr23135.c execution, -O0
FAIL: gcc.c-torture/execute/pr23135.c execution, -O1
FAIL: gcc.c-torture/execute/pr23135.c execution, -O2
FAIL: gcc.c-torture/execute/pr23135.c execution, -O3 -fomit-frame-pointer
FAIL: gcc.c-torture/execute/pr23135.c execution, -O3 -g
FAIL: gcc.c-torture/execute/pr23135.c execution, -Os
FAIL: gcc.dg/builtin-apply4.c execution test
FAIL: largefile.c -O0 -g (test for excess errors)
FAIL: largefile.c -O0 (test for excess errors)
FAIL: largefile.c -O1 (test for excess errors)
FAIL: largefile.c -O2 (test for excess errors)
FAIL: largefile.c -O3 -fomit-frame-pointer (test for excess errors)
FAIL: largefile.c -O3 -g (test for excess errors)
FAIL: largefile.c -Os (test for excess errors)
XPASS: gcc.dg/vect/pr16105.c scan-tree-dump-times vectorized 1 loops 1
XPASS: gcc.dg/vect/pr20122.c scan-tree-dump-times vectorized 1 loops 2
XPASS: gcc.dg/vect/vect-105.c scan-tree-dump-times vectorized 1 loops 1
XPASS: gcc.dg/vect/vect-30.c scan-tree-dump-times vectorized 1 loops 2
XPASS: gcc.dg/vect/vect-42.c scan-tree-dump-times vectorized 1 loops 1
XPASS: gcc.dg/vect/vect-43.c scan-tree-dump-times vectorized 1 loops 1
XPASS: gcc.dg/vect/vect-74.c scan-tree-dump-times vectorized 1 loops 1
XPASS: gcc.dg/vect/vect-75.c scan-tree-dump-times vectorized 1 loops 1
XPASS: gcc.dg/vect/vect-76.c scan-tree-dump-times vectorized 3 loops 1
FAIL: gcc.dg/vect/vect-76.c scan-tree-dump-times vectorized 1 loops 1
XPASS: gcc.dg/vect/vect-8.c scan-tree-dump-times vectorized 1 loops 1
FAIL: gcc.dg/vect/vect-shift-1.c execution test
FAIL: gcc.dg/vect/fast-math-vect-reduc-5.c execution test
=== gcc Summary for unix/-mlp64 ===
# of expected passes 36304
# of unexpected failures 17
# of unexpected successes 10
# of expected failures 128
# of untested testcases 35
# of unsupported tests 550
=== gcc Summary ===
# of expected passes 72607
# of unexpected failures 34
# of unexpected successes 20
# of expected failures 256
# of untested testcases 70
# of unsupported tests 1100
/scratch/gcc/nightly-2005-10-05-mainline/ia64-hp-hpux11.23/build_gcc/install/bin/gcc version 4.1.0 20051005 (experimental)
=== libstdc++ tests ===
Running target unix/-milp32
=== libstdc++ Summary for unix/-milp32 ===
# of expected passes 2556
# of expected failures 13
# of unsupported tests 158
Running target unix/-mlp64
=== libstdc++ Summary for unix/-mlp64 ===
# of expected passes 2556
# of expected failures 13
# of unsupported tests 158
=== libstdc++ Summary ===
# of expected passes 5112
# of expected failures 26
# of unsupported tests 316
Compiler version: 4.1.0 20051005 (experimental)
Platform: ia64-hp-hpux11.23
configure flags: --disable-nls --build=ia64-hp-hpux11.23 --host=ia64-hp-hpux11.23 --target=ia64-hp-hpux11.23 --enable-threads=posix --disable-libmudflap --disable-libssp --with-gnu-as --with-as=/scratch/gcc/nightly-2005-10-05-mainline/ia64-hp-hpux11.23/build_gcc/install/bin/as --without-gnu-ld --with-ld=/usr/ccs/bin/ld --prefix=/scratch/gcc/nightly-2005-10-05-mainline/ia64-hp-hpux11.23/build_gcc/install --enable-languages=c,c++