This is the mail archive of the gcc-testresults@gcc.gnu.org mailing list for the GCC project.


Index Nav: [Date Index] [Subject Index] [Author Index] [Thread Index]
Message Nav: [Date Prev] [Date Next] [Thread Prev] [Thread Next]
Other format: [Raw text]

Results for 4.0.2 testsuite on sparc-sun-solaris2.7


LAST_UPDATED: Fri Sep 30 07:30:03 UTC 2005

		=== acats tests ===
FAIL:	ce3810b

		=== acats Summary ===
# of expected passes		2319
# of unexpected failures	1
Native configuration is sparc-sun-solaris2.7

		=== g++ tests ===


Running target unix

		=== g++ Summary ===

# of expected passes		10980
# of expected failures		69
# of unsupported tests		117
/opt/build/eric/gcc-4_0-branch/gcc/testsuite/../g++  version 4.0.2

		=== gcc tests ===


Running target unix

		=== gcc Summary ===

# of expected passes		34635
# of expected failures		94
# of untested testcases		28
# of unsupported tests		550
/opt/build/eric/gcc-4_0-branch/gcc/xgcc  version 4.0.2

		=== gfortran tests ===


Running target unix

		=== gfortran Summary ===

# of expected passes		8188
# of expected failures		1
# of unsupported tests		17
/opt/build/eric/gcc-4_0-branch/gcc/testsuite/../gfortran  version 4.0.2

		=== objc tests ===


Running target unix

		=== objc Summary ===

# of expected passes		1536
# of unsupported tests		10
/opt/build/eric/gcc-4_0-branch/gcc/xgcc  version 4.0.2

		=== libstdc++ tests ===


Running target unix
WARNING: program timed out.
FAIL: 21_strings/basic_string/cons/char/1.cc execution test
WARNING: program timed out.
FAIL: 21_strings/basic_string/cons/wchar_t/1.cc execution test

		=== libstdc++ Summary ===

# of expected passes		3665
# of unexpected failures	2
# of expected failures		14

Compiler version: 4.0.2 
Platform: sparc-sun-solaris2.7
configure flags: --prefix=/opt/build/eric/local --with-as=/usr/ccs/bin/as --with-ld=/usr/ccs/bin/ld --with-gmp=/opt/build/eric/local --with-mpfr=/opt/build/eric/local --with-local-prefix=/opt/build/eric/local --disable-libgcj --enable-languages=c,ada,c++,f95,java,objc


Index Nav: [Date Index] [Subject Index] [Author Index] [Thread Index]
Message Nav: [Date Prev] [Date Next] [Thread Prev] [Thread Next]