This is the mail archive of the gcc-testresults@gcc.gnu.org mailing list for the GCC project.


Index Nav: [Date Index] [Subject Index] [Author Index] [Thread Index]
Message Nav: [Date Prev] [Date Next] [Thread Prev] [Thread Next]
Other format: [Raw text]

Results for 4.0.2 testsuite on sparc-sun-solaris2.5.1


LAST_UPDATED: Fri Sep 30 07:30:03 UTC 2005

		=== acats tests ===
FAIL:	ce3810b

		=== acats Summary ===
# of expected passes		2319
# of unexpected failures	1
Native configuration is sparc-sun-solaris2.5.1

		=== g++ tests ===


Running target unix
FAIL: g++.dg/pch/externc-1.C -g assembly comparison
FAIL: g++.dg/pch/externc-1.C -O2 -g assembly comparison
FAIL: g++.dg/pch/static-1.C -g assembly comparison
FAIL: g++.dg/pch/static-1.C -O2 -g assembly comparison
FAIL: g++.dg/pch/system-1.C -g assembly comparison
FAIL: g++.dg/pch/system-1.C -O2 -g assembly comparison
FAIL: g++.dg/pch/system-2.C -g assembly comparison
FAIL: g++.dg/pch/system-2.C -O2 -g assembly comparison
FAIL: g++.dg/pch/uninst.C -g assembly comparison
FAIL: g++.dg/pch/uninst.C -O2 -g assembly comparison
FAIL: g++.dg/pch/wchar-1.C -g assembly comparison
FAIL: g++.dg/pch/wchar-1.C -O2 -g assembly comparison

		=== g++ Summary ===

# of expected passes		10770
# of unexpected failures	12
# of expected failures		69
# of unsupported tests		117
/opt/build/eric/gcc-4_0-branch/gcc/testsuite/../g++  version 4.0.2

		=== gcc tests ===


Running target unix
WARNING: Could not compile gcc.dg/compat/struct-layout-1 generator

		=== gcc Summary ===

# of expected passes		34177
# of expected failures		94
# of untested testcases		28
# of unsupported tests		550
/opt/build/eric/gcc-4_0-branch/gcc/xgcc  version 4.0.2

		=== gfortran tests ===


Running target unix

		=== gfortran Summary ===

# of expected passes		8188
# of expected failures		1
# of unsupported tests		17
/opt/build/eric/gcc-4_0-branch/gcc/testsuite/../gfortran  version 4.0.2

		=== objc tests ===


Running target unix

		=== objc Summary ===

# of expected passes		1536
# of unsupported tests		10
/opt/build/eric/gcc-4_0-branch/gcc/xgcc  version 4.0.2

		=== libstdc++ tests ===


Running target unix
WARNING: program timed out.
FAIL: 21_strings/basic_string/cons/char/1.cc execution test
FAIL: 22_locale/ctype/is/char/3.cc execution test
FAIL: 23_containers/vector/resize/1.cc execution test
FAIL: 27_io/basic_filebuf/sgetn/char/1-in.cc execution test
FAIL: 27_io/basic_filebuf/sgetn/char/1-io.cc execution test
FAIL: 27_io/basic_filebuf/sgetn/char/2-in.cc execution test
FAIL: 27_io/basic_filebuf/sgetn/char/2-io.cc execution test
FAIL: 27_io/basic_istream/readsome/char/6746-2.cc execution test
FAIL: 27_io/ios_base/storage/2.cc execution test

		=== libstdc++ Summary ===

# of expected passes		2582
# of unexpected failures	9
# of expected failures		12

Compiler version: 4.0.2 
Platform: sparc-sun-solaris2.5.1
configure flags: --prefix=/opt/build/eric/local --with-as=/usr/ccs/bin/as --with-ld=/usr/ccs/bin/ld --with-gmp=/opt/build/eric/local --with-mpfr=/opt/build/eric/local --with-local-prefix=/opt/build/eric/local --enable-languages=c,ada,c++,f95,java,objc
BOOT_CFLAGS=-g -O2


Index Nav: [Date Index] [Subject Index] [Author Index] [Thread Index]
Message Nav: [Date Prev] [Date Next] [Thread Prev] [Thread Next]