This is the mail archive of the gcc-testresults@gcc.gnu.org mailing list for the GCC project.


Index Nav: [Date Index] [Subject Index] [Author Index] [Thread Index]
Message Nav: [Date Prev] [Date Next] [Thread Prev] [Thread Next]
Other format: [Raw text]

Results for 4.0.2 testsuite on powerpc64-unknown-linux-gnu (RHEL3)


Red Hat Enterprise Linux AS release 3 (Taroon Update 5)

Linux 2.4.21-17.EL ppc64
GNU C Library stable release version 2.3.2
GNU ld version 2.16
GNU assembler 2.16
GNU Make version 3.79.1

DejaGnu:
	Expect version is	5.40.0
	Tcl version is		8.4
	Framework version is	1.4.4

32-bit biarch default32

LAST_UPDATED: Obtained from CVS: -rgcc_4_0_2_release 

This hardware does not support VMX instructions.

Native configuration is powerpc64-unknown-linux-gnu

		=== gcc tests ===


Running target unix/-m32
FAIL: gcc.dg/declspec-13.c  (test for errors, line 86)
FAIL: gcc.dg/declspec-13.c (test for excess errors)

		=== gcc Summary for unix/-m32 ===

# of expected passes		36411
# of unexpected failures	2
# of expected failures		94
# of untested testcases		28
# of unsupported tests		460

Running target unix/-m64

		=== gcc Summary for unix/-m64 ===

# of expected passes		36419
# of expected failures		101
# of untested testcases		28
# of unsupported tests		457

		=== gcc Summary ===

# of expected passes		72830
# of unexpected failures	2
# of expected failures		195
# of untested testcases		56
# of unsupported tests		917
/home/gccbuild/build/release/build-gcc-4.0.2/gcc/xgcc  version 4.0.2

		=== gfortran tests ===


Running target unix/-m32

		=== gfortran Summary for unix/-m32 ===

# of expected passes		8188
# of expected failures		1
# of unsupported tests		17

Running target unix/-m64
FAIL: gfortran.dg/f2c_2.f90  -O0  execution test
FAIL: gfortran.dg/f2c_2.f90  -O1  execution test
FAIL: gfortran.dg/f2c_2.f90  -O2  execution test
FAIL: gfortran.dg/f2c_2.f90  -O3 -fomit-frame-pointer  execution test
FAIL: gfortran.dg/f2c_2.f90  -O3 -fomit-frame-pointer -funroll-loops  execution test
FAIL: gfortran.dg/f2c_2.f90  -O3 -fomit-frame-pointer -funroll-all-loops -finline-functions  execution test
FAIL: gfortran.dg/f2c_2.f90  -O3 -g  execution test
FAIL: gfortran.dg/f2c_2.f90  -Os  execution test
FAIL: gfortran.dg/namelist_14.f90  -O0  (test for excess errors)
WARNING: gfortran.dg/namelist_14.f90  -O0  compilation failed to produce executable
FAIL: gfortran.dg/g77/cabs.f  -O0  execution test
FAIL: gfortran.dg/g77/cabs.f  -O1  execution test
FAIL: gfortran.dg/g77/cabs.f  -O2  execution test
FAIL: gfortran.dg/g77/cabs.f  -O3 -fomit-frame-pointer  execution test
FAIL: gfortran.dg/g77/cabs.f  -O3 -fomit-frame-pointer -funroll-loops  execution test
FAIL: gfortran.dg/g77/cabs.f  -O3 -fomit-frame-pointer -funroll-all-loops -finline-functions  execution test
FAIL: gfortran.dg/g77/cabs.f  -O3 -g  execution test
FAIL: gfortran.dg/g77/cabs.f  -Os  execution test
FAIL: gfortran.fortran-torture/execute/intrinsic_abs.f90 execution,  -O0 
FAIL: gfortran.fortran-torture/execute/intrinsic_abs.f90 execution,  -O1 
FAIL: gfortran.fortran-torture/execute/intrinsic_abs.f90 execution,  -O2 
FAIL: gfortran.fortran-torture/execute/intrinsic_abs.f90 execution,  -O3 -fomit-frame-pointer 
FAIL: gfortran.fortran-torture/execute/intrinsic_abs.f90 execution,  -O3 -fomit-frame-pointer -funroll-loops 
FAIL: gfortran.fortran-torture/execute/intrinsic_abs.f90 execution,  -O3 -fomit-frame-pointer -funroll-all-loops -finline-functions 
FAIL: gfortran.fortran-torture/execute/intrinsic_abs.f90 execution,  -O3 -g 
FAIL: gfortran.fortran-torture/execute/intrinsic_abs.f90 execution,  -Os 
FAIL: gfortran.fortran-torture/execute/power.f90 execution,  -O0 
FAIL: gfortran.fortran-torture/execute/power.f90 execution,  -O1 
FAIL: gfortran.fortran-torture/execute/power.f90 execution,  -O2 
FAIL: gfortran.fortran-torture/execute/power.f90 execution,  -O3 -fomit-frame-pointer 
FAIL: gfortran.fortran-torture/execute/power.f90 execution,  -O3 -fomit-frame-pointer -funroll-loops 
FAIL: gfortran.fortran-torture/execute/power.f90 execution,  -O3 -fomit-frame-pointer -funroll-all-loops -finline-functions 
FAIL: gfortran.fortran-torture/execute/power.f90 execution,  -O3 -g 
FAIL: gfortran.fortran-torture/execute/power.f90 execution,  -Os 

		=== gfortran Summary for unix/-m64 ===

# of expected passes		8154
# of unexpected failures	33
# of expected failures		1
# of unsupported tests		17

		=== gfortran Summary ===

# of expected passes		16342
# of unexpected failures	33
# of expected failures		2
# of unsupported tests		34
/home/gccbuild/build/release/build-gcc-4.0.2/gcc/testsuite/../gfortran  version 4.0.2

		=== g++ tests ===


Running target unix/-m32
FAIL: g++.dg/template/array14.C (test for excess errors)
FAIL: g++.old-deja/g++.mike/p700.C  (test for errors, line 658)
FAIL: g++.old-deja/g++.mike/p700.C  (test for errors, line 659)
FAIL: g++.old-deja/g++.mike/p700.C (test for excess errors)

		=== g++ Summary for unix/-m32 ===

# of expected passes		11156
# of unexpected failures	4
# of expected failures		68
# of unsupported tests		76

Running target unix/-m64
FAIL: g++.dg/template/array14.C (test for excess errors)
FAIL: g++.old-deja/g++.mike/p700.C  (test for errors, line 658)
FAIL: g++.old-deja/g++.mike/p700.C  (test for errors, line 659)
FAIL: g++.old-deja/g++.mike/p700.C (test for excess errors)

		=== g++ Summary for unix/-m64 ===

# of expected passes		11118
# of unexpected failures	4
# of expected failures		68
# of unsupported tests		79

		=== g++ Summary ===

# of expected passes		22274
# of unexpected failures	8
# of expected failures		136
# of unsupported tests		155
/home/gccbuild/build/release/build-gcc-4.0.2/gcc/testsuite/../g++  version 4.0.2

		=== objc tests ===


Running target unix/-m32

		=== objc Summary for unix/-m32 ===

# of expected passes		1536
# of unsupported tests		10

Running target unix/-m64

		=== objc Summary for unix/-m64 ===

# of expected passes		1536
# of unsupported tests		10

		=== objc Summary ===

# of expected passes		3072
# of unsupported tests		20
/home/gccbuild/build/release/build-gcc-4.0.2/gcc/xgcc  version 4.0.2

		=== libffi tests ===


Running target unix/-m32

		=== libffi Summary for unix/-m32 ===

# of expected passes		219
# of unsupported tests		2

Running target unix/-m64
FAIL: libffi.call/float3.c execution test

		=== libffi Summary for unix/-m64 ===

# of expected passes		218
# of unexpected failures	1
# of unsupported tests		2

		=== libffi Summary ===

# of expected passes		437
# of unexpected failures	1
# of unsupported tests		4
		=== libjava tests ===


Running target unix/-m32

		=== libjava Summary for unix/-m32 ===

# of expected passes		3814
# of expected failures		14
# of untested testcases		16

Running target unix/-m64
FAIL: PR16923.c compilation
FAIL: Array_3 -O3 execution - bytecode->native test

		=== libjava Summary for unix/-m64 ===

# of expected passes		3810
# of unexpected failures	2
# of expected failures		14
# of untested testcases		17

		=== libjava Summary ===

# of expected passes		7624
# of unexpected failures	2
# of expected failures		28
# of untested testcases		33
		=== libmudflap tests ===


Running target unix/-m32

		=== libmudflap Summary for unix/-m32 ===

# of expected passes		1288

Running target unix/-m64
FAIL: libmudflap.c/fail27-frag.c output pattern test
FAIL: libmudflap.c/fail27-frag.c (-O2) output pattern test
FAIL: libmudflap.c/fail27-frag.c (-O3) output pattern test

		=== libmudflap Summary for unix/-m64 ===

# of expected passes		1285
# of unexpected failures	3

		=== libmudflap Summary ===

# of expected passes		2573
# of unexpected failures	3
		=== libstdc++ tests ===


Running target unix/-m32
FAIL: abi_check
XPASS: 22_locale/locale/cons/12658_thread-1.cc execution test
XPASS: 26_numerics/cmath/c99_classification_macros_c.cc (test for excess errors)
XPASS: ext/array_allocator/2.cc execution test

		=== libstdc++ Summary for unix/-m32 ===

# of expected passes		3666
# of unexpected failures	1
# of unexpected successes	3
# of expected failures		12

Running target unix/-m64
FAIL: abi_check
XPASS: 22_locale/locale/cons/12658_thread-1.cc execution test
FAIL: 22_locale/messages/members/char/1.cc execution test
FAIL: 22_locale/messages/members/char/2.cc execution test
FAIL: 22_locale/messages/members/char/wrapped_env.cc execution test
FAIL: 22_locale/messages/members/char/wrapped_locale.cc execution test
FAIL: 22_locale/messages_byname/named_equivalence.cc execution test
XPASS: 26_numerics/cmath/c99_classification_macros_c.cc (test for excess errors)
XPASS: 27_io/fpos/14320-1.cc execution test
XPASS: ext/array_allocator/2.cc execution test

		=== libstdc++ Summary for unix/-m64 ===

# of expected passes		3658
# of unexpected failures	6
# of unexpected successes	4
# of expected failures		14

		=== libstdc++ Summary ===

# of expected passes		7324
# of unexpected failures	7
# of unexpected successes	7
# of expected failures		26

Compiler version: 4.0.2 
Platform: powerpc64-unknown-linux-gnu
configure flags: --prefix=/opt/gcc-nightly/gcc-4.0.2 --build=powerpc64-linux --host=powerpc64-linux --target=powerpc64-linux --with-cpu=default32 --with-as=/opt/gcc-nightly/binutils-2.16/bin/as --with-ld=/opt/gcc-nightly/binutils-2.16/bin/ld --enable-threads=posix --enable-shared --enable-__cxa_atexit --with-mpfr=/opt/gcc-nightly/gmp-4.1.4 --enable-languages=c,c++,f95,java,objc


Index Nav: [Date Index] [Subject Index] [Author Index] [Thread Index]
Message Nav: [Date Prev] [Date Next] [Thread Prev] [Thread Next]