This is the mail archive of the gcc-testresults@gcc.gnu.org mailing list for the GCC project.


Index Nav: [Date Index] [Subject Index] [Author Index] [Thread Index]
Message Nav: [Date Prev] [Date Next] [Thread Prev] [Thread Next]
Other format: [Raw text]

Results for 4.0.2 testsuite on powerpc64-unknown-linux-gnu (RHEL4)


Red Hat Enterprise Linux AS release 4 (Nahant Update 1)

Linux 2.6.9-5.EL ppc64
GNU C Library stable release version 2.3.4
GNU ld version 2.15.92.0.2 20040927
GNU assembler 2.15.92.0.2 20040927
GNU Make 3.80

DejaGnu:
	Expect version is	5.40.0
	Tcl version is		8.4
	Framework version is	1.4.4

32-bit biarch default32

LAST_UPDATED: Obtained from CVS: -rgcc_4_0_2_release 

This hardware supports VMX instructions.

Native configuration is powerpc64-unknown-linux-gnu

		=== gcc tests ===


Running target unix/-m32

		=== gcc Summary for unix/-m32 ===

# of expected passes		36896
# of expected failures		94
# of untested testcases		28
# of unsupported tests		460

Running target unix/-m64

		=== gcc Summary for unix/-m64 ===

# of expected passes		36902
# of expected failures		101
# of untested testcases		28
# of unsupported tests		457

		=== gcc Summary ===

# of expected passes		73798
# of expected failures		195
# of untested testcases		56
# of unsupported tests		917
/home/janis/build/release/build-gcc-4.0.2/gcc/xgcc  version 4.0.2

		=== gfortran tests ===


Running target unix/-m32

		=== gfortran Summary for unix/-m32 ===

# of expected passes		8188
# of expected failures		1
# of unsupported tests		17

Running target unix/-m64
FAIL: gfortran.dg/namelist_14.f90  -O0  (test for excess errors)
WARNING: gfortran.dg/namelist_14.f90  -O0  compilation failed to produce executable

		=== gfortran Summary for unix/-m64 ===

# of expected passes		8186
# of unexpected failures	1
# of expected failures		1
# of unsupported tests		17

		=== gfortran Summary ===

# of expected passes		16374
# of unexpected failures	1
# of expected failures		2
# of unsupported tests		34
/home/janis/build/release/build-gcc-4.0.2/gcc/testsuite/../gfortran  version 4.0.2

		=== g++ tests ===


Running target unix/-m32
FAIL: g++.dg/template/array14.C (test for excess errors)

		=== g++ Summary for unix/-m32 ===

# of expected passes		11159
# of unexpected failures	1
# of expected failures		68
# of unsupported tests		76

Running target unix/-m64
FAIL: g++.dg/template/array14.C (test for excess errors)
FAIL: g++.old-deja/g++.other/comdat4.C (test for excess errors)

		=== g++ Summary for unix/-m64 ===

# of expected passes		11120
# of unexpected failures	2
# of expected failures		68
# of unsupported tests		79

		=== g++ Summary ===

# of expected passes		22279
# of unexpected failures	3
# of expected failures		136
# of unsupported tests		155
/home/janis/build/release/build-gcc-4.0.2/gcc/testsuite/../g++  version 4.0.2

		=== objc tests ===


Running target unix/-m32

		=== objc Summary for unix/-m32 ===

# of expected passes		1536
# of unsupported tests		10

Running target unix/-m64

		=== objc Summary for unix/-m64 ===

# of expected passes		1536
# of unsupported tests		10

		=== objc Summary ===

# of expected passes		3072
# of unsupported tests		20
/home/janis/build/release/build-gcc-4.0.2/gcc/xgcc  version 4.0.2

		=== libffi tests ===


Running target unix/-m32

		=== libffi Summary for unix/-m32 ===

# of expected passes		219
# of unsupported tests		2

Running target unix/-m64
FAIL: libffi.call/float3.c execution test

		=== libffi Summary for unix/-m64 ===

# of expected passes		218
# of unexpected failures	1
# of unsupported tests		2

		=== libffi Summary ===

# of expected passes		437
# of unexpected failures	1
# of unsupported tests		4
		=== libjava tests ===


Running target unix/-m32

		=== libjava Summary for unix/-m32 ===

# of expected passes		3814
# of expected failures		14
# of untested testcases		16

Running target unix/-m64
FAIL: PR16923.c compilation
FAIL: Array_3 -O3 execution - bytecode->native test

		=== libjava Summary for unix/-m64 ===

# of expected passes		3810
# of unexpected failures	2
# of expected failures		14
# of untested testcases		17

		=== libjava Summary ===

# of expected passes		7624
# of unexpected failures	2
# of expected failures		28
# of untested testcases		33
		=== libmudflap tests ===


Running target unix/-m32
WARNING: program timed out.
FAIL: libmudflap.cth/pass37-frag.c execution test
FAIL: libmudflap.cth/pass37-frag.c output pattern test
WARNING: program timed out.
FAIL: libmudflap.cth/pass37-frag.c (rerun 1) execution test
FAIL: libmudflap.cth/pass37-frag.c (rerun 1) output pattern test
WARNING: program timed out.
FAIL: libmudflap.cth/pass37-frag.c (rerun 7) execution test
FAIL: libmudflap.cth/pass37-frag.c (rerun 7) output pattern test
WARNING: program timed out.
FAIL: libmudflap.cth/pass37-frag.c (rerun 8) execution test
FAIL: libmudflap.cth/pass37-frag.c (rerun 8) output pattern test
WARNING: program timed out.
FAIL: libmudflap.cth/pass37-frag.c (rerun 9) execution test
FAIL: libmudflap.cth/pass37-frag.c (rerun 9) output pattern test
WARNING: program timed out.
FAIL: libmudflap.cth/pass37-frag.c (rerun 10) execution test
FAIL: libmudflap.cth/pass37-frag.c (rerun 10) output pattern test
WARNING: program timed out.
FAIL: libmudflap.cth/pass37-frag.c (rerun 17) execution test
FAIL: libmudflap.cth/pass37-frag.c (rerun 17) output pattern test
WARNING: program timed out.
FAIL: libmudflap.cth/pass37-frag.c (rerun 18) execution test
FAIL: libmudflap.cth/pass37-frag.c (rerun 18) output pattern test
WARNING: program timed out.
FAIL: libmudflap.cth/pass37-frag.c (rerun 19) execution test
FAIL: libmudflap.cth/pass37-frag.c (rerun 19) output pattern test
WARNING: program timed out.
FAIL: libmudflap.cth/pass39-frag.c execution test
FAIL: libmudflap.cth/pass39-frag.c output pattern test
WARNING: program timed out.
FAIL: libmudflap.cth/pass39-frag.c (rerun 2) execution test
FAIL: libmudflap.cth/pass39-frag.c (rerun 2) output pattern test
WARNING: program timed out.
FAIL: libmudflap.cth/pass39-frag.c (rerun 4) execution test
FAIL: libmudflap.cth/pass39-frag.c (rerun 4) output pattern test
WARNING: program timed out.
FAIL: libmudflap.cth/pass39-frag.c (rerun 6) execution test
FAIL: libmudflap.cth/pass39-frag.c (rerun 6) output pattern test
FAIL: libmudflap.cth/pass40-frag.c execution test
FAIL: libmudflap.cth/pass40-frag.c output pattern test
WARNING: program timed out.
FAIL: libmudflap.cth/pass39-frag.c (-O2) (rerun 2) execution test
FAIL: libmudflap.cth/pass39-frag.c (-O2) (rerun 2) output pattern test
FAIL: libmudflap.cth/pass40-frag.c (-O2) execution test
FAIL: libmudflap.cth/pass40-frag.c (-O2) output pattern test
FAIL: libmudflap.cth/pass40-frag.c (-O3) execution test
FAIL: libmudflap.cth/pass40-frag.c (-O3) output pattern test

		=== libmudflap Summary for unix/-m32 ===

# of expected passes		1254
# of unexpected failures	34

Running target unix/-m64
FAIL: libmudflap.c/fail27-frag.c output pattern test
FAIL: libmudflap.c/fail27-frag.c (-O2) output pattern test
FAIL: libmudflap.c/fail27-frag.c (-O3) output pattern test

		=== libmudflap Summary for unix/-m64 ===

# of expected passes		1285
# of unexpected failures	3

		=== libmudflap Summary ===

# of expected passes		2539
# of unexpected failures	37
		=== libstdc++ tests ===


Running target unix/-m32
FAIL: abi_check
XPASS: 22_locale/locale/cons/12658_thread-1.cc execution test
XPASS: 26_numerics/cmath/c99_classification_macros_c.cc (test for excess errors)
XPASS: ext/array_allocator/2.cc execution test

		=== libstdc++ Summary for unix/-m32 ===

# of expected passes		3666
# of unexpected failures	1
# of unexpected successes	3
# of expected failures		12

Running target unix/-m64
FAIL: abi_check
XPASS: 22_locale/locale/cons/12658_thread-1.cc execution test
FAIL: 22_locale/messages/members/char/1.cc execution test
FAIL: 22_locale/messages/members/char/2.cc execution test
FAIL: 22_locale/messages/members/char/wrapped_env.cc execution test
FAIL: 22_locale/messages/members/char/wrapped_locale.cc execution test
FAIL: 22_locale/messages_byname/named_equivalence.cc execution test
XPASS: 26_numerics/cmath/c99_classification_macros_c.cc (test for excess errors)
XPASS: 27_io/fpos/14320-1.cc execution test
XPASS: ext/array_allocator/2.cc execution test

		=== libstdc++ Summary for unix/-m64 ===

# of expected passes		3661
# of unexpected failures	6
# of unexpected successes	4
# of expected failures		11

		=== libstdc++ Summary ===

# of expected passes		7327
# of unexpected failures	7
# of unexpected successes	7
# of expected failures		23

Compiler version: 4.0.2 
Platform: powerpc64-unknown-linux-gnu
configure flags: --prefix=/home/janis/tools/gcc-4.0.2 --build=powerpc64-linux --host=powerpc64-linux --target=powerpc64-linux --with-cpu=default32 --with-as=/usr/bin/as --with-ld=/usr/bin/ld --enable-threads=posix --enable-shared --enable-__cxa_atexit --with-mpfr=/home/janis/tools/gmp32 --enable-languages=c,c++,f95,java,objc


Index Nav: [Date Index] [Subject Index] [Author Index] [Thread Index]
Message Nav: [Date Prev] [Date Next] [Thread Prev] [Thread Next]