This is the mail archive of the gcc-testresults@gcc.gnu.org mailing list for the GCC project.


Index Nav: [Date Index] [Subject Index] [Author Index] [Thread Index]
Message Nav: [Date Prev] [Date Next] [Thread Prev] [Thread Next]
Other format: [Raw text]

Results for 4.1.0 20050929 (experimental) testsuite onx86_64-unknown-linux-gnu


With Richard Kenner's stor-layout.c patch

LAST_UPDATED: Thu Sep 29 18:44:51 UTC 2005

		=== acats tests ===
FAIL:	c34007p
FAIL:	c34007r
FAIL:	c45282b
FAIL:	c48009e
FAIL:	c52103x
FAIL:	c52104x
FAIL:	c52104y
FAIL:	c64104c
FAIL:	ca11c01
FAIL:	cd10002
FAIL:	cdd2a02

		=== acats Summary ===
# of expected passes		2308
# of unexpected failures	11
Native configuration is x86_64-unknown-linux-gnu

		=== gcc tests ===


Running target unix
FAIL: gcc.dg/cpp/arith-3.c  (test for bogus messages, line 257)
FAIL: gcc.dg/asm-1.c (test for excess errors)
FAIL: gcc.dg/tree-ssa/loop-3.c scan-tree-dump-times step: 1

		=== gcc Summary ===

# of expected passes		37246
# of unexpected failures	3
# of expected failures		95
# of untested testcases		28
# of unsupported tests		459
/home/guerby/work/gcc/build/build-20050929T205111/gcc/xgcc  version 4.1.0 20050929 (experimental)


Compiler version: 4.1.0 20050929 (experimental) 
Platform: x86_64-unknown-linux-gnu
configure flags: --prefix=/home/guerby/work/gcc/install/install-20050929T205111 --enable-__cxa_atexit --disable-nls --enable-threads=posix --disable-multilib --enable-checking --enable-languages=c,ada



Index Nav: [Date Index] [Subject Index] [Author Index] [Thread Index]
Message Nav: [Date Prev] [Date Next] [Thread Prev] [Thread Next]