This is the mail archive of the gcc-testresults@gcc.gnu.org mailing list for the GCC project.


Index Nav: [Date Index] [Subject Index] [Author Index] [Thread Index]
Message Nav: [Date Prev] [Date Next] [Thread Prev] [Thread Next]
Other format: [Raw text]

Results for 4.0.2 testsuite on i686-pc-linux-gnu


LAST_UPDATED: Obtained from CVS: -rgcc_4_0_2_release 

Native configuration is i686-pc-linux-gnu

		=== g++ tests ===


Running target unix
FAIL: g++.dg/template/array14.C (test for excess
errors)
XPASS: g++.old-deja/g++.other/init5.C execution test

		=== g++ Summary ===

# of expected passes		11130
# of unexpected failures	1
# of unexpected successes	1
# of expected failures		68
# of unsupported tests		56
/sources/gcc-4.0.2/obj/gcc/testsuite/../g++  version
4.0.2

		=== gcc tests ===


Running target unix
XPASS: gcc.dg/cpp/cmdlne-dI-M.c scan-file
(^|\\\\n)cmdlne-dI-M.*:[^\\\\n]*cmdlne-dI-M.c
XPASS: gcc.dg/cpp/cmdlne-dM-M.c scan-file
(^|\\\\n)cmdlne-dM-M[^\\\\n]*:[^\\\\n]*cmdlne-dM-M.c
XPASS: gcc.dg/vect/vect-22.c scan-tree-dump-times
vectorized 3 loops 1

		=== gcc Summary ===

# of expected passes		35255
# of unexpected successes	3
# of expected failures		92
# of untested testcases		28
# of unsupported tests		328
/sources/gcc-4.0.2/obj/gcc/xgcc  version 4.0.2

		=== libstdc++ tests ===


Running target unix
XPASS: 22_locale/locale/cons/12658_thread-1.cc
execution test
XPASS:
26_numerics/cmath/c99_classification_macros_c.cc (test
for excess errors)

		=== libstdc++ Summary ===

# of expected passes		3668
# of unexpected successes	2
# of expected failures		12

Compiler version: 4.0.2 
Platform: i686-pc-linux-gnu
configure flags: --prefix=/usr --enable-clocale=gnu
--enable-shared --enable-threads=posix
--enable-__cxa_atexit --libexecdir=/usr/lib
--infodir=/usr/share/info --mandir=/usr/share/man
--disable-libmudflap --disable-checking
--enable-languages=c,c++



		
___________________________________________________________ 
To help you stay safe and secure online, we've developed the all new Yahoo! Security Centre. http://uk.security.yahoo.com


Index Nav: [Date Index] [Subject Index] [Author Index] [Thread Index]
Message Nav: [Date Prev] [Date Next] [Thread Prev] [Thread Next]